000
CDAK48 PAFC 220052
CLICDB


CLIMATE REPORT
NATIONAL WEATHER SERVICE ANCHORAGE, AK
450 PM AKDT MON OCT 21 2019


...................................

...THE COLD BAY CLIMATE SUMMARY FOR OCTOBER 21 2019...
VALID TODAY AS OF 0400 PM LOCAL TIME.

CLIMATE NORMAL PERIOD 1981 TO 2010
CLIMATE RECORD PERIOD 1942 TO 2019


WEATHER ITEM   OBSERVED TIME   RECORD YEAR NORMAL DEPARTURE LAST
                VALUE   (LST)  VALUE       VALUE  FROM      YEAR
                                                  NORMAL
..................................................................
TEMPERATURE (F)
 TODAY
  MAXIMUM         49    259 PM  54    1981  44      5       47
  MINIMUM         31    903 AM  21    2008  34     -3       42
  AVERAGE         40                        39      1       45

PRECIPITATION (IN)
  TODAY            0.00          1.13 1995   0.15  -0.15     0.62
  MONTH TO DATE    3.74                      3.27   0.47     5.54
  SINCE SEP 1      9.37                      8.00   1.37     9.03
  SINCE JAN 1     37.44                     30.74   6.70    35.74

SNOWFALL (IN)
  TODAY            0.0           2.7  1977   0.1   -0.1      0.0
  MONTH TO DATE    0.0                       1.0   -1.0      0.0
  SINCE SEP 1      0.0                       1.0   -1.0      0.0
  SINCE JUL 1      0.0                       1.0   -1.0      0.0
  SNOW DEPTH       0

DEGREE DAYS
 HEATING
  TODAY           25                        26     -1       20
  MONTH TO DATE  419                       491    -72      374
  SINCE SEP 1    802                       998   -196      785
  SINCE JUL 1   1329                      1837   -508     1537

 COOLING
  TODAY            0                         0      0        0
  MONTH TO DATE    0                         0      0        0
  SINCE SEP 1      0                         0      0        0
  SINCE JAN 1      0                         0      0        0
..................................................................


WIND (MPH)
  RESULTANT WIND SPEED   7   RESULTANT WIND DIRECTION   S (190)
  HIGHEST WIND SPEED    24   HIGHEST WIND DIRECTION    SW (230)
  HIGHEST GUST SPEED    30   HIGHEST GUST DIRECTION    SW (220)
  AVERAGE WIND SPEED     9.8



WEATHER CONDITIONS
 THE FOLLOWING WEATHER WAS RECORDED TODAY.
  NO SIGNIFICANT WEATHER WAS OBSERVED.


RELATIVE HUMIDITY (PERCENT)
 HIGHEST    89
 LOWEST     66
 AVERAGE    78

..........................................................


THE COLD BAY CLIMATE NORMALS FOR TOMORROW
                         NORMAL    RECORD    YEAR
 MAXIMUM TEMPERATURE (F)   44        55      1989
 MINIMUM TEMPERATURE (F)   34        21      2017
                                             2008


SUNRISE AND SUNSET
OCTOBER 21 2019.......SUNRISE   933 AM AKDT  SUNSET   737 PM AKDT
OCTOBER 22 2019.......SUNRISE   935 AM AKDT  SUNSET   735 PM AKDT


-  INDICATES NEGATIVE NUMBERS.
R  INDICATES RECORD WAS SET OR TIED.
MM INDICATES DATA IS MISSING.
T  INDICATES TRACE AMOUNT.




$$
