227
CDAK48 PAFC 210055
CLICDB


CLIMATE REPORT
NATIONAL WEATHER SERVICE ANCHORAGE, AK
455 PM AKDT WED JUN 20 2018


...................................

...THE COLD BAY CLIMATE SUMMARY FOR JUNE 20 2018...
VALID TODAY AS OF 0400 PM LOCAL TIME.

CLIMATE NORMAL PERIOD 1981 TO 2010
CLIMATE RECORD PERIOD 1942 TO 2018


WEATHER ITEM   OBSERVED TIME   RECORD YEAR NORMAL DEPARTURE LAST
                VALUE   (LST)  VALUE       VALUE  FROM      YEAR
                                                  NORMAL
..................................................................
TEMPERATURE (F)
 TODAY
  MAXIMUM         50   1251 PM  64    1975  52     -2       55
                                      1962
  MINIMUM         43   1207 AM  34    1985  43      0       46
                                      1971
  AVERAGE         47                        47      0       51

PRECIPITATION (IN)
  TODAY            0.06          0.70 1992   0.09  -0.03      T
  MONTH TO DATE    1.85                      1.88  -0.03     1.35
  SINCE MAR 1     11.41                      9.60   1.81     4.34
  SINCE JAN 1     17.26                     15.74   1.52    11.32

SNOWFALL (IN)
  TODAY            0.0          MM      MM   0.0    0.0      0.0
  MONTH TO DATE    0.0                       0.0    0.0      0.0
  SINCE MAR 1      6.2                      20.9  -14.7      2.9
  SINCE JUL 1     41.4                      73.1  -31.7     39.5
  SNOW DEPTH       0

DEGREE DAYS
 HEATING
  TODAY           18                        18      0       14
  MONTH TO DATE  348                       394    -46      352
  SINCE JUN 1    348                       394    -46      352
  SINCE JUL 1   8342                      9390  -1048     8674

 COOLING
  TODAY            0                         0      0        0
  MONTH TO DATE    0                         0      0        0
  SINCE JUN 1      0                         0      0        0
  SINCE JAN 1      0                         0      0        0
..................................................................


WIND (MPH)
  RESULTANT WIND SPEED   3   RESULTANT WIND DIRECTION   S (180)
  HIGHEST WIND SPEED    14   HIGHEST WIND DIRECTION     W (290)
  HIGHEST GUST SPEED    16   HIGHEST GUST DIRECTION     W (280)
  AVERAGE WIND SPEED     7.6



WEATHER CONDITIONS
 THE FOLLOWING WEATHER WAS RECORDED TODAY.
  LIGHT RAIN
  FOG


RELATIVE HUMIDITY (PERCENT)
 HIGHEST   100
 LOWEST     83
 AVERAGE    92

..........................................................


THE COLD BAY CLIMATE NORMALS FOR TOMORROW
                         NORMAL    RECORD    YEAR
 MAXIMUM TEMPERATURE (F)   52        61      2012
                                             1983
 MINIMUM TEMPERATURE (F)   43        34      1971
                                             1956


SUNRISE AND SUNSET
JUNE 20 2018..........SUNRISE   610 AM AKDT  SUNSET  1135 PM AKDT
JUNE 21 2018..........SUNRISE   610 AM AKDT  SUNSET  1136 PM AKDT


-  INDICATES NEGATIVE NUMBERS.
R  INDICATES RECORD WAS SET OR TIED.
MM INDICATES DATA IS MISSING.
T  INDICATES TRACE AMOUNT.




$$
