000
CDAK48 PAFC 281316
CLICDB


CLIMATE REPORT
NATIONAL WEATHER SERVICE ANCHORAGE, AK
516 AM AKDT WED OCT 28 2020


...................................

...THE COLD BAY CLIMATE SUMMARY FOR OCTOBER 27 2020...

CLIMATE NORMAL PERIOD 1981 TO 2010
CLIMATE RECORD PERIOD 1942 TO 2020


WEATHER ITEM   OBSERVED TIME   RECORD YEAR NORMAL DEPARTURE LAST
                VALUE   (LST)  VALUE       VALUE  FROM      YEAR
                                                  NORMAL
..................................................................
TEMPERATURE (F)
 YESTERDAY
  MAXIMUM         45    229 PM  51    2019  43      2       51
                                      1978
                                      1948
  MINIMUM         35   1138 PM  22    1973  33      2       47
                                      1967
  AVERAGE         40                        38      2       49

PRECIPITATION (IN)
  YESTERDAY        0.02          1.36 1974   0.15  -0.13     0.02
  MONTH TO DATE    2.85                      4.16  -1.31     6.82
  SINCE SEP 1      8.79                      8.89  -0.10    12.45
  SINCE JAN 1     26.03                     31.63  -5.60    40.52

DEGREE DAYS
 HEATING
  YESTERDAY       25                        27     -2       16
  MONTH TO DATE  604                       651    -47      537
  SINCE SEP 1   1125                      1158    -33      920
  SINCE JUL 1   1823                      1997   -174     1447

 COOLING
  YESTERDAY        0                         0      0        0
  MONTH TO DATE    0                         0      0        0
  SINCE SEP 1      0                         0      0        0
  SINCE JAN 1      0                         0      0        0
..................................................................


WIND (MPH)
  RESULTANT WIND SPEED   2   RESULTANT WIND DIRECTION   N (0)
  HIGHEST WIND SPEED     9   HIGHEST WIND DIRECTION    NW (300)
  HIGHEST GUST SPEED    11   HIGHEST GUST DIRECTION    NW (310)
  AVERAGE WIND SPEED     3.6



WEATHER CONDITIONS
 THE FOLLOWING WEATHER WAS RECORDED YESTERDAY.
  LIGHT RAIN
  FOG


RELATIVE HUMIDITY (PERCENT)
 HIGHEST   100
 LOWEST     70
 AVERAGE    85

..........................................................


THE COLD BAY CLIMATE NORMALS FOR TODAY
                         NORMAL    RECORD    YEAR
 MAXIMUM TEMPERATURE (F)   42        55      2016
                                             1945
 MINIMUM TEMPERATURE (F)   33        10      1976


SUNRISE AND SUNSET
OCTOBER 28 2020.......SUNRISE   949 AM AKDT  SUNSET   720 PM AKDT
OCTOBER 29 2020.......SUNRISE   951 AM AKDT  SUNSET   718 PM AKDT


-  INDICATES NEGATIVE NUMBERS.
R  INDICATES RECORD WAS SET OR TIED.
MM INDICATES DATA IS MISSING.
T  INDICATES TRACE AMOUNT.




$$
