000
CDAK48 PAFC 250119
CLICDB


CLIMATE REPORT
NATIONAL WEATHER SERVICE ANCHORAGE, AK
418 PM AKST FRI JAN 24 2020


...................................

...THE COLD BAY CLIMATE SUMMARY FOR JANUARY 24 2020...
VALID TODAY AS OF 0400 PM LOCAL TIME.

CLIMATE NORMAL PERIOD 1981 TO 2010
CLIMATE RECORD PERIOD 1942 TO 2020


WEATHER ITEM   OBSERVED TIME   RECORD YEAR NORMAL DEPARTURE LAST
                VALUE   (LST)  VALUE       VALUE  FROM      YEAR
                                                  NORMAL
..................................................................
TEMPERATURE (F)
 TODAY
  MAXIMUM         22    259 PM  46    2008  33    -11       40
  MINIMUM         18    426 AM  -5    1956  23     -5       33
  AVERAGE         20                        28     -8       37

PRECIPITATION (IN)
  TODAY            0.00          0.66 2004   0.10  -0.10     0.56
  MONTH TO DATE    1.39                      2.46  -1.07     2.96
  SINCE DEC 1      4.62                      6.92  -2.30     7.67
  SINCE JAN 1      1.39                      2.46  -1.07     2.96

DEGREE DAYS
 HEATING
  TODAY           45                        37      8       28
  MONTH TO DATE  940                       880     60      778
  SINCE DEC 1   1930                      1931     -1     1843
  SINCE JUL 1   4162                      4951   -789     4385

 COOLING
  TODAY            0                         0      0        0
  MONTH TO DATE    0                         0      0        0
  SINCE DEC 1      0                         0      0        0
  SINCE JAN 1      0                         0      0        0
..................................................................


WIND (MPH)
  RESULTANT WIND SPEED  22   RESULTANT WIND DIRECTION   N (20)
  HIGHEST WIND SPEED    30   HIGHEST WIND DIRECTION     N (20)
  HIGHEST GUST SPEED    36   HIGHEST GUST DIRECTION     N (20)
  AVERAGE WIND SPEED    21.8



WEATHER CONDITIONS
 THE FOLLOWING WEATHER WAS RECORDED TODAY.
  NO SIGNIFICANT WEATHER WAS OBSERVED.


RELATIVE HUMIDITY (PERCENT)
 HIGHEST    73
 LOWEST     67
 AVERAGE    70

..........................................................


THE COLD BAY CLIMATE NORMALS FOR TOMORROW
                         NORMAL    RECORD    YEAR
 MAXIMUM TEMPERATURE (F)   33        48      1963
 MINIMUM TEMPERATURE (F)   23        -5      1956


SUNRISE AND SUNSET
JANUARY 24 2020.......SUNRISE   956 AM AKST  SUNSET   610 PM AKST
JANUARY 25 2020.......SUNRISE   955 AM AKST  SUNSET   612 PM AKST


-  INDICATES NEGATIVE NUMBERS.
R  INDICATES RECORD WAS SET OR TIED.
MM INDICATES DATA IS MISSING.
T  INDICATES TRACE AMOUNT.




$$
