000
CDUS44 KCRP 280922
CLICRP

CLIMATE REPORT
NATIONAL WEATHER SERVICE CORPUS CHRISTI TX
421 AM CDT WED OCT 28 2020


...................................

...THE CORPUS CHRISTI CLIMATE SUMMARY FOR OCTOBER 27 2020...

CLIMATE NORMAL PERIOD 1981 TO 2010
CLIMATE RECORD PERIOD 1887 TO 2020


WEATHER ITEM   OBSERVED TIME   RECORD YEAR NORMAL DEPARTURE LAST
                VALUE   (LST)  VALUE       VALUE  FROM      YEAR
                                                  NORMAL
..................................................................
TEMPERATURE (F)
 YESTERDAY
  MAXIMUM         62   1202 AM  93    2004  82    -20       82
                                      1995
  MINIMUM         46   1159 PM  43    1957  62    -16       45
  AVERAGE         54                        72    -18       64

PRECIPITATION (IN)
  YESTERDAY        T             1.47 1959   0.10  -0.10     0.00
  MONTH TO DATE    1.00                      3.23  -2.23     0.84
  SINCE SEP 1      6.50                      8.21  -1.71     5.02
  SINCE JAN 1     22.86                     27.55  -4.69    16.73

SNOWFALL (IN)
  YESTERDAY        0.0           0.0  2002   0.0    0.0      0.0
                                      2001
                                      2000
  MONTH TO DATE    0.0                       0.0    0.0      0.0
  SINCE SEP 1      0.0                       0.0    0.0      0.0
  SINCE JUL 1      0.0                       0.0    0.0      0.0
  SNOW DEPTH       0

DEGREE DAYS
 HEATING
  YESTERDAY       11                         1     10        1
  MONTH TO DATE   11                         4      7        9
  SINCE SEP 1     11                         4      7        9
  SINCE JUL 1     11                         4      7        9

 COOLING
  YESTERDAY        0                         8     -8        0
  MONTH TO DATE  331                       281     50      341
  SINCE SEP 1    826                       763     63      951
  SINCE JAN 1   3777                      3324    453     3899
..................................................................


WIND (MPH)
  HIGHEST WIND SPEED    23   HIGHEST WIND DIRECTION     N (20)
  HIGHEST GUST SPEED    27   HIGHEST GUST DIRECTION     N (20)
  AVERAGE WIND SPEED    15.0


SKY COVER
  POSSIBLE SUNSHINE  MM
  AVERAGE SKY COVER 1.0


WEATHER CONDITIONS
 THE FOLLOWING WEATHER WAS RECORDED YESTERDAY.
  LIGHT RAIN
  FOG


RELATIVE HUMIDITY (PERCENT)
 HIGHEST   100           700 AM
 LOWEST     75           200 PM
 AVERAGE    88

..........................................................


THE CORPUS CHRISTI CLIMATE NORMALS FOR TODAY
                         NORMAL    RECORD    YEAR
 MAXIMUM TEMPERATURE (F)   82        92      2015
                                             1921
 MINIMUM TEMPERATURE (F)   62        41      2008


SUNRISE AND SUNSET
OCTOBER 28 2020.......SUNRISE   739 AM CDT   SUNSET   649 PM CDT
OCTOBER 29 2020.......SUNRISE   739 AM CDT   SUNSET   648 PM CDT


-  INDICATES NEGATIVE NUMBERS.
R  INDICATES RECORD WAS SET OR TIED.
MM INDICATES DATA IS MISSING.
T  INDICATES TRACE AMOUNT.




$$
