000
CDUS44 KCRP 161111
CLICRP

CLIMATE REPORT
NATIONAL WEATHER SERVICE CORPUS CHRISTI TX
509 AM CST WED JAN 16 2019


...................................

...THE CORPUS CHRISTI CLIMATE SUMMARY FOR JANUARY 15 2019...

CLIMATE NORMAL PERIOD 1981 TO 2010
CLIMATE RECORD PERIOD 1887 TO 2019


WEATHER ITEM   OBSERVED TIME   RECORD YEAR NORMAL DEPARTURE LAST
                VALUE   (LST)  VALUE       VALUE  FROM      YEAR
                                                  NORMAL
..................................................................
TEMPERATURE (F)
 YESTERDAY
  MAXIMUM         56   1137 PM  80    2017  67    -11       74
                                      2016
                                      1996
  MINIMUM         50    723 AM  16    1888  47      3       45
  AVERAGE         53                        57     -4       60

PRECIPITATION (IN)
  YESTERDAY        0.40          1.65 2010   0.05   0.35     0.00
  MONTH TO DATE    0.74                      0.76  -0.02      T
  SINCE DEC 1      1.55                      2.59  -1.04     4.38
  SINCE JAN 1      0.74                      0.76  -0.02      T

SNOWFALL (IN)
  YESTERDAY        0.0           1.0  1888   0.0    0.0      0.0
  MONTH TO DATE    0.0                       0.1   -0.1      0.0
  SINCE DEC 1      0.0                       0.3   -0.3      1.0
  SINCE JUL 1      T                         0.3   -0.3      1.0
  SNOW DEPTH       0

DEGREE DAYS
 HEATING
  YESTERDAY       12                         9      3        5
  MONTH TO DATE  116                       135    -19      196
  SINCE DEC 1    296                       385    -89      485
  SINCE JUL 1    481                       486     -5      549

 COOLING
  YESTERDAY        0                         1     -1        0
  MONTH TO DATE   10                        15     -5        1
  SINCE DEC 1     34                        64    -30       39
  SINCE JAN 1     10                        15     -5        1
..................................................................


WIND (MPH)
  HIGHEST WIND SPEED    17   HIGHEST WIND DIRECTION     N (10)
  HIGHEST GUST SPEED    20   HIGHEST GUST DIRECTION    NE (30)
  AVERAGE WIND SPEED    10.8


SKY COVER
  POSSIBLE SUNSHINE  MM
  AVERAGE SKY COVER 1.0


WEATHER CONDITIONS
 THE FOLLOWING WEATHER WAS RECORDED YESTERDAY.
  RAIN
  LIGHT RAIN
  FOG


RELATIVE HUMIDITY (PERCENT)
 HIGHEST   100           900 PM
 LOWEST     63          1200 AM
 AVERAGE    82

..........................................................


THE CORPUS CHRISTI CLIMATE NORMALS FOR TODAY
                         NORMAL    RECORD    YEAR
 MAXIMUM TEMPERATURE (F)   67        83      2006
                                             1978
 MINIMUM TEMPERATURE (F)   47        16      1888


SUNRISE AND SUNSET
JANUARY 16 2019.......SUNRISE   722 AM CST   SUNSET   558 PM CST
JANUARY 17 2019.......SUNRISE   722 AM CST   SUNSET   558 PM CST


-  INDICATES NEGATIVE NUMBERS.
R  INDICATES RECORD WAS SET OR TIED.
MM INDICATES DATA IS MISSING.
T  INDICATES TRACE AMOUNT.




$$
