000
CDUS44 KCRP 180037
CLICRP

CLIMATE REPORT
NATIONAL WEATHER SERVICE CORPUS CHRISTI TX
736 PM CDT WED OCT 17 2018


...................................

...THE CORPUS CHRISTI CLIMATE SUMMARY FOR OCTOBER 17 2018...
VALID TODAY AS OF 700 PM LOCAL TIME.

CLIMATE NORMAL PERIOD 1981 TO 2010
CLIMATE RECORD PERIOD 1887 TO 2018


WEATHER ITEM   OBSERVED TIME   RECORD YEAR NORMAL DEPARTURE LAST
                VALUE   (LST)  VALUE       VALUE  FROM      YEAR
                                                  NORMAL
..................................................................
TEMPERATURE (F)
 TODAY
  MAXIMUM         62    559 PM 101    2012  84    -22       82
  MINIMUM         53    131 AM  47    1974  65    -12       51
  AVERAGE         58                        74    -16       67

PRECIPITATION (IN)
  TODAY            0.09          1.73 1960   0.12  -0.03     0.00
  MONTH TO DATE    2.06                      2.03   0.03     2.29
  SINCE SEP 1     15.42                      7.01   8.41     3.75
  SINCE JAN 1     36.00                     26.35   9.65    26.11

SNOWFALL (IN)
  TODAY            0.0           0.0  2002   0.0    0.0      0.0
                                      2001
                                      2000
  MONTH TO DATE    0.0                       0.0    0.0      0.0
  SINCE SEP 1      0.0                       0.0    0.0      0.0
  SINCE JUL 1      0.0                       0.0    0.0      0.0
  SNOW DEPTH       0

DEGREE DAYS
 HEATING
  TODAY            7                         0      7        0
  MONTH TO DATE   19                         0     19        0
  SINCE SEP 1     19                         0     19        0
  SINCE JUL 1     19                         0     19        0

 COOLING
  TODAY            0                        10    -10        2
  MONTH TO DATE  236                       194     42      230
  SINCE SEP 1    740                       676     64      731
  SINCE JAN 1   3506                      3237    269     3712
..................................................................


WIND (MPH)
  HIGHEST WIND SPEED    18   HIGHEST WIND DIRECTION    NW (320)
  HIGHEST GUST SPEED    22   HIGHEST GUST DIRECTION    NW (330)


SKY COVER
  POSSIBLE SUNSHINE  MM
  AVERAGE SKY COVER 1.0


WEATHER CONDITIONS
 THE FOLLOWING WEATHER WAS RECORDED TODAY.
  LIGHT RAIN
  FOG


RELATIVE HUMIDITY (PERCENT)
 HIGHEST    93           300 AM
 LOWEST     78           500 PM
 AVERAGE    86

..........................................................


THE CORPUS CHRISTI CLIMATE NORMALS FOR TOMORROW
                         NORMAL    RECORD    YEAR
 MAXIMUM TEMPERATURE (F)   84        96      2004
 MINIMUM TEMPERATURE (F)   64        50      1948


SUNRISE AND SUNSET
OCTOBER 17 2018.......SUNRISE   731 AM CDT   SUNSET   659 PM CDT
OCTOBER 18 2018.......SUNRISE   732 AM CDT   SUNSET   658 PM CDT


-  INDICATES NEGATIVE NUMBERS.
R  INDICATES RECORD WAS SET OR TIED.
MM INDICATES DATA IS MISSING.
T  INDICATES TRACE AMOUNT.




$$
