000
CDUS44 KCRP 250330
CLICRP

CLIMATE REPORT
NATIONAL WEATHER SERVICE CORPUS CHRISTI TX
930 PM CST FRI JAN 24 2020


...................................

...THE CORPUS CHRISTI CLIMATE SUMMARY FOR JANUARY 24 2020...
VALID TODAY AS OF 0700 PM LOCAL TIME.

CLIMATE NORMAL PERIOD 1981 TO 2010
CLIMATE RECORD PERIOD 1887 TO 2020


WEATHER ITEM   OBSERVED TIME   RECORD YEAR NORMAL DEPARTURE LAST
                VALUE   (LST)  VALUE       VALUE  FROM      YEAR
                                                  NORMAL
..................................................................
TEMPERATURE (F)
 TODAY
  MAXIMUM         69    142 PM  87    1972  67      2       66
  MINIMUM         45    404 AM  18    1963  48     -3       33
  AVERAGE         57                        57      0       50

PRECIPITATION (IN)
  TODAY            0.00          1.36 2007   0.05  -0.05     0.00
  MONTH TO DATE    0.77                      1.20  -0.43     1.06
  SINCE DEC 1      4.79                      3.03   1.76     1.87
  SINCE JAN 1      0.77                      1.20  -0.43     1.06

SNOWFALL (IN)
  TODAY            0.0           0.0    MM   0.0    0.0      0.0
  MONTH TO DATE    0.0                       0.1   -0.1      0.0
  SINCE DEC 1      0.0                       0.3   -0.3      0.0
  SINCE JUL 1      0.0                       0.3   -0.3       T
  SNOW DEPTH       0

DEGREE DAYS
 HEATING
  TODAY            8                         8      0       15
  MONTH TO DATE   99                       215   -116      182
  SINCE DEC 1    266                       465   -199      362
  SINCE JUL 1    434                       566   -132      547

 COOLING
  TODAY            0                         1     -1        0
  MONTH TO DATE   63                        24     39       18
  SINCE DEC 1    115                        73     42       42
  SINCE JAN 1     63                        24     39       18
..................................................................


WIND (MPH)
  HIGHEST WIND SPEED    17   HIGHEST WIND DIRECTION    NE (50)
  HIGHEST GUST SPEED    22   HIGHEST GUST DIRECTION    NE (60)


SKY COVER
  POSSIBLE SUNSHINE  MM
  AVERAGE SKY COVER 0.2


WEATHER CONDITIONS
 THE FOLLOWING WEATHER WAS RECORDED TODAY.
  NO SIGNIFICANT WEATHER WAS OBSERVED.


RELATIVE HUMIDITY (PERCENT)
 HIGHEST    93           400 AM
 LOWEST     32           100 PM
 AVERAGE    63

..........................................................


THE CORPUS CHRISTI CLIMATE NORMALS FOR TOMORROW
                         NORMAL    RECORD    YEAR
 MAXIMUM TEMPERATURE (F)   67        87      1965
 MINIMUM TEMPERATURE (F)   48        23      1897


SUNRISE AND SUNSET
JANUARY 24 2020.......SUNRISE   720 AM CST   SUNSET   604 PM CST
JANUARY 25 2020.......SUNRISE   720 AM CST   SUNSET   605 PM CST


-  INDICATES NEGATIVE NUMBERS.
R  INDICATES RECORD WAS SET OR TIED.
MM INDICATES DATA IS MISSING.
T  INDICATES TRACE AMOUNT.




$$
