000
CDUS44 KCRP 230656
CLICRP

CLIMATE REPORT
NATIONAL WEATHER SERVICE CORPUS CHRISTI TX
1255 AM CST FRI FEB 23 2018


...................................

...THE CORPUS CHRISTI CLIMATE SUMMARY FOR FEBRUARY 22 2018...

CLIMATE NORMAL PERIOD 1981 TO 2010
CLIMATE RECORD PERIOD 1887 TO 2018


WEATHER ITEM   OBSERVED TIME   RECORD YEAR NORMAL DEPARTURE LAST
                VALUE   (LST)  VALUE       VALUE  FROM      YEAR
                                                  NORMAL
..................................................................
TEMPERATURE (F)
 YESTERDAY
  MAXIMUM         56    454 PM  89    1980  72    -16       86
  MINIMUM         47    242 AM  27    1978  52     -5       55
  AVERAGE         52                        62    -10       71

PRECIPITATION (IN)
  YESTERDAY        T             0.60 1923   0.07  -0.07     0.00
  MONTH TO DATE    0.41                      1.47  -1.06     2.57
  SINCE DEC 1      6.06                      4.84   1.22     5.04
  SINCE JAN 1      1.68                      3.01  -1.33     2.84

SNOWFALL (IN)
  YESTERDAY       MM
  MONTH TO DATE    0.0
  SINCE DEC 1      1.0
  SINCE JUL 1      1.0
  SNOW DEPTH       0

DEGREE DAYS
 HEATING
  YESTERDAY       13                         5      8        0
  MONTH TO DATE  107                       145    -38       26
  SINCE DEC 1    763                       671     92      330
  SINCE JUL 1    827                       772     55      348

 COOLING
  YESTERDAY        0                         2     -2        6
  MONTH TO DATE   73                        37     36      128
  SINCE DEC 1    118                       116      2      308
  SINCE JAN 1     80                        67     13      220
..................................................................


WIND (MPH)
  HIGHEST WIND SPEED    15   HIGHEST WIND DIRECTION     N (20)
  HIGHEST GUST SPEED    18   HIGHEST GUST DIRECTION     N (20)
  AVERAGE WIND SPEED     9.6


SKY COVER
  POSSIBLE SUNSHINE  MM
  AVERAGE SKY COVER 1.0


WEATHER CONDITIONS
 THE FOLLOWING WEATHER WAS RECORDED YESTERDAY.
  LIGHT RAIN
  FOG


RELATIVE HUMIDITY (PERCENT)
 HIGHEST   100          1200 AM
 LOWEST     93           300 PM
 AVERAGE    97

..........................................................


THE CORPUS CHRISTI CLIMATE NORMALS FOR TODAY
                         NORMAL    RECORD    YEAR
 MAXIMUM TEMPERATURE (F)   72        88      1917
 MINIMUM TEMPERATURE (F)   52        27      1976


SUNRISE AND SUNSET
FEBRUARY 23 2018......SUNRISE   700 AM CST   SUNSET   627 PM CST
FEBRUARY 24 2018......SUNRISE   659 AM CST   SUNSET   627 PM CST


-  INDICATES NEGATIVE NUMBERS.
R  INDICATES RECORD WAS SET OR TIED.
MM INDICATES DATA IS MISSING.
T  INDICATES TRACE AMOUNT.


$$

GW
