000
CDUS44 KCRP 210716
CLICRP

CLIMATE REPORT
NATIONAL WEATHER SERVICE CORPUS CHRISTI TX
215 AM CDT MON OCT 21 2019


...................................

...THE CORPUS CHRISTI CLIMATE SUMMARY FOR OCTOBER 20 2019...

CLIMATE NORMAL PERIOD 1981 TO 2010
CLIMATE RECORD PERIOD 1887 TO 2019


WEATHER ITEM   OBSERVED TIME   RECORD YEAR NORMAL DEPARTURE LAST
                VALUE   (LST)  VALUE       VALUE  FROM      YEAR
                                                  NORMAL
..................................................................
TEMPERATURE (F)
 YESTERDAY
  MAXIMUM         92    122 PM  96    2016  84      8       72
  MINIMUM         74    530 AM  39    1989  64     10       65
  AVERAGE         83                        74      9       69

PRECIPITATION (IN)
  YESTERDAY        T             1.68 2014   0.14  -0.14      T
  MONTH TO DATE    0.13                      2.43  -2.30     2.34
  SINCE SEP 1      4.31                      7.41  -3.10    15.70
  SINCE JAN 1     16.02                     26.75 -10.73    36.28

SNOWFALL (IN)
  YESTERDAY        0.0           0.0  2002   0.0    0.0      0.0
                                      2001
                                      2000
  MONTH TO DATE    0.0                       0.0    0.0      0.0
  SINCE SEP 1      0.0                       0.0    0.0      0.0
  SINCE JUL 1      0.0                       0.0    0.0      0.0
  SNOW DEPTH       0

DEGREE DAYS
 HEATING
  YESTERDAY        0                         0      0        0
  MONTH TO DATE    0                         0      0       23
  SINCE SEP 1      0                         0      0       23
  SINCE JUL 1      0                         0      0       23

 COOLING
  YESTERDAY       18                         9      9        4
  MONTH TO DATE  297                       222     75      244
  SINCE SEP 1    907                       704    203      748
  SINCE JAN 1   3855                      3265    590     3514
..................................................................


WIND (MPH)
  HIGHEST WIND SPEED    28   HIGHEST WIND DIRECTION    SE (150)
  HIGHEST GUST SPEED    34   HIGHEST GUST DIRECTION    SE (140)
  AVERAGE WIND SPEED    15.8


SKY COVER
  POSSIBLE SUNSHINE  MM
  AVERAGE SKY COVER 0.6


WEATHER CONDITIONS
 THE FOLLOWING WEATHER WAS RECORDED YESTERDAY.
  LIGHT RAIN


RELATIVE HUMIDITY (PERCENT)
 HIGHEST   100           500 AM
 LOWEST     60           300 PM
 AVERAGE    80

..........................................................


THE CORPUS CHRISTI CLIMATE NORMALS FOR TODAY
                         NORMAL    RECORD    YEAR
 MAXIMUM TEMPERATURE (F)   84        94      2012
                                             2004
 MINIMUM TEMPERATURE (F)   64        43      1964


SUNRISE AND SUNSET
OCTOBER 21 2019.......SUNRISE   734 AM CDT   SUNSET   655 PM CDT
OCTOBER 22 2019.......SUNRISE   734 AM CDT   SUNSET   654 PM CDT


-  INDICATES NEGATIVE NUMBERS.
R  INDICATES RECORD WAS SET OR TIED.
MM INDICATES DATA IS MISSING.
T  INDICATES TRACE AMOUNT.




$$
