000
CDUS41 KILN 110542
CLICVG


CLIMATE REPORT
NATIONAL WEATHER SERVICE WILMINGTON OH
1240 AM EST TUE DEC 11 2018


...................................

...THE CINCINNATI OH CLIMATE SUMMARY FOR DECEMBER 10 2018...

CLIMATE NORMAL PERIOD 1981 TO 2010
CLIMATE RECORD PERIOD 1869 TO 2018


WEATHER ITEM   OBSERVED TIME   RECORD YEAR NORMAL DEPARTURE LAST
                VALUE   (LST)  VALUE       VALUE  FROM      YEAR
                                                  NORMAL
..................................................................
TEMPERATURE (F)
 YESTERDAY
  MAXIMUM         36    225 PM  67    1971  43     -7       35
  MINIMUM         15   1108 PM  -8    1917  28    -13       20
  AVERAGE         26                        35     -9       28

PRECIPITATION (IN)
  YESTERDAY        0.00          1.27 1879   0.11  -0.11     0.00
  MONTH TO DATE    1.89                      1.12   0.77     0.64
  SINCE DEC 1      1.89                      1.12   0.77     0.64
  SINCE JAN 1     52.23                     40.27  11.96    48.70

SNOWFALL (IN)
  YESTERDAY        0.0           3.3  1932   0.2   -0.2      0.0
  MONTH TO DATE    0.5                       1.1   -0.6      0.6
  SINCE DEC 1      0.5                       1.1   -0.6      0.6
  SINCE JUL 1      2.4                       1.9    0.5      0.6
  SNOW DEPTH       0

DEGREE DAYS
 HEATING
  YESTERDAY       39                        30      9       37
  MONTH TO DATE  298                       281     17      288
  SINCE DEC 1    298                       281     17      288
  SINCE JUL 1   1400                      1241    159     1179

 COOLING
  YESTERDAY        0                         0      0        0
  MONTH TO DATE    0                         0      0        0
  SINCE DEC 1      0                         0      0        0
  SINCE JAN 1   1640                      1121    519     1111
..................................................................


WIND (MPH)
  RESULTANT WIND SPEED   6   RESULTANT WIND DIRECTION   N (360)
  HIGHEST WIND SPEED    14   HIGHEST WIND DIRECTION     N (10)
  HIGHEST GUST SPEED    15   HIGHEST GUST DIRECTION     N (20)
  AVERAGE WIND SPEED     6.1


SKY COVER
  POSSIBLE SUNSHINE  MM
  AVERAGE SKY COVER 0.0


WEATHER CONDITIONS
 THE FOLLOWING WEATHER WAS RECORDED YESTERDAY.
  FOG
  HAZE


RELATIVE HUMIDITY (PERCENT)
 HIGHEST    92           800 AM
 LOWEST     56           100 PM
 AVERAGE    74

..........................................................


THE CINCINNATI OH CLIMATE NORMALS FOR TODAY
                         NORMAL    RECORD    YEAR
 MAXIMUM TEMPERATURE (F)   43        70      1931
 MINIMUM TEMPERATURE (F)   28       -13      1917


SUNRISE AND SUNSET
DECEMBER 11 2018......SUNRISE   748 AM EST   SUNSET   516 PM EST
DECEMBER 12 2018......SUNRISE   748 AM EST   SUNSET   516 PM EST


-  INDICATES NEGATIVE NUMBERS.
R  INDICATES RECORD WAS SET OR TIED.
MM INDICATES DATA IS MISSING.
T  INDICATES TRACE AMOUNT.




$$
