000
CDUS41 KILN 170635
CLICVG


CLIMATE REPORT
NATIONAL WEATHER SERVICE WILMINGTON OH
234 AM EDT TUE JUL 17 2018


...................................

...THE CINCINNATI OH CLIMATE SUMMARY FOR JULY 16 2018...

CLIMATE NORMAL PERIOD 1981 TO 2010
CLIMATE RECORD PERIOD 1869 TO 2018


WEATHER ITEM   OBSERVED TIME   RECORD YEAR NORMAL DEPARTURE LAST
                VALUE   (LST)  VALUE       VALUE  FROM      YEAR
                                                  NORMAL
..................................................................
TEMPERATURE (F)
 YESTERDAY
  MAXIMUM         87    529 PM  99    1988  86      1       85
                                      1931
  MINIMUM         71    550 AM  52    2014  66      5       62
                                      1945
  AVERAGE         79                        76      3       74

PRECIPITATION (IN)
  YESTERDAY        0.04          1.48 1872   0.12  -0.08     0.00
  MONTH TO DATE    0.13                      1.93  -1.80     2.13
  SINCE JUN 1      3.20                      5.96  -2.76     7.38
  SINCE JAN 1     24.61                     24.55   0.06    30.78

SNOWFALL (IN)
  YESTERDAY        0.0           0.0         0.0    0.0      0.0
  MONTH TO DATE    0.0                       0.0    0.0      0.0
  SINCE JUN 1      0.0                       0.0    0.0      0.0
  SINCE JUL 1      0.0                       0.0    0.0      0.0
  SNOW DEPTH       0

DEGREE DAYS
 HEATING
  YESTERDAY        0                         0      0        0
  MONTH TO DATE    0                         0      0        0
  SINCE JUN 1      0                        15    -15        7
  SINCE JUL 1      0                         0      0        0

 COOLING
  YESTERDAY       14                        11      3        9
  MONTH TO DATE  243                       174     69      166
  SINCE JUN 1    551                       400    151      367
  SINCE JAN 1    811                       494    317      501
..................................................................


WIND (MPH)
  RESULTANT WIND SPEED   4   RESULTANT WIND DIRECTION  SW (240)
  HIGHEST WIND SPEED    15   HIGHEST WIND DIRECTION     W (270)
  HIGHEST GUST SPEED    21   HIGHEST GUST DIRECTION     W (260)
  AVERAGE WIND SPEED     6.2


SKY COVER
  POSSIBLE SUNSHINE  MM
  AVERAGE SKY COVER 0.7


WEATHER CONDITIONS
 THE FOLLOWING WEATHER WAS RECORDED YESTERDAY.
  LIGHT RAIN
  FOG


RELATIVE HUMIDITY (PERCENT)
 HIGHEST   100           600 AM
 LOWEST     59           500 PM
 AVERAGE    80

..........................................................


THE CINCINNATI OH CLIMATE NORMALS FOR TODAY
                         NORMAL    RECORD    YEAR
 MAXIMUM TEMPERATURE (F)   86       100      1887
 MINIMUM TEMPERATURE (F)   66        51      1976


SUNRISE AND SUNSET
JULY 17 2018..........SUNRISE   627 AM EDT   SUNSET   903 PM EDT
JULY 18 2018..........SUNRISE   628 AM EDT   SUNSET   902 PM EDT


-  INDICATES NEGATIVE NUMBERS.
R  INDICATES RECORD WAS SET OR TIED.
MM INDICATES DATA IS MISSING.
T  INDICATES TRACE AMOUNT.




$$
