000
CDUS41 KILN 180544
CLICVG


CLIMATE REPORT
NATIONAL WEATHER SERVICE WILMINGTON OH
1244 AM EST MON DEC 18 2017


...................................

...THE CINCINNATI OH CLIMATE SUMMARY FOR DECEMBER 17 2017...

CLIMATE NORMAL PERIOD 1981 TO 2010
CLIMATE RECORD PERIOD 1869 TO 2017


WEATHER ITEM   OBSERVED TIME   RECORD YEAR NORMAL DEPARTURE LAST
                VALUE   (LST)  VALUE       VALUE  FROM      YEAR
                                                  NORMAL
..................................................................
TEMPERATURE (F)
 YESTERDAY
  MAXIMUM         47    203 PM  67    1984  41      6       62
  MINIMUM         36    651 AM  -9    1989  26     10       32
  AVERAGE         42                        33      9       47

PRECIPITATION (IN)
  YESTERDAY        0.00          1.76 2016   0.10  -0.10     1.76
  MONTH TO DATE    0.69                      1.85  -1.16     3.02
  SINCE DEC 1      0.69                      1.85  -1.16     3.02
  SINCE JAN 1     48.75                     41.00   7.75    43.02

SNOWFALL (IN)
  YESTERDAY        0.0           6.2  1981   0.2   -0.2      0.0
  MONTH TO DATE    0.9                       2.2   -1.3      1.3
  SINCE DEC 1      0.9                       2.2   -1.3      1.3
  SINCE JUL 1      0.9                       3.0   -2.1      1.3
  SNOW DEPTH       0

DEGREE DAYS
 HEATING
  YESTERDAY       23                        32     -9       18
  MONTH TO DATE  510                       497     13      559
  SINCE DEC 1    510                       497     13      559
  SINCE JUL 1   1401                      1457    -56     1241

 COOLING
  YESTERDAY        0                         0      0        0
  MONTH TO DATE    0                         0      0        0
  SINCE DEC 1      0                         0      0        0
  SINCE JAN 1   1111                      1121    -10     1477
..................................................................


WIND (MPH)
  RESULTANT WIND SPEED   7   RESULTANT WIND DIRECTION   S (200)
  HIGHEST WIND SPEED    13   HIGHEST WIND DIRECTION    SW (210)
  HIGHEST GUST SPEED    16   HIGHEST GUST DIRECTION    SW (210)
  AVERAGE WIND SPEED     7.6


SKY COVER
  POSSIBLE SUNSHINE  MM
  AVERAGE SKY COVER 0.9


WEATHER CONDITIONS
 THE FOLLOWING WEATHER WAS RECORDED YESTERDAY.
  NO SIGNIFICANT WEATHER WAS OBSERVED.


RELATIVE HUMIDITY (PERCENT)
 HIGHEST    93          1100 PM
 LOWEST     60           200 PM
 AVERAGE    77

..........................................................


THE CINCINNATI OH CLIMATE NORMALS FOR TODAY
                         NORMAL    RECORD    YEAR
 MAXIMUM TEMPERATURE (F)   41        67      1877
 MINIMUM TEMPERATURE (F)   26        -3      1989


SUNRISE AND SUNSET
DECEMBER 18 2017......SUNRISE   753 AM EST   SUNSET   518 PM EST
DECEMBER 19 2017......SUNRISE   753 AM EST   SUNSET   519 PM EST


-  INDICATES NEGATIVE NUMBERS.
R  INDICATES RECORD WAS SET OR TIED.
MM INDICATES DATA IS MISSING.
T  INDICATES TRACE AMOUNT.




$$
