000
CDUS41 KILN 210529
CLICVG


CLIMATE REPORT
NATIONAL WEATHER SERVICE WILMINGTON OH
129 AM EDT WED AUG 21 2019


...................................

...THE CINCINNATI OH CLIMATE SUMMARY FOR AUGUST 20 2019...

CLIMATE NORMAL PERIOD 1981 TO 2010
CLIMATE RECORD PERIOD 1869 TO 2019


WEATHER ITEM   OBSERVED TIME   RECORD YEAR NORMAL DEPARTURE LAST
                VALUE   (LST)  VALUE       VALUE  FROM      YEAR
                                                  NORMAL
..................................................................
TEMPERATURE (F)
 YESTERDAY
  MAXIMUM         92    211 PM 102    1962  85      7       85
  MINIMUM         69   1159 PM  49    1932  65      4       69
  AVERAGE         81                        75      6       77

PRECIPITATION (IN)
  YESTERDAY        0.50          2.46 1982   0.12   0.38     0.25
  MONTH TO DATE    1.87                      2.29  -0.42     7.52
  SINCE JUN 1     12.48                     10.08   2.40    14.18
  SINCE JAN 1     39.89                     28.67  11.22    35.59

SNOWFALL (IN)
  YESTERDAY        0.0           0.0         0.0    0.0      0.0
  MONTH TO DATE    0.0                       0.0    0.0      0.0
  SINCE JUN 1      0.0                       0.0    0.0      0.0
  SINCE JUL 1      0.0                       0.0    0.0      0.0
  SNOW DEPTH       0

DEGREE DAYS
 HEATING
  YESTERDAY        0                         0      0        0
  MONTH TO DATE    0                         0      0        0
  SINCE JUN 1     13                        15     -2        0
  SINCE JUL 1      0                         0      0        0

 COOLING
  YESTERDAY       16                        10      6       12
  MONTH TO DATE  257                       209     48      229
  SINCE JUN 1    891                       774    117      918
  SINCE JAN 1   1040                       868    172     1178
..................................................................


WIND (MPH)
  RESULTANT WIND SPEED   2   RESULTANT WIND DIRECTION   S (200)
  HIGHEST WIND SPEED    39   HIGHEST WIND DIRECTION     W (260)
  HIGHEST GUST SPEED    53   HIGHEST GUST DIRECTION     W (260)
  AVERAGE WIND SPEED     5.0


SKY COVER
  POSSIBLE SUNSHINE  MM
  AVERAGE SKY COVER 0.8


WEATHER CONDITIONS
 THE FOLLOWING WEATHER WAS RECORDED YESTERDAY.
  THUNDERSTORM
  HEAVY RAIN
  RAIN
  LIGHT RAIN
  FOG
  HAZE


RELATIVE HUMIDITY (PERCENT)
 HIGHEST    90           800 PM
 LOWEST     56          1100 AM
 AVERAGE    73

..........................................................


THE CINCINNATI OH CLIMATE NORMALS FOR TODAY
                         NORMAL    RECORD    YEAR
 MAXIMUM TEMPERATURE (F)   85       101      1936
 MINIMUM TEMPERATURE (F)   65        45      1950


SUNRISE AND SUNSET
AUGUST 21 2019........SUNRISE   657 AM EDT   SUNSET   826 PM EDT
AUGUST 22 2019........SUNRISE   658 AM EDT   SUNSET   824 PM EDT


-  INDICATES NEGATIVE NUMBERS.
R  INDICATES RECORD WAS SET OR TIED.
MM INDICATES DATA IS MISSING.
T  INDICATES TRACE AMOUNT.




$$
