000
CDUS41 KILN 252105
CLICVG


CLIMATE REPORT
NATIONAL WEATHER SERVICE WILMINGTON OH
505 PM EDT TUE SEP 25 2018


...................................

...THE CINCINNATI OH CLIMATE SUMMARY FOR SEPTEMBER 25 2018...
VALID TODAY AS OF 0430 PM LOCAL TIME.

CLIMATE NORMAL PERIOD 1981 TO 2010
CLIMATE RECORD PERIOD 1869 TO 2018


WEATHER ITEM   OBSERVED TIME   RECORD YEAR NORMAL DEPARTURE LAST
                VALUE   (LST)  VALUE       VALUE  FROM      YEAR
                                                  NORMAL
..................................................................
TEMPERATURE (F)
 TODAY
  MAXIMUM         79    254 PM  93    2007  74      5       89
  MINIMUM         68    325 AM  35    1950  53     15       59
  AVERAGE         74                        64     10       74

PRECIPITATION (IN)
  TODAY            0.02          2.02 2000   0.09  -0.07     0.00
  MONTH TO DATE    6.62                      2.17   4.45     2.41
  SINCE SEP 1      6.62                      2.17   4.45     2.41
  SINCE JAN 1     42.90                     31.96  10.94    39.20

SNOWFALL (IN)
  TODAY            0.0          MM      MM   0.0    0.0      0.0
  MONTH TO DATE    0.0                       0.0    0.0      0.0
  SINCE SEP 1      0.0                       0.0    0.0      0.0
  SINCE JUL 1      0.0                       0.0    0.0      0.0
  SNOW DEPTH       0

DEGREE DAYS
 HEATING
  TODAY            0                         4     -4        0
  MONTH TO DATE    9                        35    -26       39
  SINCE SEP 1      9                        35    -26       39
  SINCE JUL 1      9                        35    -26       40

 COOLING
  TODAY            9                         2      7        9
  MONTH TO DATE  240                       127    113      110
  SINCE SEP 1    240                       127    113      110
  SINCE JAN 1   1538                      1095    443     1041
..................................................................


WIND (MPH)
  HIGHEST WIND SPEED    20   HIGHEST WIND DIRECTION     S (180)
  HIGHEST GUST SPEED    25   HIGHEST GUST DIRECTION     S (200)
  AVERAGE WIND SPEED    11.5


SKY COVER
  POSSIBLE SUNSHINE  MM
  AVERAGE SKY COVER 1.0


WEATHER CONDITIONS
 THE FOLLOWING WEATHER WAS RECORDED TODAY.
  LIGHT RAIN
  FOG


RELATIVE HUMIDITY (PERCENT)
 HIGHEST   100          1200 AM
 LOWEST     85           300 PM
 AVERAGE    93

..........................................................


THE CINCINNATI OH CLIMATE NORMALS FOR TOMORROW
                         NORMAL    RECORD    YEAR
 MAXIMUM TEMPERATURE (F)   74        92      1900
 MINIMUM TEMPERATURE (F)   53        33      1928


SUNRISE AND SUNSET
SEPTEMBER 25 2018.....SUNRISE   729 AM EDT   SUNSET   731 PM EDT
SEPTEMBER 26 2018.....SUNRISE   730 AM EDT   SUNSET   729 PM EDT


-  INDICATES NEGATIVE NUMBERS.
R  INDICATES RECORD WAS SET OR TIED.
MM INDICATES DATA IS MISSING.
T  INDICATES TRACE AMOUNT.




$$
