000
CDUS41 KILN 160547
CLICVG


CLIMATE REPORT
NATIONAL WEATHER SERVICE WILMINGTON OH
146 AM EDT SUN JUN 16 2019


...................................

...THE CINCINNATI OH CLIMATE SUMMARY FOR JUNE 15 2019...

CLIMATE NORMAL PERIOD 1981 TO 2010
CLIMATE RECORD PERIOD 1869 TO 2019


WEATHER ITEM   OBSERVED TIME   RECORD YEAR NORMAL DEPARTURE LAST
                VALUE   (LST)  VALUE       VALUE  FROM      YEAR
                                                  NORMAL
..................................................................
TEMPERATURE (F)
 YESTERDAY
  MAXIMUM         76    823 PM  97    1952  82     -6       90
  MINIMUM         62    253 AM  47    1933  62      0       60
  AVERAGE         69                        72     -3       75

PRECIPITATION (IN)
  YESTERDAY        1.15          1.55 1890   0.13   1.02     0.00
  MONTH TO DATE    2.82                      2.18   0.64     0.67
  SINCE JUN 1      2.82                      2.18   0.64     0.67
  SINCE JAN 1     30.23                     20.77   9.46    22.08

SNOWFALL (IN)
  YESTERDAY        0.0           0.0    MM   0.0    0.0      0.0
  MONTH TO DATE    0.0                       0.0    0.0      0.0
  SINCE JUN 1      0.0                       0.0    0.0      0.0
  SINCE JUL 1     21.6                      22.1   -0.5     23.8
  SNOW DEPTH       0

DEGREE DAYS
 HEATING
  YESTERDAY        0                         0      0        0
  MONTH TO DATE   13                        12      1        0
  SINCE JUN 1     13                        12      1        0
  SINCE JUL 1   4802                      4972   -170     4954

 COOLING
  YESTERDAY        4                         7     -3       10
  MONTH TO DATE   63                        90    -27      119
  SINCE JUN 1     63                        90    -27      119
  SINCE JAN 1    212                       184     28      379
..................................................................


WIND (MPH)
  RESULTANT WIND SPEED   8   RESULTANT WIND DIRECTION   S (190)
  HIGHEST WIND SPEED    20   HIGHEST WIND DIRECTION    NW (300)
  HIGHEST GUST SPEED    43   HIGHEST GUST DIRECTION    NW (300)
  AVERAGE WIND SPEED     8.6


SKY COVER
  POSSIBLE SUNSHINE  MM
  AVERAGE SKY COVER 0.9


WEATHER CONDITIONS
 THE FOLLOWING WEATHER WAS RECORDED YESTERDAY.
  THUNDERSTORM
  HEAVY RAIN
  RAIN
  LIGHT RAIN
  FOG


RELATIVE HUMIDITY (PERCENT)
 HIGHEST    84           300 PM
 LOWEST     52          1200 AM
 AVERAGE    68

..........................................................


THE CINCINNATI OH CLIMATE NORMALS FOR TODAY
                         NORMAL    RECORD    YEAR
 MAXIMUM TEMPERATURE (F)   83        96      1913
 MINIMUM TEMPERATURE (F)   62        44      1917


SUNRISE AND SUNSET
JUNE 16 2019..........SUNRISE   612 AM EDT   SUNSET   906 PM EDT
JUNE 17 2019..........SUNRISE   612 AM EDT   SUNSET   907 PM EDT


-  INDICATES NEGATIVE NUMBERS.
R  INDICATES RECORD WAS SET OR TIED.
MM INDICATES DATA IS MISSING.
T  INDICATES TRACE AMOUNT.




$$
