000
CDUS41 KILN 200549
CLICVG


CLIMATE REPORT
NATIONAL WEATHER SERVICE WILMINGTON OH
149 AM EDT WED MAR 20 2019


...................................

...THE CINCINNATI OH CLIMATE SUMMARY FOR MARCH 19 2019...

CLIMATE NORMAL PERIOD 1981 TO 2010
CLIMATE RECORD PERIOD 1869 TO 2019


WEATHER ITEM   OBSERVED TIME   RECORD YEAR NORMAL DEPARTURE LAST
                VALUE   (LST)  VALUE       VALUE  FROM      YEAR
                                                  NORMAL
..................................................................
TEMPERATURE (F)
 YESTERDAY
  MAXIMUM         52    354 PM  81    2012  54     -2       62
                                      1907
  MINIMUM         27    703 AM  11    1934  35     -8       38
  AVERAGE         40                        45     -5       50

PRECIPITATION (IN)
  YESTERDAY        0.00          2.97 1943   0.14  -0.14     0.05
  MONTH TO DATE    2.68                      2.28   0.40     0.78
  SINCE MAR 1      2.68                      2.28   0.40     0.78
  SINCE JAN 1     14.02                      8.09   5.93    10.79

SNOWFALL (IN)
  YESTERDAY        0.0           3.5  1951   0.1   -0.1      0.0
  MONTH TO DATE    3.0                       2.2    0.8      2.0
  SINCE MAR 1      3.0                       2.2    0.8      2.0
  SINCE JUL 1     21.6                      20.8    0.8     13.6
  SNOW DEPTH       0

DEGREE DAYS
 HEATING
  YESTERDAY       25                        20      5       15
  MONTH TO DATE  509                       448     61      494
  SINCE MAR 1    509                       448     61      494
  SINCE JUL 1   4228                      4275    -47     4181

 COOLING
  YESTERDAY        0                         0      0        0
  MONTH TO DATE    0                         0      0        0
  SINCE MAR 1      0                         0      0        0
  SINCE JAN 1      0                         0      0        5
..................................................................


WIND (MPH)
  RESULTANT WIND SPEED   3   RESULTANT WIND DIRECTION   N (350)
  HIGHEST WIND SPEED    12   HIGHEST WIND DIRECTION    NW (320)
  HIGHEST GUST SPEED    16   HIGHEST GUST DIRECTION    NW (310)
  AVERAGE WIND SPEED     4.3


SKY COVER
  POSSIBLE SUNSHINE  MM
  AVERAGE SKY COVER 0.7


WEATHER CONDITIONS
 THE FOLLOWING WEATHER WAS RECORDED YESTERDAY.
  HAZE


RELATIVE HUMIDITY (PERCENT)
 HIGHEST    78           600 AM
 LOWEST     27           200 PM
 AVERAGE    53

..........................................................


THE CINCINNATI OH CLIMATE NORMALS FOR TODAY
                         NORMAL    RECORD    YEAR
 MAXIMUM TEMPERATURE (F)   55        83      2012
 MINIMUM TEMPERATURE (F)   35         6      1885


SUNRISE AND SUNSET
MARCH 20 2019.........SUNRISE   743 AM EDT   SUNSET   750 PM EDT
MARCH 21 2019.........SUNRISE   741 AM EDT   SUNSET   751 PM EDT


-  INDICATES NEGATIVE NUMBERS.
R  INDICATES RECORD WAS SET OR TIED.
MM INDICATES DATA IS MISSING.
T  INDICATES TRACE AMOUNT.




$$
