000
CDUS41 KILN 250546
CLICVG


CLIMATE REPORT
NATIONAL WEATHER SERVICE WILMINGTON OH
1243 AM EST TUE FEB 25 2020


...................................

...THE CINCINNATI OH CLIMATE SUMMARY FOR FEBRUARY 24 2020...

CLIMATE NORMAL PERIOD 1981 TO 2010
CLIMATE RECORD PERIOD 1869 TO 2020


WEATHER ITEM   OBSERVED TIME   RECORD YEAR NORMAL DEPARTURE LAST
                VALUE   (LST)  VALUE       VALUE  FROM      YEAR
                                                  NORMAL
..................................................................
TEMPERATURE (F)
 YESTERDAY
  MAXIMUM         45    231 PM  78    2017  46     -1       59
  MINIMUM         36    355 AM  -7    2015  28      8       31
  AVERAGE         41                        37      4       45

PRECIPITATION (IN)
  YESTERDAY        0.44          2.26 2018   0.10   0.34      T
  MONTH TO DATE    2.94                      2.41   0.53     7.15
  SINCE DEC 1     10.66                      8.78   1.88    16.82
  SINCE JAN 1      7.08                      5.41   1.67    11.26

SNOWFALL (IN)
  YESTERDAY        0.0           3.6  1990   0.2   -0.2      0.0
  MONTH TO DATE    3.4                       5.8   -2.4      1.4
  SINCE DEC 1      7.1                      17.1  -10.0     16.5
  SINCE JUL 1      9.8                      17.9   -8.1     18.4
  SNOW DEPTH       0

DEGREE DAYS
 HEATING
  YESTERDAY       24                        28     -4       20
  MONTH TO DATE  683                       745    -62      632
  SINCE DEC 1   2271                      2757   -486     2507
  SINCE JUL 1   3236                      3717   -481     3609

 COOLING
  YESTERDAY        0                         0      0        0
  MONTH TO DATE    0                         0      0        0
  SINCE DEC 1      0                         0      0        0
  SINCE JAN 1      0                         0      0        0
..................................................................


WIND (MPH)
  RESULTANT WIND SPEED   7   RESULTANT WIND DIRECTION   S (160)
  HIGHEST WIND SPEED    16   HIGHEST WIND DIRECTION    SE (130)
  HIGHEST GUST SPEED    20   HIGHEST GUST DIRECTION    SE (140)
  AVERAGE WIND SPEED     8.5


SKY COVER
  POSSIBLE SUNSHINE  MM
  AVERAGE SKY COVER 0.9


WEATHER CONDITIONS
 THE FOLLOWING WEATHER WAS RECORDED YESTERDAY.
  RAIN
  LIGHT RAIN
  FOG
  HAZE


RELATIVE HUMIDITY (PERCENT)
 HIGHEST    96           800 PM
 LOWEST     53          1200 AM
 AVERAGE    75

..........................................................


THE CINCINNATI OH CLIMATE NORMALS FOR TODAY
                         NORMAL    RECORD    YEAR
 MAXIMUM TEMPERATURE (F)   46        75      2000
 MINIMUM TEMPERATURE (F)   28        -7      1967


SUNRISE AND SUNSET
FEBRUARY 25 2020......SUNRISE   718 AM EST   SUNSET   627 PM EST
FEBRUARY 26 2020......SUNRISE   716 AM EST   SUNSET   628 PM EST


-  INDICATES NEGATIVE NUMBERS.
R  INDICATES RECORD WAS SET OR TIED.
MM INDICATES DATA IS MISSING.
T  INDICATES TRACE AMOUNT.




$$
