844
CDUS41 KILN 160529
CLICVG

CLIMATE REPORT
NATIONAL WEATHER SERVICE WILMINGTON OH
129 AM EDT SUN JUN 16 2024

...................................

...THE CINCINNATI OH CLIMATE SUMMARY FOR JUNE 15 2024...

CLIMATE NORMAL PERIOD: 1991 TO 2020
CLIMATE RECORD PERIOD: 1869 TO 2024


WEATHER ITEM   OBSERVED TIME   RECORD YEAR NORMAL DEPARTURE LAST
                VALUE   (LST)  VALUE       VALUE  FROM      YEAR
                                                  NORMAL
...................................................................
TEMPERATURE (F)
 YESTERDAY
  MAXIMUM         85   4:33 PM  97    1952  83      2       83
  MINIMUM         66   6:14 AM  47    1933  62      4       59
  AVERAGE         76                        72      4       71

PRECIPITATION (IN)
  YESTERDAY        0.00          1.55 1890   0.17  -0.17     0.00
  MONTH TO DATE    0.64                      2.41  -1.77     1.48
  SINCE JUN 1      0.64                      2.41  -1.77     1.48
  SINCE JAN 1     21.74                     22.24  -0.50    20.02

SNOWFALL (IN)
  YESTERDAY        0.0           0.0    MM   0.0    0.0      0.0
  MONTH TO DATE    0.0                       0.0    0.0      0.0
  SINCE JUN 1      0.0                       0.0    0.0      0.0
  SINCE JUL 1      7.8                      23.3  -15.5     14.4
  SNOW DEPTH       0

DEGREE DAYS
 HEATING
  YESTERDAY        0                         0      0        0
  MONTH TO DATE    7                         9     -2        6
  SINCE JUN 1      7                         9     -2        6
  SINCE JUL 1   4048                      4889   -841     4363

 COOLING
  YESTERDAY       11                         8      3        6
  MONTH TO DATE   85                        95    -10       82
  SINCE JUN 1     85                        95    -10       82
  SINCE JAN 1    246                       204     42      155
...................................................................


WIND (MPH)
  RESULTANT WIND SPEED  10   RESULTANT WIND DIRECTION   E (90)
  HIGHEST WIND SPEED    17   HIGHEST WIND DIRECTION     E (80)
  HIGHEST GUST SPEED    24   HIGHEST GUST DIRECTION     E (70)
  AVERAGE WIND SPEED    10.2


SKY COVER
  POSSIBLE SUNSHINE  MM
  AVERAGE SKY COVER 0.3


WEATHER CONDITIONS
THE FOLLOWING WEATHER WAS RECORDED YESTERDAY.
  NO SIGNIFICANT WEATHER WAS OBSERVED.


RELATIVE HUMIDITY (PERCENT)
 HIGHEST    59           5:00 AM
 LOWEST     25           2:00 PM
 AVERAGE    42

..........................................................


THE CINCINNATI OH CLIMATE NORMALS FOR TODAY
                         NORMAL    RECORD    YEAR
 MAXIMUM TEMPERATURE (F)   83        96      1913
 MINIMUM TEMPERATURE (F)   62        44      1917


SUNRISE AND SUNSET
JUNE 16 2024..........SUNRISE   6:12 AM EDT   SUNSET   9:07 PM EDT
JUNE 17 2024..........SUNRISE   6:13 AM EDT   SUNSET   9:07 PM EDT


-  INDICATES NEGATIVE NUMBERS.
R  INDICATES RECORD WAS SET OR TIED.
MM INDICATES DATA IS MISSING.
T  INDICATES TRACE AMOUNT.




$$