000
CDUS41 KILN 070543
CLICVG

CLIMATE REPORT
NATIONAL WEATHER SERVICE WILMINGTON OH
143 AM EDT SUN JUN 07 2020

...................................

...THE CINCINNATI OH CLIMATE SUMMARY FOR JUNE 6 2020...

CLIMATE NORMAL PERIOD: 1981 TO 2010
CLIMATE RECORD PERIOD: 1869 TO 2020


WEATHER ITEM   OBSERVED TIME   RECORD YEAR NORMAL DEPARTURE LAST
                VALUE   (LST)  VALUE       VALUE  FROM      YEAR
                                                  NORMAL
...................................................................
TEMPERATURE (F)
 YESTERDAY
  MAXIMUM         91   4:29 PM  94    1925  80     11       83
  MINIMUM         67   6:13 AM  41    1998  60      7       63
  AVERAGE         79                        70      9       73

PRECIPITATION (IN)
  YESTERDAY        0.00          1.38 1996   0.16  -0.16     0.01
  MONTH TO DATE    0.10                      0.92  -0.82     0.98
  SINCE JUN 1      0.10                      0.92  -0.82     0.98
  SINCE JAN 1     22.82                     19.51   3.31    28.39

SNOWFALL (IN)
  YESTERDAY        0.0           0.0    MM   0.0    0.0      0.0
  MONTH TO DATE    0.0                       0.0    0.0      0.0
  SINCE JUN 1      0.0                       0.0    0.0      0.0
  SINCE JUL 1     11.2                      22.1  -10.9     21.6
  SNOW DEPTH       0

DEGREE DAYS
 HEATING
  YESTERDAY        0                         1     -1        0
  MONTH TO DATE    1                         7     -6        3
  SINCE JUN 1      1                         7     -6        3
  SINCE JUL 1   4480                      4967   -487     4792

 COOLING
  YESTERDAY       14                         6      8        8
  MONTH TO DATE   59                        31     28       31
  SINCE JUN 1     59                        31     28       31
  SINCE JAN 1    157                       125     32      180
...................................................................


WIND (MPH)
  RESULTANT WIND SPEED   5   RESULTANT WIND DIRECTION  NW (300)
  HIGHEST WIND SPEED    15   HIGHEST WIND DIRECTION     W (280)
  HIGHEST GUST SPEED    17   HIGHEST GUST DIRECTION    NW (300)
  AVERAGE WIND SPEED     7.2


SKY COVER
  POSSIBLE SUNSHINE  MM
  AVERAGE SKY COVER 0.5


WEATHER CONDITIONS
THE FOLLOWING WEATHER WAS RECORDED YESTERDAY.
  FOG
  HAZE


RELATIVE HUMIDITY (PERCENT)
 HIGHEST    90           5:00 AM
 LOWEST     40           7:00 PM
 AVERAGE    65

..........................................................


THE CINCINNATI OH CLIMATE NORMALS FOR TODAY
                         NORMAL    RECORD    YEAR
 MAXIMUM TEMPERATURE (F)   80        96      1874
 MINIMUM TEMPERATURE (F)   60        41      1998


SUNRISE AND SUNSET
JUNE  7 2020..........SUNRISE   6:13 AM EDT   SUNSET   9:03 PM EDT
JUNE  8 2020..........SUNRISE   6:13 AM EDT   SUNSET   9:03 PM EDT


-  INDICATES NEGATIVE NUMBERS.
R  INDICATES RECORD WAS SET OR TIED.
MM INDICATES DATA IS MISSING.
T  INDICATES TRACE AMOUNT.




$$
