801
CDUS41 KILN 212054
CLICVG


CLIMATE REPORT
NATIONAL WEATHER SERVICE WILMINGTON OH
453 PM EDT MON MAY 21 2018


...................................

...THE CINCINNATI OH CLIMATE SUMMARY FOR MAY 21 2018...
VALID TODAY AS OF 0400 PM LOCAL TIME.

CLIMATE NORMAL PERIOD 1981 TO 2010
CLIMATE RECORD PERIOD 1869 TO 2018


WEATHER ITEM   OBSERVED TIME   RECORD YEAR NORMAL DEPARTURE LAST
                VALUE   (LST)  VALUE       VALUE  FROM      YEAR
                                                  NORMAL
..................................................................
TEMPERATURE (F)
 TODAY
  MAXIMUM         86    321 PM  92    1941  75     11       76
  MINIMUM         67    722 AM  36    1883  55     12       61
  AVERAGE         77                        65     12       69

PRECIPITATION (IN)
  TODAY            0.00          1.76 1883   0.16  -0.16     0.19
  MONTH TO DATE    1.49                      3.34  -1.85     4.33
  SINCE MAR 1      9.27                     11.19  -1.92    14.30
  SINCE JAN 1     19.28                     17.00   2.28    21.52

SNOWFALL (IN)
  TODAY            0.0           0.0    MM   0.0    0.0      0.0
  MONTH TO DATE    0.0                       0.0    0.0      0.0
  SINCE MAR 1     12.2                       3.5    8.7      2.0
  SINCE JUL 1     23.8                      22.1    1.7     10.0
  SNOW DEPTH       0

DEGREE DAYS
 HEATING
  TODAY            0                         3     -3        0
  MONTH TO DATE    9                       102    -93      120
  SINCE MAR 1   1267                      1109    158      912
  SINCE JUL 1   4954                      4936     18     3992

 COOLING
  TODAY           12                         3      9        4
  MONTH TO DATE  143                        39    104       57
  SINCE MAR 1    150                        57     93      109
  SINCE JAN 1    155                        57     98      109
..................................................................


WIND (MPH)
  HIGHEST WIND SPEED    10   HIGHEST WIND DIRECTION    SW (240)
  HIGHEST GUST SPEED    15   HIGHEST GUST DIRECTION    SW (230)
  AVERAGE WIND SPEED     5.6


SKY COVER
  POSSIBLE SUNSHINE  MM
  AVERAGE SKY COVER 0.7


WEATHER CONDITIONS
 THE FOLLOWING WEATHER WAS RECORDED TODAY.
  NO SIGNIFICANT WEATHER WAS OBSERVED.


RELATIVE HUMIDITY (PERCENT)
 HIGHEST    93           500 AM
 LOWEST     48           200 PM
 AVERAGE    71

..........................................................


THE CINCINNATI OH CLIMATE NORMALS FOR TOMORROW
                         NORMAL    RECORD    YEAR
 MAXIMUM TEMPERATURE (F)   75        93      1941
 MINIMUM TEMPERATURE (F)   55        33      2002


SUNRISE AND SUNSET
MAY 21 2018...........SUNRISE   621 AM EDT   SUNSET   850 PM EDT
MAY 22 2018...........SUNRISE   620 AM EDT   SUNSET   851 PM EDT


-  INDICATES NEGATIVE NUMBERS.
R  INDICATES RECORD WAS SET OR TIED.
MM INDICATES DATA IS MISSING.
T  INDICATES TRACE AMOUNT.




$$
