000
CDUS41 KILN 190534
CLICVG

CLIMATE REPORT
NATIONAL WEATHER SERVICE WILMINGTON OH
134 AM EDT MON OCT 19 2020

...................................

...THE CINCINNATI OH CLIMATE SUMMARY FOR OCTOBER 18 2020...

CLIMATE NORMAL PERIOD: 1981 TO 2010
CLIMATE RECORD PERIOD: 1869 TO 2020


WEATHER ITEM   OBSERVED TIME   RECORD YEAR NORMAL DEPARTURE LAST
                VALUE   (LST)  VALUE       VALUE  FROM      YEAR
                                                  NORMAL
...................................................................
TEMPERATURE (F)
 YESTERDAY
  MAXIMUM         60   3:19 PM  86    1938  65     -5       63
  MINIMUM         45   1:57 AM  26    1948  45      0       38
  AVERAGE         53                        55     -2       51

PRECIPITATION (IN)
  YESTERDAY        0.08          3.64 2004   0.12  -0.04     0.00
  MONTH TO DATE    0.41                      1.92  -1.51     1.11
  SINCE SEP 1      2.04                      4.55  -2.51     1.72
  SINCE JAN 1     38.08                     34.34   3.74    43.53

SNOWFALL (IN)
  YESTERDAY        0.0          MM      MM   0.0    0.0      0.0
  MONTH TO DATE    0.0                       0.1   -0.1      0.0
  SINCE SEP 1      0.0                       0.1   -0.1      0.0
  SINCE JUL 1      0.0                       0.1   -0.1      0.0
  SNOW DEPTH       0

DEGREE DAYS
 HEATING
  YESTERDAY       12                        10      2       14
  MONTH TO DATE  134                       143     -9      106
  SINCE SEP 1    176                       201    -25      106
  SINCE JUL 1    176                       201    -25      106

 COOLING
  YESTERDAY        0                         0      0        0
  MONTH TO DATE   13                        16     -3       54
  SINCE SEP 1    153                       153      0      374
  SINCE JAN 1   1261                      1121    140     1496
...................................................................


WIND (MPH)
  RESULTANT WIND SPEED   9   RESULTANT WIND DIRECTION   S (190)
  HIGHEST WIND SPEED    20   HIGHEST WIND DIRECTION     S (190)
  HIGHEST GUST SPEED    24   HIGHEST GUST DIRECTION     S (190)
  AVERAGE WIND SPEED     9.2


SKY COVER
  POSSIBLE SUNSHINE  MM
  AVERAGE SKY COVER 0.9


WEATHER CONDITIONS
THE FOLLOWING WEATHER WAS RECORDED YESTERDAY.
  RAIN
  LIGHT RAIN
  FOG


RELATIVE HUMIDITY (PERCENT)
 HIGHEST    86          11:00 PM
 LOWEST     46          12:00 AM
 AVERAGE    66

..........................................................


THE CINCINNATI OH CLIMATE NORMALS FOR TODAY
                         NORMAL    RECORD    YEAR
 MAXIMUM TEMPERATURE (F)   65        84      1920
 MINIMUM TEMPERATURE (F)   44        22      1992


SUNRISE AND SUNSET
OCTOBER 19 2020.......SUNRISE   7:53 AM EDT   SUNSET   6:54 PM EDT
OCTOBER 20 2020.......SUNRISE   7:54 AM EDT   SUNSET   6:52 PM EDT


-  INDICATES NEGATIVE NUMBERS.
R  INDICATES RECORD WAS SET OR TIED.
MM INDICATES DATA IS MISSING.
T  INDICATES TRACE AMOUNT.




$$
