234
CDUS41 KILN 132102
CLICVG


CLIMATE REPORT
NATIONAL WEATHER SERVICE WILMINGTON OH
501 PM EDT SUN OCT 13 2019


...................................

...THE CINCINNATI OH CLIMATE SUMMARY FOR OCTOBER 13 2019...
VALID TODAY AS OF 0500 PM LOCAL TIME.

CLIMATE NORMAL PERIOD 1981 TO 2010
CLIMATE RECORD PERIOD 1869 TO 2019


WEATHER ITEM   OBSERVED TIME   RECORD YEAR NORMAL DEPARTURE LAST
                VALUE   (LST)  VALUE       VALUE  FROM      YEAR
                                                  NORMAL
..................................................................
TEMPERATURE (F)
 TODAY
  MAXIMUM         68    254 PM  88    1928  67      1       51
  MINIMUM         34    555 AM  25    1988  46    -12       40
  AVERAGE         51                        57     -6       46

PRECIPITATION (IN)
  TODAY            0.00          1.44 1983   0.11  -0.11      T
  MONTH TO DATE    0.68                      1.37  -0.69     0.60
  SINCE SEP 1      1.29                      4.00  -2.71     7.36
  SINCE JAN 1     43.10                     33.79   9.31    43.64

SNOWFALL (IN)
  TODAY            0.0           0.0    MM   0.0    0.0      0.0
  MONTH TO DATE    0.0                       0.1   -0.1      0.0
  SINCE SEP 1      0.0                       0.1   -0.1      0.0
  SINCE JUL 1      0.0                       0.1   -0.1      0.0
  SNOW DEPTH       0

DEGREE DAYS
 HEATING
  TODAY           14                         9      5       19
  MONTH TO DATE   52                        95    -43       44
  SINCE SEP 1     52                       153   -101       73
  SINCE JUL 1     52                       153   -101       73

 COOLING
  TODAY            0                         1     -1        0
  MONTH TO DATE   54                        15     39      101
  SINCE SEP 1    374                       152    222      342
  SINCE JAN 1   1496                      1120    376     1640
..................................................................


WIND (MPH)
  HIGHEST WIND SPEED    17   HIGHEST WIND DIRECTION     S (200)
  HIGHEST GUST SPEED    21   HIGHEST GUST DIRECTION     S (190)
  AVERAGE WIND SPEED     8.0


SKY COVER
  POSSIBLE SUNSHINE  MM
  AVERAGE SKY COVER 0.2


WEATHER CONDITIONS
 THE FOLLOWING WEATHER WAS RECORDED TODAY.
  NO SIGNIFICANT WEATHER WAS OBSERVED.


RELATIVE HUMIDITY (PERCENT)
 HIGHEST    82           200 AM
 LOWEST     26           300 PM
 AVERAGE    54

..........................................................


THE CINCINNATI OH CLIMATE NORMALS FOR TOMORROW
                         NORMAL    RECORD    YEAR
 MAXIMUM TEMPERATURE (F)   67        87      1897
 MINIMUM TEMPERATURE (F)   46        27      1979


SUNRISE AND SUNSET
OCTOBER 13 2019.......SUNRISE   746 AM EDT   SUNSET   703 PM EDT
OCTOBER 14 2019.......SUNRISE   747 AM EDT   SUNSET   702 PM EDT


-  INDICATES NEGATIVE NUMBERS.
R  INDICATES RECORD WAS SET OR TIED.
MM INDICATES DATA IS MISSING.
T  INDICATES TRACE AMOUNT.




$$
