433
CDUS42 KMLB 210627
CLIDAB


CLIMATE REPORT
NATIONAL WEATHER SERVICE MELBOURNE FL
127 AM EST WED FEB 21 2018


...................................

...THE DAYTONA BEACH CLIMATE SUMMARY FOR FEBRUARY 20 2018...

CLIMATE NORMAL PERIOD 1981 TO 2010
CLIMATE RECORD PERIOD 1923 TO 2018


WEATHER ITEM   OBSERVED TIME   RECORD YEAR NORMAL DEPARTURE LAST
                VALUE   (LST)  VALUE       VALUE  FROM      YEAR
                                                  NORMAL
..................................................................
TEMPERATURE (F)
 YESTERDAY
  MAXIMUM         81    111 PM  85    1988  71     10       79
  MINIMUM         69    714 AM  29    1958  51     18       54
  AVERAGE         75                        61     14       67

PRECIPITATION (IN)
  YESTERDAY        0.00          0.74 1957   0.09  -0.09     0.00
  MONTH TO DATE    0.34                      1.93  -1.59     0.57
  SINCE DEC 1      7.99                      7.30   0.69     3.25
  SINCE JAN 1      6.80                      4.67   2.13     2.55

SNOWFALL (IN)
  YESTERDAY        0.0
  MONTH TO DATE    0.0
  SINCE JUL 1      0.0

DEGREE DAYS
 HEATING
  YESTERDAY        0                         5     -5        0
  MONTH TO DATE   21                       126   -105       50
  SINCE DEC 1    463                       569   -106      264
  SINCE JUL 1    497                       643   -146      301

 COOLING
  YESTERDAY       10                         1      9        2
  MONTH TO DATE   75                        20     55       26
  SINCE DEC 1    171                       100     71      201
  SINCE JAN 1    102                        49     53       93
..................................................................


WIND (MPH)
  HIGHEST WIND SPEED    17   HIGHEST WIND DIRECTION     E (100)
  HIGHEST GUST SPEED    25   HIGHEST GUST DIRECTION     E (100)
  AVERAGE WIND SPEED     7.7


SKY COVER
  AVERAGE SKY COVER 0.4


WEATHER CONDITIONS
 THE FOLLOWING WEATHER WAS RECORDED YESTERDAY.
  NO SIGNIFICANT WEATHER WAS OBSERVED.


RELATIVE HUMIDITY (PERCENT)
 HIGHEST   100          1200 AM
 LOWEST     69           100 PM
 AVERAGE    85

..........................................................


THE DAYTONA BEACH CLIMATE NORMALS FOR TODAY
                         NORMAL    RECORD    YEAR
 MAXIMUM TEMPERATURE (F)   71        87      1989
                                             1953
 MINIMUM TEMPERATURE (F)   51        32      1977
                                             1972


SUNRISE AND SUNSET
FEBRUARY 21 2018......SUNRISE   658 AM EST   SUNSET   618 PM EST
FEBRUARY 22 2018......SUNRISE   657 AM EST   SUNSET   619 PM EST


-  INDICATES NEGATIVE NUMBERS.
R  INDICATES RECORD WAS SET OR TIED.
MM INDICATES DATA IS MISSING.
T  INDICATES TRACE AMOUNT.




$$
