000
CDUS42 KMLB 212116
CLIDAB


CLIMATE REPORT
NATIONAL WEATHER SERVICE MELBOURNE FL
416 PM EST MON JAN 21 2019


...................................

...THE DAYTONA BEACH CLIMATE SUMMARY FOR JANUARY 21 2019...
VALID TODAY AS OF 0400 PM LOCAL TIME.

CLIMATE NORMAL PERIOD 1981 TO 2010
CLIMATE RECORD PERIOD 1923 TO 2019


WEATHER ITEM   OBSERVED TIME   RECORD YEAR NORMAL DEPARTURE LAST
                VALUE   (LST)  VALUE       VALUE  FROM      YEAR
                                                  NORMAL
..................................................................
TEMPERATURE (F)
 TODAY
  MAXIMUM         55   1245 PM  83    1990  69    -14       69
                                      1959
  MINIMUM         36    752 AM  15    1985  47    -11       53
  AVERAGE         46                        58    -12       61

PRECIPITATION (IN)
  TODAY            0.00          1.51 2010   0.09  -0.09     0.03
  MONTH TO DATE    0.59                      1.82  -1.23     4.90
  SINCE DEC 1      5.47                      4.45   1.02     6.09
  SINCE JAN 1      0.59                      1.82  -1.23     4.90

SNOWFALL (IN)
  TODAY            0.0
  MONTH TO DATE    0.0
  SINCE JUL 1      0.0

DEGREE DAYS
 HEATING
  TODAY           19                         8     11        4
  MONTH TO DATE  127                       168    -41      267
  SINCE DEC 1    276                       360    -84      398
  SINCE JUL 1    346                       434    -88      432

 COOLING
  TODAY            0                         1     -1        0
  MONTH TO DATE   40                        21     19       14
  SINCE DEC 1    120                        72     48       83
  SINCE JAN 1     40                        21     19       14
..................................................................


WIND (MPH)
  HIGHEST WIND SPEED    22   HIGHEST WIND DIRECTION     N (20)
  HIGHEST GUST SPEED    26   HIGHEST GUST DIRECTION     N (20)
  AVERAGE WIND SPEED    10.1


SKY COVER
  AVERAGE SKY COVER 0.1


WEATHER CONDITIONS
 THE FOLLOWING WEATHER WAS RECORDED TODAY.
  NO SIGNIFICANT WEATHER WAS OBSERVED.


RELATIVE HUMIDITY (PERCENT)
 HIGHEST    92           600 AM
 LOWEST     64          1200 PM
 AVERAGE    78

..........................................................


THE DAYTONA BEACH CLIMATE NORMALS FOR TOMORROW
                         NORMAL    RECORD    YEAR
 MAXIMUM TEMPERATURE (F)   69        85      2017
 MINIMUM TEMPERATURE (F)   47        18      1985


SUNRISE AND SUNSET
JANUARY 21 2019.......SUNRISE   718 AM EST   SUNSET   553 PM EST
JANUARY 22 2019.......SUNRISE   718 AM EST   SUNSET   554 PM EST


-  INDICATES NEGATIVE NUMBERS.
R  INDICATES RECORD WAS SET OR TIED.
MM INDICATES DATA IS MISSING.
T  INDICATES TRACE AMOUNT.




$$
