645
CDUS42 KMLB 202016
CLIDAB


CLIMATE REPORT
NATIONAL WEATHER SERVICE MELBOURNE FL
416 PM EDT SUN OCT 20 2019


...................................

...THE DAYTONA BEACH CLIMATE SUMMARY FOR OCTOBER 20 2019...
VALID TODAY AS OF 0400 PM LOCAL TIME.

CLIMATE NORMAL PERIOD 1981 TO 2010
CLIMATE RECORD PERIOD 1923 TO 2019


WEATHER ITEM   OBSERVED TIME   RECORD YEAR NORMAL DEPARTURE LAST
                VALUE   (LST)  VALUE       VALUE  FROM      YEAR
                                                  NORMAL
..................................................................
TEMPERATURE (F)
 TODAY
  MAXIMUM         88    253 PM  93    2006  81      7       89
  MINIMUM         75    658 AM  44    1989  65     10       70
  AVERAGE         82                        73      9       80

PRECIPITATION (IN)
  TODAY            0.04          2.97 1941   0.12  -0.08     0.00
  MONTH TO DATE   13.41                      3.08  10.33     2.25
  SINCE SEP 1     17.66                     10.04   7.62     3.69
  SINCE JAN 1     53.48                     43.17  10.31    52.31

SNOWFALL (IN)
  TODAY            0.0
  MONTH TO DATE    0.0
  SINCE JUL 1      0.0

DEGREE DAYS
 HEATING
  TODAY            0                         0      0        0
  MONTH TO DATE    0                         0      0        0
  SINCE SEP 1      0                         0      0        0
  SINCE JUL 1      0                         0      0        0

 COOLING
  TODAY           17                         8      9       15
  MONTH TO DATE  280                       209     71      296
  SINCE SEP 1    785                       645    140      829
  SINCE JAN 1   3268                      2719    549     3081
..................................................................


WIND (MPH)
  HIGHEST WIND SPEED    20   HIGHEST WIND DIRECTION    SW (230)
  HIGHEST GUST SPEED    24   HIGHEST GUST DIRECTION     W (260)
  AVERAGE WIND SPEED    11.0


SKY COVER
  AVERAGE SKY COVER 0.3


WEATHER CONDITIONS
 THE FOLLOWING WEATHER WAS RECORDED TODAY.
  RAIN
  FOG


RELATIVE HUMIDITY (PERCENT)
 HIGHEST    94           100 AM
 LOWEST     59           200 PM
 AVERAGE    77

..........................................................


THE DAYTONA BEACH CLIMATE NORMALS FOR TOMORROW
                         NORMAL    RECORD    YEAR
 MAXIMUM TEMPERATURE (F)   81        91      1946
 MINIMUM TEMPERATURE (F)   64        41      1989


SUNRISE AND SUNSET
OCTOBER 20 2019.......SUNRISE   728 AM EDT   SUNSET   649 PM EDT
OCTOBER 21 2019.......SUNRISE   729 AM EDT   SUNSET   648 PM EDT


-  INDICATES NEGATIVE NUMBERS.
R  INDICATES RECORD WAS SET OR TIED.
MM INDICATES DATA IS MISSING.
T  INDICATES TRACE AMOUNT.




$$
