363
CDUS42 KMLB 170645
CLIDAB


CLIMATE REPORT
NATIONAL WEATHER SERVICE MELBOURNE FL
245 AM EDT WED OCT 17 2018


...................................

...THE DAYTONA BEACH CLIMATE SUMMARY FOR OCTOBER 16 2018...

CLIMATE NORMAL PERIOD 1981 TO 2010
CLIMATE RECORD PERIOD 1923 TO 2018


WEATHER ITEM   OBSERVED TIME   RECORD YEAR NORMAL DEPARTURE LAST
                VALUE   (LST)  VALUE       VALUE  FROM      YEAR
                                                  NORMAL
..................................................................
TEMPERATURE (F)
 YESTERDAY
  MAXIMUM         90   1217 PM  91    1936  82      8       87
  MINIMUM         72    552 AM  47    1955  66      6       71
  AVERAGE         81                        74      7       79

PRECIPITATION (IN)
  YESTERDAY        0.00          3.85 1950   0.13  -0.13     0.01
  MONTH TO DATE    1.90                      2.58  -0.68     3.59
  SINCE SEP 1      3.34                      9.54  -6.20    13.27
  SINCE JAN 1     51.96                     42.67   9.29    42.94

SNOWFALL (IN)
  YESTERDAY        0.0
  MONTH TO DATE    0.0
  SINCE JUL 1      0.0

DEGREE DAYS
 HEATING
  YESTERDAY        0                         0      0        0
  MONTH TO DATE    0                         0      0        0
  SINCE SEP 1      0                         0      0        0
  SINCE JUL 1      0                         0      0        0

 COOLING
  YESTERDAY       16                         9      7       14
  MONTH TO DATE  238                       174     64      252
  SINCE SEP 1    771                       610    161      734
  SINCE JAN 1   3023                      2684    339     3161
..................................................................


WIND (MPH)
  HIGHEST WIND SPEED    14   HIGHEST WIND DIRECTION     E (80)
  HIGHEST GUST SPEED    18   HIGHEST GUST DIRECTION     E (80)
  AVERAGE WIND SPEED     3.5


SKY COVER
  AVERAGE SKY COVER 0.2


WEATHER CONDITIONS
 THE FOLLOWING WEATHER WAS RECORDED YESTERDAY.
  FOG


RELATIVE HUMIDITY (PERCENT)
 HIGHEST   100          1200 AM
 LOWEST     68          1100 AM
 AVERAGE    84

..........................................................


THE DAYTONA BEACH CLIMATE NORMALS FOR TODAY
                         NORMAL    RECORD    YEAR
 MAXIMUM TEMPERATURE (F)   82        90      1925
 MINIMUM TEMPERATURE (F)   66        46      1943


SUNRISE AND SUNSET
OCTOBER 17 2018.......SUNRISE   727 AM EDT   SUNSET   652 PM EDT
OCTOBER 18 2018.......SUNRISE   727 AM EDT   SUNSET   651 PM EDT


-  INDICATES NEGATIVE NUMBERS.
R  INDICATES RECORD WAS SET OR TIED.
MM INDICATES DATA IS MISSING.
T  INDICATES TRACE AMOUNT.




$$
