000
CDUS42 KMLB 160626
CLIFPR


CLIMATE REPORT
NATIONAL WEATHER SERVICE MELBOURNE FL
226 AM EDT WED OCT 16 2019


...................................

...THE FORT PIERCE CLIMATE SUMMARY FOR OCTOBER 15 2019...

CLIMATE NORMAL PERIOD 1981 TO 2010
CLIMATE RECORD PERIOD 1901 TO 2019


WEATHER ITEM   OBSERVED TIME   RECORD YEAR NORMAL DEPARTURE LAST
                VALUE   (LST)  VALUE       VALUE  FROM      YEAR
                                                  NORMAL
..................................................................
TEMPERATURE (F)
 YESTERDAY
  MAXIMUM         84    154 PM  93    2009  85     -1       87
  MINIMUM         67    633 AM  47    1977  69     -2       74
  AVERAGE         76                        77     -1       81

PRECIPITATION (IN)
  YESTERDAY        0.00          3.67 1956   0.18  -0.18     0.01
  MONTH TO DATE    2.60                      2.71  -0.11     1.62
  SINCE SEP 1      6.23                     10.01  -3.78     5.77
  SINCE JAN 1     40.60                     46.30  -5.70    43.40

SNOWFALL (IN)
  YESTERDAY        0.0
  MONTH TO DATE    0.0
  SINCE JUL 1      0.0

DEGREE DAYS
 HEATING
  YESTERDAY        0                         0      0        0
  MONTH TO DATE    0                         0      0        0
  SINCE SEP 1      0                         0      0        0
  SINCE JUL 1      0                         0      0        0

 COOLING
  YESTERDAY       11                        12     -1       16
  MONTH TO DATE  215                       199     16      249
  SINCE SEP 1    718                       668     50      749
  SINCE JAN 1   3269                      2937    332     3185
..................................................................


WIND (MPH)
  HIGHEST WIND SPEED    15   HIGHEST WIND DIRECTION     E (110)
  HIGHEST GUST SPEED    18   HIGHEST GUST DIRECTION     E (100)
  AVERAGE WIND SPEED     3.8


SKY COVER
  AVERAGE SKY COVER 0.1


WEATHER CONDITIONS
 THE FOLLOWING WEATHER WAS RECORDED YESTERDAY.
  FOG


RELATIVE HUMIDITY (PERCENT)
 HIGHEST    93           500 AM
 LOWEST     58          1100 AM
 AVERAGE    76

..........................................................


THE FORT PIERCE CLIMATE NORMALS FOR TODAY
                         NORMAL    RECORD    YEAR
 MAXIMUM TEMPERATURE (F)   85        95      1997
 MINIMUM TEMPERATURE (F)   69        51      2010
                                             1977


SUNRISE AND SUNSET
OCTOBER 16 2019.......SUNRISE   722 AM EDT   SUNSET   652 PM EDT
OCTOBER 17 2019.......SUNRISE   722 AM EDT   SUNSET   651 PM EDT


-  INDICATES NEGATIVE NUMBERS.
R  INDICATES RECORD WAS SET OR TIED.
MM INDICATES DATA IS MISSING.
T  INDICATES TRACE AMOUNT.




$$
