000
CDUS42 KMLB 200646
CLIFPR


CLIMATE REPORT
NATIONAL WEATHER SERVICE MELBOURNE FL
235 AM EDT SAT OCT 20 2018


...................................

...THE FORT PIERCE CLIMATE SUMMARY FOR OCTOBER 19 2018...

CLIMATE NORMAL PERIOD 1981 TO 2010
CLIMATE RECORD PERIOD 1901 TO 2018


WEATHER ITEM   OBSERVED TIME   RECORD YEAR NORMAL DEPARTURE LAST
                VALUE   (LST)  VALUE       VALUE  FROM      YEAR
                                                  NORMAL
..................................................................
TEMPERATURE (F)
 YESTERDAY
  MAXIMUM         88   1228 PM  93    1960  84      4       85
  MINIMUM         71   1159 PM  50    2009  68      3       77
                                      1927
  AVERAGE         80                        76      4       81

PRECIPITATION (IN)
  YESTERDAY        T             3.78 1959   0.18  -0.18     0.08
  MONTH TO DATE    1.63                      3.39  -1.76     6.36
  SINCE SEP 1      5.78                     10.69  -4.91    24.22
  SINCE JAN 1     43.41                     46.98  -3.57    51.28

SNOWFALL (IN)
  YESTERDAY        0.0
  MONTH TO DATE    0.0
  SINCE JUL 1      0.0

DEGREE DAYS
 HEATING
  YESTERDAY        0                         0      0        0
  MONTH TO DATE    0                         0      0        0
  SINCE SEP 1      0                         0      0        0
  SINCE JUL 1      0                         0      0        0

 COOLING
  YESTERDAY       15                        11      4       16
  MONTH TO DATE  312                       245     67      300
  SINCE SEP 1    812                       714     98      794
  SINCE JAN 1   3248                      2983    265     3451
..................................................................


WIND (MPH)
  HIGHEST WIND SPEED    14   HIGHEST WIND DIRECTION    SE (120)
  HIGHEST GUST SPEED    17   HIGHEST GUST DIRECTION    SE (120)
  AVERAGE WIND SPEED     5.2


SKY COVER
  AVERAGE SKY COVER 0.2


WEATHER CONDITIONS
 THE FOLLOWING WEATHER WAS RECORDED YESTERDAY.
  LIGHT RAIN


RELATIVE HUMIDITY (PERCENT)
 HIGHEST    93           600 AM
 LOWEST     61          1100 AM
 AVERAGE    77

..........................................................


THE FORT PIERCE CLIMATE NORMALS FOR TODAY
                         NORMAL    RECORD    YEAR
 MAXIMUM TEMPERATURE (F)   84        90      2013
                                             2006
                                             1950
 MINIMUM TEMPERATURE (F)   68        45      1989


SUNRISE AND SUNSET
OCTOBER 20 2018.......SUNRISE   724 AM EDT   SUNSET   648 PM EDT
OCTOBER 21 2018.......SUNRISE   725 AM EDT   SUNSET   647 PM EDT


-  INDICATES NEGATIVE NUMBERS.
R  INDICATES RECORD WAS SET OR TIED.
MM INDICATES DATA IS MISSING.
T  INDICATES TRACE AMOUNT.




$$
