000
CDUS42 KMLB 222120
CLIFPR


CLIMATE REPORT
NATIONAL WEATHER SERVICE MELBOURNE FL
419 PM EST THU FEB 22 2018


...................................

...THE FORT PIERCE CLIMATE SUMMARY FOR FEBRUARY 22 2018...
VALID TODAY AS OF 0400 PM LOCAL TIME.

CLIMATE NORMAL PERIOD 1981 TO 2010
CLIMATE RECORD PERIOD 1901 TO 2018


WEATHER ITEM   OBSERVED TIME   RECORD YEAR NORMAL DEPARTURE LAST
                VALUE   (LST)  VALUE       VALUE  FROM      YEAR
                                                  NORMAL
..................................................................
TEMPERATURE (F)
 TODAY
  MAXIMUM         82   1249 PM  89    2003  76      6       75
                                      1997
                                      1929
  MINIMUM         70    710 AM  34    1901  54     16       61
  AVERAGE         76                        65     11       68

PRECIPITATION (IN)
  TODAY            0.00          3.25 1966   0.11  -0.11     0.44
  MONTH TO DATE    0.33                      2.13  -1.80     0.55
  SINCE DEC 1      3.98                      6.81  -2.83     2.70
  SINCE JAN 1      2.40                      4.70  -2.30     1.64

SNOWFALL (IN)
  TODAY            0.0                                       0.0
  MONTH TO DATE    0.0                                       0.0
  SINCE DEC 1      0.0                                       0.0
  SINCE JUL 1      0.0                                       0.0

DEGREE DAYS
 HEATING
  TODAY            0                         3     -3        0
  MONTH TO DATE    8                        79    -71       29
  SINCE DEC 1    259                       335    -76      136
  SINCE JUL 1    277                       361    -84      155

 COOLING
  TODAY           11                         3      8        3
  MONTH TO DATE  150                        54     96       50
  SINCE DEC 1    319                       213    106      336
  SINCE JAN 1    218                       111    107      130
..................................................................


WIND (MPH)
  HIGHEST WIND SPEED    20   HIGHEST WIND DIRECTION     E (110)
  HIGHEST GUST SPEED    24   HIGHEST GUST DIRECTION     E (110)
  AVERAGE WIND SPEED    11.9


SKY COVER
  AVERAGE SKY COVER 0.4


WEATHER CONDITIONS
 THE FOLLOWING WEATHER WAS RECORDED TODAY.
  NO SIGNIFICANT WEATHER WAS OBSERVED.


RELATIVE HUMIDITY (PERCENT)
 HIGHEST    90           700 AM
 LOWEST     62          1100 AM
 AVERAGE    76

..........................................................


THE FORT PIERCE CLIMATE NORMALS FOR TOMORROW
                         NORMAL    RECORD    YEAR
 MAXIMUM TEMPERATURE (F)   76        89      1932
 MINIMUM TEMPERATURE (F)   54        32      1978


SUNRISE AND SUNSET
FEBRUARY 22 2018......SUNRISE   652 AM EST   SUNSET   618 PM EST
FEBRUARY 23 2018......SUNRISE   651 AM EST   SUNSET   618 PM EST


-  INDICATES NEGATIVE NUMBERS.
R  INDICATES RECORD WAS SET OR TIED.
MM INDICATES DATA IS MISSING.
T  INDICATES TRACE AMOUNT.




$$
