000
CDUS42 KMLB 190622
CLIFPR

CLIMATE REPORT
NATIONAL WEATHER SERVICE MELBOURNE FL
222 AM EDT MON OCT 19 2020

...................................

...THE FORT PIERCE CLIMATE SUMMARY FOR OCTOBER 18 2020...

CLIMATE NORMAL PERIOD 1981 TO 2010
CLIMATE RECORD PERIOD 1901 TO 2020


WEATHER ITEM   OBSERVED TIME   RECORD YEAR NORMAL DEPARTURE LAST
                VALUE   (LST)  VALUE       VALUE  FROM      YEAR
                                                  NORMAL
...................................................................
TEMPERATURE (F)
 YESTERDAY
  MAXIMUM         86    117 PM  94    1925  84      2       84
  MINIMUM         77    846 PM  46    2009  68      9       70
  AVERAGE         82                        76      6       77

PRECIPITATION (IN)
  YESTERDAY        0.08          3.55 1953   0.17  -0.09     0.12
  MONTH TO DATE    9.43                      3.21   6.22     2.72
  SINCE SEP 1     14.39                     10.51   3.88     6.35
  SINCE JAN 1     57.98                     46.80  11.18    40.72

SNOWFALL (IN)
  YESTERDAY        0.0
  MONTH TO DATE    0.0
  SINCE JUL 1      0.0

DEGREE DAYS
 HEATING
  YESTERDAY        0                         0      0        0
  MONTH TO DATE    0                         0      0        0
  SINCE SEP 1      0                         0      0        0
  SINCE JUL 1      0                         0      0        0

 COOLING
  YESTERDAY       17                        11      6       12
  MONTH TO DATE  265                       234     31      258
  SINCE SEP 1    748                       703     45      761
  SINCE JAN 1   3541                      2972    569     3312
...................................................................


WIND (MPH)
  HIGHEST WIND SPEED    22   HIGHEST WIND DIRECTION     E (90)
  HIGHEST GUST SPEED    31   HIGHEST GUST DIRECTION     E (70)
  AVERAGE WIND SPEED    10.4


SKY COVER
  AVERAGE SKY COVER 0.4


WEATHER CONDITIONS
THE FOLLOWING WEATHER WAS RECORDED YESTERDAY.
  THUNDERSTORM
  LIGHT RAIN
  FOG


RELATIVE HUMIDITY (PERCENT)
 HIGHEST    94           800 PM
 LOWEST     65          1200 PM
 AVERAGE    80

..........................................................


THE FORT PIERCE CLIMATE NORMALS FOR TODAY
                         NORMAL    RECORD    YEAR
 MAXIMUM TEMPERATURE (F)   84        93      1960
 MINIMUM TEMPERATURE (F)   68        50      1927
                                             2009


SUNRISE AND SUNSET
OCTOBER 19 2020.......SUNRISE   724 AM EDT   SUNSET   648 PM EDT
OCTOBER 20 2020.......SUNRISE   725 AM EDT   SUNSET   647 PM EDT


-  INDICATES NEGATIVE NUMBERS.
R  INDICATES RECORD WAS SET OR TIED.
MM INDICATES DATA IS MISSING.
T  INDICATES TRACE AMOUNT.




$$
