000
CDUS42 KMLB 202131
CLIFPR


CLIMATE REPORT
NATIONAL WEATHER SERVICE MELBOURNE FL
431 PM EST SUN JAN 20 2019


...................................

...THE FORT PIERCE CLIMATE SUMMARY FOR JANUARY 20 2019...
VALID TODAY AS OF 0400 PM LOCAL TIME.

CLIMATE NORMAL PERIOD 1981 TO 2010
CLIMATE RECORD PERIOD 1901 TO 2019


WEATHER ITEM   OBSERVED TIME   RECORD YEAR NORMAL DEPARTURE LAST
                VALUE   (LST)  VALUE       VALUE  FROM      YEAR
                                                  NORMAL
..................................................................
TEMPERATURE (F)
 TODAY
  MAXIMUM         72   1221 PM  87    1963  73     -1       72
  MINIMUM         65    930 AM  24    1977  50     15       49
  AVERAGE         69                        61      8       61

PRECIPITATION (IN)
  TODAY            0.07          2.75 1901   0.08  -0.01     0.00
  MONTH TO DATE    0.21                      1.46  -1.25     1.75
  SINCE DEC 1      2.40                      3.57  -1.17     3.33
  SINCE JAN 1      0.21                      1.46  -1.25     1.75

SNOWFALL (IN)
  TODAY            0.0                                       0.0
  MONTH TO DATE    0.0                                       0.0
  SINCE DEC 1      0.0                                       0.0
  SINCE JUL 1      0.0                                       0.0

DEGREE DAYS
 HEATING
  TODAY            0                         5     -5        4
  MONTH TO DATE   50                       100    -50      144
  SINCE DEC 1    141                       197    -56      237
  SINCE JUL 1    179                       223    -44      255

 COOLING
  TODAY            4                         2      2        0
  MONTH TO DATE   42                        40      2       22
  SINCE DEC 1    182                       142     40      123
  SINCE JAN 1     42                        40      2       22
..................................................................


WIND (MPH)
  HIGHEST WIND SPEED    29   HIGHEST WIND DIRECTION     W (280)
  HIGHEST GUST SPEED    40   HIGHEST GUST DIRECTION     W (290)
  AVERAGE WIND SPEED    17.4


SKY COVER
  AVERAGE SKY COVER 0.4


WEATHER CONDITIONS
 THE FOLLOWING WEATHER WAS RECORDED TODAY.
  RAIN
  LIGHT RAIN
  FOG


RELATIVE HUMIDITY (PERCENT)
 HIGHEST    87           900 AM
 LOWEST     44           200 PM
 AVERAGE    66

..........................................................


THE FORT PIERCE CLIMATE NORMALS FOR TOMORROW
                         NORMAL    RECORD    YEAR
 MAXIMUM TEMPERATURE (F)   73        86      1990
                                             1947
 MINIMUM TEMPERATURE (F)   50        25      1985


SUNRISE AND SUNSET
JANUARY 20 2019.......SUNRISE   712 AM EST   SUNSET   553 PM EST
JANUARY 21 2019.......SUNRISE   712 AM EST   SUNSET   554 PM EST


-  INDICATES NEGATIVE NUMBERS.
R  INDICATES RECORD WAS SET OR TIED.
MM INDICATES DATA IS MISSING.
T  INDICATES TRACE AMOUNT.




$$
