000
CDUS42 KMLB 062025
CLIFPR

CLIMATE REPORT
NATIONAL WEATHER SERVICE MELBOURNE FL
425 PM EDT SAT JUN 06 2020

...................................

...THE FORT PIERCE CLIMATE SUMMARY FOR JUNE 6 2020...
VALID TODAY AS OF 0400 PM LOCAL TIME.

CLIMATE NORMAL PERIOD 1981 TO 2010
CLIMATE RECORD PERIOD 1901 TO 2020


WEATHER ITEM   OBSERVED TIME   RECORD YEAR NORMAL DEPARTURE LAST
                VALUE   (LST)  VALUE       VALUE  FROM      YEAR
                                                  NORMAL
...................................................................
TEMPERATURE (F)
 TODAY
  MAXIMUM         86    158 PM 100    1998  88     -2       90
  MINIMUM         76   1215 AM  63    1963  71      5       72
                                      2011
  AVERAGE         81                        80      1       81

PRECIPITATION (IN)
  TODAY            0.00          2.86 2013   0.26  -0.26     0.00
  MONTH TO DATE    6.53                      1.45   5.08     1.17
  SINCE JUN 1      6.53                      1.45   5.08     1.17
  SINCE JAN 1     22.12                     17.00   5.12    14.28

SNOWFALL (IN)
  TODAY            0.0
  MONTH TO DATE    0.0
  SINCE JUL 1      0.0

DEGREE DAYS
 HEATING
  TODAY            0                         0      0        0
  MONTH TO DATE    0                         0      0        0
  SINCE JUN 1      0                         0      0        0
  SINCE JUL 1    248                       441   -193      292

 COOLING
  TODAY           16                        14      2       16
  MONTH TO DATE   87                        84      3       97
  SINCE JUN 1     87                        84      3       97
  SINCE JAN 1   1260                       870    390     1058
...................................................................


WIND (MPH)
  HIGHEST WIND SPEED    22   HIGHEST WIND DIRECTION    SE (130)
  HIGHEST GUST SPEED    28   HIGHEST GUST DIRECTION    SE (130)
  AVERAGE WIND SPEED    11.7


SKY COVER
  AVERAGE SKY COVER 0.1


WEATHER CONDITIONS
THE FOLLOWING WEATHER WAS RECORDED TODAY.
  NO SIGNIFICANT WEATHER WAS OBSERVED.


RELATIVE HUMIDITY (PERCENT)
 HIGHEST    94           400 AM
 LOWEST     80           100 PM
 AVERAGE    87

..........................................................


THE FORT PIERCE CLIMATE NORMALS FOR TOMORROW
                         NORMAL    RECORD    YEAR
 MAXIMUM TEMPERATURE (F)   88        95      1986
                                             1995
                                             1998
 MINIMUM TEMPERATURE (F)   71        64      1962
                                             1967
                                             2011


SUNRISE AND SUNSET
JUNE  6 2020..........SUNRISE   626 AM EDT   SUNSET   815 PM EDT
JUNE  7 2020..........SUNRISE   626 AM EDT   SUNSET   815 PM EDT


-  INDICATES NEGATIVE NUMBERS.
R  INDICATES RECORD WAS SET OR TIED.
MM INDICATES DATA IS MISSING.
T  INDICATES TRACE AMOUNT.




$$
