000
CDUS42 KMLB 232026
CLIFPR


CLIMATE REPORT
NATIONAL WEATHER SERVICE MELBOURNE FL
426 PM EDT WED MAY 23 2018


...................................

...THE FORT PIERCE CLIMATE SUMMARY FOR MAY 23 2018...
VALID TODAY AS OF 0400 PM LOCAL TIME.

CLIMATE NORMAL PERIOD 1981 TO 2010
CLIMATE RECORD PERIOD 1901 TO 2018


WEATHER ITEM   OBSERVED TIME   RECORD YEAR NORMAL DEPARTURE LAST
                VALUE   (LST)  VALUE       VALUE  FROM      YEAR
                                                  NORMAL
..................................................................
TEMPERATURE (F)
 TODAY
  MAXIMUM         84    226 PM  96    2017  86     -2       96
  MINIMUM         66    526 AM  58    1994  68     -2       74
  AVERAGE         75                        77     -2       85

PRECIPITATION (IN)
  TODAY            0.00          1.73 1982   0.16  -0.16     0.00
  MONTH TO DATE    8.06                      2.37   5.69     2.43
  SINCE MAR 1     13.45                      8.77   4.68     5.96
  SINCE JAN 1     16.15                     14.09   2.06     7.60

SNOWFALL (IN)
  TODAY            0.0                                       0.0
  MONTH TO DATE    0.0                                       0.0
  SINCE MAR 1      0.0                                       0.0
  SINCE JUL 1      0.0                                       0.0

DEGREE DAYS
 HEATING
  TODAY            0                         0      0        0
  MONTH TO DATE    0                         0      0        0
  SINCE MAR 1    110                        63     47       47
  SINCE JUL 1    387                       441    -54      202

 COOLING
  TODAY           10                        12     -2       20
  MONTH TO DATE  236                       238     -2      314
  SINCE MAR 1    534                       554    -20      738
  SINCE JAN 1    801                       681    120      904
..................................................................


WIND (MPH)
  HIGHEST WIND SPEED    16   HIGHEST WIND DIRECTION     E (100)
  HIGHEST GUST SPEED    20   HIGHEST GUST DIRECTION    SE (120)
  AVERAGE WIND SPEED     5.5


SKY COVER
  AVERAGE SKY COVER 0.2


WEATHER CONDITIONS
 THE FOLLOWING WEATHER WAS RECORDED TODAY.
  FOG


RELATIVE HUMIDITY (PERCENT)
 HIGHEST   100           100 AM
 LOWEST     65           100 PM
 AVERAGE    83

..........................................................


THE FORT PIERCE CLIMATE NORMALS FOR TOMORROW
                         NORMAL    RECORD    YEAR
 MAXIMUM TEMPERATURE (F)   87        97      2017
 MINIMUM TEMPERATURE (F)   69        60      1994


SUNRISE AND SUNSET
MAY 23 2018...........SUNRISE   629 AM EDT   SUNSET   808 PM EDT
MAY 24 2018...........SUNRISE   629 AM EDT   SUNSET   808 PM EDT


-  INDICATES NEGATIVE NUMBERS.
R  INDICATES RECORD WAS SET OR TIED.
MM INDICATES DATA IS MISSING.
T  INDICATES TRACE AMOUNT.




$$
