000
CDUS42 KMLB 150648
CLIFPR


CLIMATE REPORT
NATIONAL WEATHER SERVICE MELBOURNE FL
238 AM EDT WED AUG 15 2018


...................................

...THE FORT PIERCE CLIMATE SUMMARY FOR AUGUST 14 2018...

CLIMATE NORMAL PERIOD 1981 TO 2010
CLIMATE RECORD PERIOD 1901 TO 2018


WEATHER ITEM   OBSERVED TIME   RECORD YEAR NORMAL DEPARTURE LAST
                VALUE   (LST)  VALUE       VALUE  FROM      YEAR
                                                  NORMAL
..................................................................
TEMPERATURE (F)
 YESTERDAY
  MAXIMUM         88    356 PM  96    1929  90     -2       93
                                      1923
  MINIMUM         72    502 AM  68    1993  73     -1       71
                                      1987
                                      1986
  AVERAGE         80                        82     -2       82

PRECIPITATION (IN)
  YESTERDAY        0.08          2.25 1910   0.26  -0.18     0.00
  MONTH TO DATE    3.28                      3.51  -0.23     2.45
  SINCE JUN 1     18.17                     16.95   1.22    16.65
  SINCE JAN 1     35.84                     32.50   3.34    25.78

SNOWFALL (IN)
  YESTERDAY        0.0
  MONTH TO DATE    0.0
  SINCE JUL 1      0.0

DEGREE DAYS
 HEATING
  YESTERDAY        0                         0      0        0
  MONTH TO DATE    0                         0      0        0
  SINCE JUN 1      0                         0      0        0
  SINCE JUL 1      0                         0      0        0

 COOLING
  YESTERDAY       15                        17     -2       17
  MONTH TO DATE  235                       238     -3      248
  SINCE JUN 1   1244                      1203     41     1326
  SINCE JAN 1   2156                      1989    167     2356
..................................................................


WIND (MPH)
  HIGHEST WIND SPEED    23   HIGHEST WIND DIRECTION    SE (120)
  HIGHEST GUST SPEED    26   HIGHEST GUST DIRECTION     E (110)
  AVERAGE WIND SPEED     4.0


SKY COVER
  AVERAGE SKY COVER 0.1


WEATHER CONDITIONS
 THE FOLLOWING WEATHER WAS RECORDED YESTERDAY.
  THUNDERSTORM
  RAIN
  LIGHT RAIN
  FOG


RELATIVE HUMIDITY (PERCENT)
 HIGHEST   100           300 AM
 LOWEST     63           300 PM
 AVERAGE    82

..........................................................


THE FORT PIERCE CLIMATE NORMALS FOR TODAY
                         NORMAL    RECORD    YEAR
 MAXIMUM TEMPERATURE (F)   90        97      1929
 MINIMUM TEMPERATURE (F)   73        66      1987


SUNRISE AND SUNSET
AUGUST 15 2018........SUNRISE   652 AM EDT   SUNSET   759 PM EDT
AUGUST 16 2018........SUNRISE   653 AM EDT   SUNSET   758 PM EDT


-  INDICATES NEGATIVE NUMBERS.
R  INDICATES RECORD WAS SET OR TIED.
MM INDICATES DATA IS MISSING.
T  INDICATES TRACE AMOUNT.




$$
