000
CDUS42 KJAX 220532
CLIGNV

CLIMATE REPORT
NATIONAL WEATHER SERVICE JACKSONVILLE FL
132 AM EDT THU OCT 22 2020

...................................

...THE GAINESVILLE CLIMATE SUMMARY FOR OCTOBER 21 2020...

CLIMATE NORMAL PERIOD: 1981 TO 2010
CLIMATE RECORD PERIOD: 1890 TO 2020


WEATHER ITEM   OBSERVED TIME   RECORD YEAR NORMAL DEPARTURE LAST
                VALUE   (LST)  VALUE       VALUE  FROM      YEAR
                                                  NORMAL
...................................................................
TEMPERATURE (F)
 YESTERDAY
  MAXIMUM         85   3:17 PM  89    2005  80      5       80
  MINIMUM         70  11:31 PM  33    1989  59     11       61
  AVERAGE         78                        69      9       71

PRECIPITATION (IN)
  YESTERDAY        0.40          9.93 1941   0.07   0.33     0.58
  MONTH TO DATE    1.53                      2.20  -0.67     3.21
  SINCE SEP 1      9.13                      6.62   2.51     4.14
  SINCE JAN 1     45.95                     42.19   3.76    41.45

SNOWFALL (IN)
  YESTERDAY        0.0           0.0    MM

DEGREE DAYS
 HEATING
  YESTERDAY        0                         1     -1        0
  MONTH TO DATE    0                         9     -9        0
  SINCE SEP 1      0                         9     -9        0
  SINCE JUL 1      0                         9     -9        0

 COOLING
  YESTERDAY       13                         6      7        6
  MONTH TO DATE  222                       166     56      223
  SINCE SEP 1    649                       562     87      698
  SINCE JAN 1   2842                      2506    336     3239
...................................................................


WIND (MPH)
  HIGHEST WIND SPEED    20   HIGHEST WIND DIRECTION    SE (120)
  HIGHEST GUST SPEED    24   HIGHEST GUST DIRECTION     E (110)
  AVERAGE WIND SPEED     8.4


SKY COVER
  AVERAGE SKY COVER 0.4


WEATHER CONDITIONS
THE FOLLOWING WEATHER WAS RECORDED YESTERDAY.
  THUNDERSTORM
  HEAVY RAIN
  RAIN
  LIGHT RAIN
  FOG


RELATIVE HUMIDITY (PERCENT)
 HIGHEST   100          12:00 AM
 LOWEST     72           3:00 PM
 AVERAGE    86

..........................................................


THE GAINESVILLE CLIMATE NORMALS FOR TODAY
                         NORMAL    RECORD    YEAR
 MAXIMUM TEMPERATURE (F)   80        90      2006
 MINIMUM TEMPERATURE (F)   58        38      1989


SUNRISE AND SUNSET
OCTOBER 22 2020.......SUNRISE   7:36 AM EDT   SUNSET   6:51 PM EDT
OCTOBER 23 2020.......SUNRISE   7:36 AM EDT   SUNSET   6:50 PM EDT


-  INDICATES NEGATIVE NUMBERS.
R  INDICATES RECORD WAS SET OR TIED.
MM INDICATES DATA IS MISSING.
T  INDICATES TRACE AMOUNT.




$$
