000
CDUS42 KJAX 160527
CLIGNV


CLIMATE REPORT
NATIONAL WEATHER SERVICE JACKSONVILLE FL
127 AM EDT MON JUL 16 2018


...................................

...THE GAINESVILLE CLIMATE SUMMARY FOR JULY 15 2018...

CLIMATE NORMAL PERIOD 1981 TO 2010
CLIMATE RECORD PERIOD 1890 TO 2018


WEATHER ITEM   OBSERVED TIME   RECORD YEAR NORMAL DEPARTURE LAST
                VALUE   (LST)  VALUE       VALUE  FROM      YEAR
                                                  NORMAL
..................................................................
TEMPERATURE (F)
 YESTERDAY
  MAXIMUM         93   1153 AM 101    1932  91      2       92
                                      1893
  MINIMUM         74    608 AM  60    1897  72      2       73
  AVERAGE         84                        81      3       83

PRECIPITATION (IN)
  YESTERDAY        0.37          2.95 1921   0.18   0.19     0.00
  MONTH TO DATE    1.55                      3.09  -1.54     2.82
  SINCE JUN 1      7.10                     10.21  -3.11    19.68
  SINCE JAN 1     31.28                     26.20   5.08    29.38

SNOWFALL (IN)
  YESTERDAY        0.0           0.0    MM   0.0    0.0      0.0
  MONTH TO DATE    0.0                       0.0    0.0      0.0
  SINCE JUN 1      0.0                       0.0    0.0      0.0
  SINCE JUL 1      0.0                       0.0    0.0      0.0
  SNOW DEPTH       0

DEGREE DAYS
 HEATING
  YESTERDAY        0                         0      0        0
  MONTH TO DATE    0                         0      0        0
  SINCE JUN 1      0                         0      0        0
  SINCE JUL 1      0                         0      0        0

 COOLING
  YESTERDAY       19                        16      3       18
  MONTH TO DATE  276                       240     36      264
  SINCE JUN 1    802                       679    123      694
  SINCE JAN 1   1479                      1189    290     1377
..................................................................


WIND (MPH)
  HIGHEST WIND SPEED    25   HIGHEST WIND DIRECTION    SE (130)
  HIGHEST GUST SPEED    43   HIGHEST GUST DIRECTION    SE (140)
  AVERAGE WIND SPEED     2.3


SKY COVER
  POSSIBLE SUNSHINE  MM
  AVERAGE SKY COVER 0.1


WEATHER CONDITIONS
 THE FOLLOWING WEATHER WAS RECORDED YESTERDAY.
  THUNDERSTORM
  HEAVY RAIN
  RAIN
  LIGHT RAIN
  FOG
  HAZE


RELATIVE HUMIDITY (PERCENT)
 HIGHEST    94           100 AM
 LOWEST     56          1100 AM
 AVERAGE    75

..........................................................


THE GAINESVILLE CLIMATE NORMALS FOR TODAY
                         NORMAL    RECORD    YEAR
 MAXIMUM TEMPERATURE (F)   91       100      1893
 MINIMUM TEMPERATURE (F)   72        64      1967


SUNRISE AND SUNSET
JULY 16 2018..........SUNRISE   639 AM EDT   SUNSET   831 PM EDT
JULY 17 2018..........SUNRISE   640 AM EDT   SUNSET   830 PM EDT


-  INDICATES NEGATIVE NUMBERS.
R  INDICATES RECORD WAS SET OR TIED.
MM INDICATES DATA IS MISSING.
T  INDICATES TRACE AMOUNT.




$$
