000
CDUS42 KJAX 160529
CLIGNV


CLIMATE REPORT
NATIONAL WEATHER SERVICE JACKSONVILLE FL
1229 AM EST WED JAN 16 2019


...................................

...THE GAINESVILLE CLIMATE SUMMARY FOR JANUARY 15 2019...

CLIMATE NORMAL PERIOD 1981 TO 2010
CLIMATE RECORD PERIOD 1890 TO 2019


WEATHER ITEM   OBSERVED TIME   RECORD YEAR NORMAL DEPARTURE LAST
                VALUE   (LST)  VALUE       VALUE  FROM      YEAR
                                                  NORMAL
..................................................................
TEMPERATURE (F)
 YESTERDAY
  MAXIMUM         56    333 PM  83    1989  66    -10       59
  MINIMUM         37    949 PM  20    1948  42     -5       32
  AVERAGE         47                        54     -7       46

PRECIPITATION (IN)
  YESTERDAY        0.00          1.28 1921   0.11  -0.11     0.00
  MONTH TO DATE    0.69                      1.42  -0.73     1.40
  SINCE DEC 1      9.37                      3.90   5.47     4.05
  SINCE JAN 1      0.69                      1.42  -0.73     1.40

SNOWFALL (IN)
  YESTERDAY        0.0           0.0    MM   0.0    0.0      0.0
  MONTH TO DATE    0.0                       0.0    0.0      0.0
  SINCE DEC 1      0.0                       0.0    0.0      0.0
  SINCE JUL 1      0.0                       0.0    0.0      0.0
  SNOW DEPTH       0

DEGREE DAYS
 HEATING
  YESTERDAY       18                        11      7       19
  MONTH TO DATE  108                       173    -65      256
  SINCE DEC 1    328                       469   -141      508
  SINCE JUL 1    460                       630   -170      642

 COOLING
  YESTERDAY        0                         0      0        0
  MONTH TO DATE   22                         0     22        8
  SINCE DEC 1     65                        22     43       41
  SINCE JAN 1     22                         0     22        8
..................................................................


WIND (MPH)
  HIGHEST WIND SPEED    12   HIGHEST WIND DIRECTION     N (10)
  HIGHEST GUST SPEED    16   HIGHEST GUST DIRECTION     N (20)
  AVERAGE WIND SPEED     4.8


SKY COVER
  POSSIBLE SUNSHINE  MM
  AVERAGE SKY COVER 0.7


WEATHER CONDITIONS
 THE FOLLOWING WEATHER WAS RECORDED YESTERDAY.
  NO SIGNIFICANT WEATHER WAS OBSERVED.


RELATIVE HUMIDITY (PERCENT)
 HIGHEST    92           900 PM
 LOWEST     54           400 PM
 AVERAGE    73

..........................................................


THE GAINESVILLE CLIMATE NORMALS FOR TODAY
                         NORMAL    RECORD    YEAR
 MAXIMUM TEMPERATURE (F)   66        84      1950
                                             1947
                                             1928
 MINIMUM TEMPERATURE (F)   42        20      1927


SUNRISE AND SUNSET
JANUARY 16 2019.......SUNRISE   725 AM EST   SUNSET   553 PM EST
JANUARY 17 2019.......SUNRISE   725 AM EST   SUNSET   554 PM EST


-  INDICATES NEGATIVE NUMBERS.
R  INDICATES RECORD WAS SET OR TIED.
MM INDICATES DATA IS MISSING.
T  INDICATES TRACE AMOUNT.




$$
