000
CDUS42 KJAX 230529
CLIGNV


CLIMATE REPORT
NATIONAL WEATHER SERVICE JACKSONVILLE FL
128 AM EDT MON APR 23 2018


...................................

...THE GAINESVILLE CLIMATE SUMMARY FOR APRIL 22 2018...

CLIMATE NORMAL PERIOD 1981 TO 2010
CLIMATE RECORD PERIOD 1890 TO 2018


WEATHER ITEM   OBSERVED TIME   RECORD YEAR NORMAL DEPARTURE LAST
                VALUE   (LST)  VALUE       VALUE  FROM      YEAR
                                                  NORMAL
..................................................................
TEMPERATURE (F)
 YESTERDAY
  MAXIMUM         81    202 PM  94    1968  82     -1       88
  MINIMUM         67    626 AM  41    1901  56     11       60
  AVERAGE         74                        69      5       74

PRECIPITATION (IN)
  YESTERDAY        T             1.09 1958   0.08  -0.08     0.00
  MONTH TO DATE    6.97                      2.06   4.91     2.74
  SINCE MAR 1      9.38                      6.39   2.99     3.41
  SINCE JAN 1     15.28                     12.90   2.38     5.25

SNOWFALL (IN)
  YESTERDAY        0.0           0.0    MM   0.0    0.0      0.0
  MONTH TO DATE    0.0                       0.0    0.0      0.0
  SINCE MAR 1      0.0                       0.0    0.0      0.0
  SINCE JUL 1      0.0                       0.0    0.0      0.0
  SNOW DEPTH       0

DEGREE DAYS
 HEATING
  YESTERDAY        0                         1     -1        0
  MONTH TO DATE   17                        37    -20       18
  SINCE MAR 1    201                       174     27      143
  SINCE JUL 1   1104                      1208   -104      646

 COOLING
  YESTERDAY        9                         5      4        9
  MONTH TO DATE   94                        77     17      105
  SINCE MAR 1    145                       131     14      178
  SINCE JAN 1    273                       163    110      262
..................................................................


WIND (MPH)
  HIGHEST WIND SPEED    23   HIGHEST WIND DIRECTION     E (110)
  HIGHEST GUST SPEED    27   HIGHEST GUST DIRECTION     E (100)
  AVERAGE WIND SPEED    11.6


SKY COVER
  POSSIBLE SUNSHINE  MM
  AVERAGE SKY COVER 0.7


WEATHER CONDITIONS
 THE FOLLOWING WEATHER WAS RECORDED YESTERDAY.
  LIGHT RAIN


RELATIVE HUMIDITY (PERCENT)
 HIGHEST    84          1000 PM
 LOWEST     58          1000 AM
 AVERAGE    71

..........................................................


THE GAINESVILLE CLIMATE NORMALS FOR TODAY
                         NORMAL    RECORD    YEAR
 MAXIMUM TEMPERATURE (F)   82        92      1970
                                             1964
 MINIMUM TEMPERATURE (F)   56        41      1993


SUNRISE AND SUNSET
APRIL 23 2018.........SUNRISE   654 AM EDT   SUNSET   801 PM EDT
APRIL 24 2018.........SUNRISE   653 AM EDT   SUNSET   802 PM EDT


-  INDICATES NEGATIVE NUMBERS.
R  INDICATES RECORD WAS SET OR TIED.
MM INDICATES DATA IS MISSING.
T  INDICATES TRACE AMOUNT.




$$
