000
CDUS42 KJAX 260546
CLIGNV

CLIMATE REPORT
NATIONAL WEATHER SERVICE JACKSONVILLE FL
146 AM EDT TUE MAY 26 2020

...................................

...THE GAINESVILLE CLIMATE SUMMARY FOR MAY 25 2020...

CLIMATE NORMAL PERIOD: 1981 TO 2010
CLIMATE RECORD PERIOD: 1890 TO 2020


WEATHER ITEM   OBSERVED TIME   RECORD YEAR NORMAL DEPARTURE LAST
                VALUE   (LST)  VALUE       VALUE  FROM      YEAR
                                                  NORMAL
...................................................................
TEMPERATURE (F)
 YESTERDAY
  MAXIMUM         81  11:18 AM  99    2019  89     -8       99
  MINIMUM         70   9:46 PM  52    1931  65      5       69
  AVERAGE         76                        77     -1       84

PRECIPITATION (IN)
  YESTERDAY        0.37          2.18 1970   0.11   0.26     0.00
  MONTH TO DATE    1.06                      1.80  -0.74     2.35
  SINCE MAR 1      7.54                      8.80  -1.26     6.64
  SINCE JAN 1     10.74                     15.31  -4.57    13.07

SNOWFALL (IN)
  YESTERDAY        0.0

DEGREE DAYS
 HEATING
  YESTERDAY        0                         0      0        0
  MONTH TO DATE    7                         0      7        0
  SINCE MAR 1     83                       180    -97       81
  SINCE JUL 1    829                      1214   -385      763

 COOLING
  YESTERDAY       11                        12     -1       19
  MONTH TO DATE  193                       229    -36      369
  SINCE MAR 1    541                       404    137      688
  SINCE JAN 1    637                       436    201      843
...................................................................


WIND (MPH)
  HIGHEST WIND SPEED    22   HIGHEST WIND DIRECTION     E (90)
  HIGHEST GUST SPEED    28   HIGHEST GUST DIRECTION     E (100)
  AVERAGE WIND SPEED     8.1


SKY COVER
  AVERAGE SKY COVER 0.5


WEATHER CONDITIONS
THE FOLLOWING WEATHER WAS RECORDED YESTERDAY.
  HEAVY RAIN
  RAIN
  LIGHT RAIN
  FOG


RELATIVE HUMIDITY (PERCENT)
 HIGHEST   100           2:00 PM
 LOWEST     76          11:00 AM
 AVERAGE    88

..........................................................


THE GAINESVILLE CLIMATE NORMALS FOR TODAY
                         NORMAL    RECORD    YEAR
 MAXIMUM TEMPERATURE (F)   89       100      2019
 MINIMUM TEMPERATURE (F)   65        46      1979


SUNRISE AND SUNSET
MAY 26 2020...........SUNRISE   6:31 AM EDT   SUNSET   8:22 PM EDT
MAY 27 2020...........SUNRISE   6:30 AM EDT   SUNSET   8:22 PM EDT


-  INDICATES NEGATIVE NUMBERS.
R  INDICATES RECORD WAS SET OR TIED.
MM INDICATES DATA IS MISSING.
T  INDICATES TRACE AMOUNT.




$$
