000
CDUS42 KJAX 202129
CLIGNV


CLIMATE REPORT
NATIONAL WEATHER SERVICE JACKSONVILLE FL
529 PM EDT SUN OCT 20 2019


...................................

...THE GAINESVILLE CLIMATE SUMMARY FOR OCTOBER 20 2019...
VALID TODAY AS OF 0500 PM LOCAL TIME.

CLIMATE NORMAL PERIOD 1981 TO 2010
CLIMATE RECORD PERIOD 1890 TO 2019


WEATHER ITEM   OBSERVED TIME   RECORD YEAR NORMAL DEPARTURE LAST
                VALUE   (LST)  VALUE       VALUE  FROM      YEAR
                                                  NORMAL
..................................................................
TEMPERATURE (F)
 TODAY
  MAXIMUM         84    338 PM  91    2018  80      4       91
                                      2006
  MINIMUM         70    909 AM  38    1989  59     11       67
  AVERAGE         77                        70      7       79

PRECIPITATION (IN)
  TODAY            T             4.00 1944   0.08  -0.08     0.00
  MONTH TO DATE    2.63                      2.13   0.50     0.41
  SINCE SEP 1      3.56                      6.55  -2.99     3.48
  SINCE JAN 1     40.87                     42.12  -1.25    48.59

SNOWFALL (IN)
  TODAY            0.0           0.0    MM   0.0    0.0      0.0
  MONTH TO DATE    0.0                       0.0    0.0      0.0
  SINCE SEP 1      0.0                       0.0    0.0      0.0
  SINCE JUL 1      0.0                       0.0    0.0      0.0
  SNOW DEPTH       0

DEGREE DAYS
 HEATING
  TODAY            0                         1     -1        0
  MONTH TO DATE    0                         8     -8        0
  SINCE SEP 1      0                         8     -8        0
  SINCE JUL 1      0                         8     -8        0

 COOLING
  TODAY           12                         6      6       14
  MONTH TO DATE  220                       160     60      280
  SINCE SEP 1    695                       556    139      843
  SINCE JAN 1   3236                      2500    736     3192
..................................................................


WIND (MPH)
  HIGHEST WIND SPEED    14   HIGHEST WIND DIRECTION     W (270)
  HIGHEST GUST SPEED    21   HIGHEST GUST DIRECTION     W (270)
  AVERAGE WIND SPEED    10.2


SKY COVER
  POSSIBLE SUNSHINE  MM
  AVERAGE SKY COVER 0.3


WEATHER CONDITIONS
 THE FOLLOWING WEATHER WAS RECORDED TODAY.
  LIGHT RAIN
  FOG


RELATIVE HUMIDITY (PERCENT)
 HIGHEST    93           200 AM
 LOWEST     51           300 PM
 AVERAGE    72

..........................................................


THE GAINESVILLE CLIMATE NORMALS FOR TOMORROW
                         NORMAL    RECORD    YEAR
 MAXIMUM TEMPERATURE (F)   80        89      2005
                                             1936
                                             1919
 MINIMUM TEMPERATURE (F)   59        33      1989


SUNRISE AND SUNSET
OCTOBER 20 2019.......SUNRISE   734 AM EDT   SUNSET   654 PM EDT
OCTOBER 21 2019.......SUNRISE   734 AM EDT   SUNSET   653 PM EDT


-  INDICATES NEGATIVE NUMBERS.
R  INDICATES RECORD WAS SET OR TIED.
MM INDICATES DATA IS MISSING.
T  INDICATES TRACE AMOUNT.




$$
