000
CDUS42 KJAX 242233
CLIJAX


CLIMATE REPORT
NATIONAL WEATHER SERVICE JACKSONVILLE FL
533 PM EST FRI JAN 24 2020

...................................

...THE JACKSONVILLE CLIMATE SUMMARY FOR JANUARY 24 2020...
VALID TODAY AS OF 0500 PM LOCAL TIME.

CLIMATE NORMAL PERIOD: 1981 TO 2010
CLIMATE RECORD PERIOD: 1871 TO 2020


WEATHER ITEM   OBSERVED TIME   RECORD YEAR NORMAL DEPARTURE LAST
                VALUE   (LST)  VALUE       VALUE  FROM      YEAR
                                                  NORMAL
...................................................................
TEMPERATURE (F)
 TODAY
  MAXIMUM         78   1:35 PM  83    1937  65     13       71
  MINIMUM         56   5:29 AM  19    2003  42     14       44
  AVERAGE         67                        53     14       58

PRECIPITATION (IN)
  TODAY            T             2.18 1881   0.12  -0.12     2.16
  MONTH TO DATE    0.07                      2.49  -2.42     3.16
  SINCE DEC 1      4.93                      5.29  -0.36     8.12
  SINCE JAN 1      0.07                      2.49  -2.42     3.16

SNOWFALL (IN)
  TODAY

DEGREE DAYS
 HEATING
  TODAY            0                        12    -12        7
  MONTH TO DATE  157                       301   -144      196
  SINCE DEC 1    330                       624   -294      443
  SINCE JUL 1    496                       797   -301      592

 COOLING
  TODAY            2                         0      2        0
  MONTH TO DATE   64                         0     64       20
  SINCE DEC 1    108                        21     87       59
  SINCE JAN 1     64                         0     64       20
...................................................................


WIND (MPH)
  HIGHEST WIND SPEED    18   HIGHEST WIND DIRECTION     S (170)
  HIGHEST GUST SPEED    22   HIGHEST GUST DIRECTION    SW (220)
  AVERAGE WIND SPEED     6.5


SKY COVER
  AVERAGE SKY COVER 0.9


WEATHER CONDITIONS
THE FOLLOWING WEATHER WAS RECORDED TODAY.
  LIGHT RAIN
  FOG


RELATIVE HUMIDITY (PERCENT)
 HIGHEST    93           2:00 AM
 LOWEST     57           4:00 PM
 AVERAGE    75

..........................................................


THE JACKSONVILLE CLIMATE NORMALS FOR TOMORROW
                         NORMAL    RECORD    YEAR
 MAXIMUM TEMPERATURE (F)   65        83      1990
 MINIMUM TEMPERATURE (F)   42        20      2003


SUNRISE AND SUNSET
JANUARY 24 2020.......SUNRISE   7:22 AM EST   SUNSET   5:56 PM EST
JANUARY 25 2020.......SUNRISE   7:22 AM EST   SUNSET   5:57 PM EST


-  INDICATES NEGATIVE NUMBERS.
R  INDICATES RECORD WAS SET OR TIED.
MM INDICATES DATA IS MISSING.
T  INDICATES TRACE AMOUNT.




$$
