000
CDUS42 KJAX 230527
CLIJAX


CLIMATE REPORT
NATIONAL WEATHER SERVICE JACKSONVILLE FL
127 AM EDT WED OCT 23 2019


...................................

...THE JACKSONVILLE CLIMATE SUMMARY FOR OCTOBER 22 2019...

CLIMATE NORMAL PERIOD 1981 TO 2010
CLIMATE RECORD PERIOD 1871 TO 2019


WEATHER ITEM   OBSERVED TIME   RECORD YEAR NORMAL DEPARTURE LAST
                VALUE   (LST)  VALUE       VALUE  FROM      YEAR
                                                  NORMAL
..................................................................
TEMPERATURE (F)
 YESTERDAY
  MAXIMUM         91   1211 PM  92    2006  79     12       79
  MINIMUM         66   1159 PM  39    2011  58      8       52
                                      1976
  AVERAGE         79                        69     10       66

PRECIPITATION (IN)
  YESTERDAY        0.38          5.26 1933   0.09   0.29     0.00
  MONTH TO DATE    2.37                      3.24  -0.87     1.19
  SINCE SEP 1      4.72                     11.43  -6.71     4.60
  SINCE JAN 1     36.85                     46.79  -9.94    49.56

SNOWFALL (IN)
  YESTERDAY        0.0           0.0  2002   0.0    0.0      0.0
                                      2001
  MONTH TO DATE    0.0                       0.0    0.0      0.0
  SINCE SEP 1      0.0                       0.0    0.0      0.0
  SINCE JUL 1      0.0                       0.0    0.0      0.0
  SNOW DEPTH       0

DEGREE DAYS
 HEATING
  YESTERDAY        0                         1     -1        0
  MONTH TO DATE    0                        10    -10        1
  SINCE SEP 1      0                        10    -10        1
  SINCE JUL 1      0                        10    -10        1

 COOLING
  YESTERDAY       14                         5      9        1
  MONTH TO DATE  231                       161     70      275
  SINCE SEP 1    728                       557    171      806
  SINCE JAN 1   3121                      2547    574     2993
..................................................................


WIND (MPH)
  HIGHEST WIND SPEED    22   HIGHEST WIND DIRECTION     W (270)
  HIGHEST GUST SPEED    28   HIGHEST GUST DIRECTION     W (280)
  AVERAGE WIND SPEED     7.9


SKY COVER
  POSSIBLE SUNSHINE  MM
  AVERAGE SKY COVER 0.7


WEATHER CONDITIONS
 THE FOLLOWING WEATHER WAS RECORDED YESTERDAY.
  THUNDERSTORM
  HEAVY RAIN
  RAIN
  LIGHT RAIN
  FOG
  HAZE


RELATIVE HUMIDITY (PERCENT)
 HIGHEST    94          1200 AM
 LOWEST     59          1200 PM
 AVERAGE    77

..........................................................


THE JACKSONVILLE CLIMATE NORMALS FOR TODAY
                         NORMAL    RECORD    YEAR
 MAXIMUM TEMPERATURE (F)   79        88      2007
                                             1981
 MINIMUM TEMPERATURE (F)   58        40      1976


SUNRISE AND SUNSET
OCTOBER 23 2019.......SUNRISE   734 AM EDT   SUNSET   647 PM EDT
OCTOBER 24 2019.......SUNRISE   735 AM EDT   SUNSET   646 PM EDT


-  INDICATES NEGATIVE NUMBERS.
R  INDICATES RECORD WAS SET OR TIED.
MM INDICATES DATA IS MISSING.
T  INDICATES TRACE AMOUNT.




$$
