000
CDUS42 KJAX 150943
CLIJAX


CLIMATE REPORT
NATIONAL WEATHER SERVICE JACKSONVILLE FL
442 AM EST SAT DEC 15 2018


...................................

...THE JACKSONVILLE CLIMATE SUMMARY FOR DECEMBER 14 2018...

CLIMATE NORMAL PERIOD 1981 TO 2010
CLIMATE RECORD PERIOD 1871 TO 2018


WEATHER ITEM   OBSERVED TIME   RECORD YEAR NORMAL DEPARTURE LAST
                VALUE   (LST)  VALUE       VALUE  FROM      YEAR
                                                  NORMAL
..................................................................
TEMPERATURE (F)
 YESTERDAY
  MAXIMUM         69    206 PM  82    1956  67      2       70
  MINIMUM         61    754 AM  20    2010  44     17       43
  AVERAGE         65                        55     10       57

PRECIPITATION (IN)
  YESTERDAY        1.11          2.07 1945   0.08   1.03     0.00
  MONTH TO DATE    2.52                      1.22   1.30     2.18
  SINCE DEC 1      2.52                      1.22   1.30     2.18
  SINCE JAN 1     57.40                     50.81   6.59    69.87

SNOWFALL (IN)
  YESTERDAY        0.0           0.0  2001   0.0    0.0      0.0
  MONTH TO DATE    0.0                       0.0    0.0      0.0
  SINCE DEC 1      0.0                       0.0    0.0      0.0
  SINCE JUL 1      0.0                       0.0    0.0      0.0
  SNOW DEPTH       0

DEGREE DAYS
 HEATING
  YESTERDAY        0                        10    -10        8
  MONTH TO DATE  129                       126      3      120
  SINCE DEC 1    129                       126      3      120
  SINCE JUL 1    278                       299    -21      216

 COOLING
  YESTERDAY        0                         1     -1        0
  MONTH TO DATE   17                        14      3       16
  SINCE DEC 1     17                        14      3       16
  SINCE JAN 1   3128                      2658    470     3033
..................................................................


WIND (MPH)
  HIGHEST WIND SPEED    23   HIGHEST WIND DIRECTION    SE (130)
  HIGHEST GUST SPEED    33   HIGHEST GUST DIRECTION    SE (150)
  AVERAGE WIND SPEED     5.6


SKY COVER
  POSSIBLE SUNSHINE  MM
  AVERAGE SKY COVER 1.0


WEATHER CONDITIONS
 THE FOLLOWING WEATHER WAS RECORDED YESTERDAY.
  HEAVY RAIN
  RAIN
  LIGHT RAIN
  FOG


RELATIVE HUMIDITY (PERCENT)
 HIGHEST   100           400 AM
 LOWEST     93          1200 AM
 AVERAGE    97

..........................................................


THE JACKSONVILLE CLIMATE NORMALS FOR TODAY
                         NORMAL    RECORD    YEAR
 MAXIMUM TEMPERATURE (F)   67        84      2009
 MINIMUM TEMPERATURE (F)   44        21      2010


SUNRISE AND SUNSET
DECEMBER 15 2018......SUNRISE   716 AM EST   SUNSET   528 PM EST
DECEMBER 16 2018......SUNRISE   717 AM EST   SUNSET   528 PM EST


-  INDICATES NEGATIVE NUMBERS.
R  INDICATES RECORD WAS SET OR TIED.
MM INDICATES DATA IS MISSING.
T  INDICATES TRACE AMOUNT.




$$
