000
CDUS42 KJAX 220539
CLIJAX


CLIMATE REPORT
NATIONAL WEATHER SERVICE JACKSONVILLE FL
1237 AM EST THU FEB 22 2018


...................................

...THE JACKSONVILLE CLIMATE SUMMARY FOR FEBRUARY 21 2018...

CLIMATE NORMAL PERIOD 1981 TO 2010
CLIMATE RECORD PERIOD 1871 TO 2018


WEATHER ITEM   OBSERVED TIME   RECORD YEAR NORMAL DEPARTURE LAST
                VALUE   (LST)  VALUE       VALUE  FROM      YEAR
                                                  NORMAL
..................................................................
TEMPERATURE (F)
 YESTERDAY
  MAXIMUM         84    124 PM  85    1997  69     15       77
                                      1991
                                      1953
  MINIMUM         67    735 AM  25    1958  46     21       53
  AVERAGE         76                        58     18       65

PRECIPITATION (IN)
  YESTERDAY        0.00          1.77 1904   0.12  -0.12     0.00
  MONTH TO DATE    1.37                      2.33  -0.96     0.48
  SINCE DEC 1      7.43                      8.43  -1.00     6.82
  SINCE JAN 1      5.01                      5.63  -0.62     4.53

SNOWFALL (IN)
  YESTERDAY        0.0           0.0  2002   0.0    0.0      0.0
  MONTH TO DATE    0.0                       0.0    0.0      0.0
  SINCE DEC 1      0.0                       T      0.0      0.0
  SINCE JUL 1      0.0                       T      0.0      0.0
  SNOW DEPTH       0

DEGREE DAYS
 HEATING
  YESTERDAY        0                         8     -8        0
  MONTH TO DATE   66                       203   -137       95
  SINCE DEC 1    768                       906   -138      462
  SINCE JUL 1    864                      1079   -215      592

 COOLING
  YESTERDAY       11                         1     10        0
  MONTH TO DATE   66                        16     50       11
  SINCE DEC 1    120                        48     72       90
  SINCE JAN 1     76                        27     49       47
..................................................................


WIND (MPH)
  HIGHEST WIND SPEED    17   HIGHEST WIND DIRECTION    SE (130)
  HIGHEST GUST SPEED    21   HIGHEST GUST DIRECTION     E (110)
  AVERAGE WIND SPEED     8.5


SKY COVER
  POSSIBLE SUNSHINE  MM
  AVERAGE SKY COVER 0.4


WEATHER CONDITIONS
 THE FOLLOWING WEATHER WAS RECORDED YESTERDAY.
  FOG


RELATIVE HUMIDITY (PERCENT)
 HIGHEST   100           400 AM
 LOWEST     55           200 PM
 AVERAGE    78

..........................................................


THE JACKSONVILLE CLIMATE NORMALS FOR TODAY
                         NORMAL    RECORD    YEAR
 MAXIMUM TEMPERATURE (F)   70        85      1962
                                             1961
 MINIMUM TEMPERATURE (F)   46        29      1977
                                             1958
                                             1896


SUNRISE AND SUNSET
FEBRUARY 22 2018......SUNRISE   700 AM EST   SUNSET   620 PM EST
FEBRUARY 23 2018......SUNRISE   659 AM EST   SUNSET   621 PM EST


-  INDICATES NEGATIVE NUMBERS.
R  INDICATES RECORD WAS SET OR TIED.
MM INDICATES DATA IS MISSING.
T  INDICATES TRACE AMOUNT.




$$
