000
CDUS42 KJAX 202127
CLIJAX


CLIMATE REPORT
NATIONAL WEATHER SERVICE JACKSONVILLE FL
526 PM EDT WED JUN 20 2018


...................................

...THE JACKSONVILLE CLIMATE SUMMARY FOR JUNE 20 2018...
VALID TODAY AS OF 0500 PM LOCAL TIME.

CLIMATE NORMAL PERIOD 1981 TO 2010
CLIMATE RECORD PERIOD 1871 TO 2018


WEATHER ITEM   OBSERVED TIME   RECORD YEAR NORMAL DEPARTURE LAST
                VALUE   (LST)  VALUE       VALUE  FROM      YEAR
                                                  NORMAL
..................................................................
TEMPERATURE (F)
 TODAY
  MAXIMUM         95    127 PM 100    1990  90      5       86
  MINIMUM         74    447 AM  60    1899  71      3       74
  AVERAGE         85                        81      4       80

PRECIPITATION (IN)
  TODAY            0.00          2.15 1966   0.23  -0.23     0.22
  MONTH TO DATE    6.53                      4.11   2.42     6.77
  SINCE JUN 1      6.53                      4.11   2.42     6.77
  SINCE JAN 1     25.18                     19.67   5.51    22.63

SNOWFALL (IN)
  TODAY            0.0           0.0  2002   0.0    0.0      0.0
                                      2001
  MONTH TO DATE    0.0                       0.0    0.0      0.0
  SINCE JUN 1      0.0                       0.0    0.0      0.0
  SINCE JUL 1      T                         T      0.0      0.0
  SNOW DEPTH       0

DEGREE DAYS
 HEATING
  TODAY            0                         0      0        0
  MONTH TO DATE    0                         0      0        0
  SINCE JUN 1      0                         0      0        0
  SINCE JUL 1   1103                      1349   -246      782

 COOLING
  TODAY           20                        16      4       15
  MONTH TO DATE  322                       287     35      265
  SINCE JUN 1    322                       287     35      265
  SINCE JAN 1    918                       771    147      921
..................................................................


WIND (MPH)
  HIGHEST WIND SPEED    17   HIGHEST WIND DIRECTION    SE (150)
  HIGHEST GUST SPEED    21   HIGHEST GUST DIRECTION    SE (150)
  AVERAGE WIND SPEED     3.5


SKY COVER
  POSSIBLE SUNSHINE  MM
  AVERAGE SKY COVER 0.4


WEATHER CONDITIONS
 THE FOLLOWING WEATHER WAS RECORDED TODAY.
  THUNDERSTORM


RELATIVE HUMIDITY (PERCENT)
 HIGHEST    94          1200 AM
 LOWEST     56           100 PM
 AVERAGE    75

..........................................................


THE JACKSONVILLE CLIMATE NORMALS FOR TOMORROW
                         NORMAL    RECORD    YEAR
 MAXIMUM TEMPERATURE (F)   91        99      1990
 MINIMUM TEMPERATURE (F)   71        60      2016
                                             1965


SUNRISE AND SUNSET
JUNE 20 2018..........SUNRISE   625 AM EDT   SUNSET   832 PM EDT
JUNE 21 2018..........SUNRISE   625 AM EDT   SUNSET   832 PM EDT


-  INDICATES NEGATIVE NUMBERS.
R  INDICATES RECORD WAS SET OR TIED.
MM INDICATES DATA IS MISSING.
T  INDICATES TRACE AMOUNT.




$$
