000
CDUS42 KJAX 280537
CLIJAX

CLIMATE REPORT
NATIONAL WEATHER SERVICE JACKSONVILLE FL
137 AM EDT WED OCT 28 2020

...................................

...THE JACKSONVILLE CLIMATE SUMMARY FOR OCTOBER 27 2020...

CLIMATE NORMAL PERIOD: 1981 TO 2010
CLIMATE RECORD PERIOD: 1871 TO 2020


WEATHER ITEM   OBSERVED TIME   RECORD YEAR NORMAL DEPARTURE LAST
                VALUE   (LST)  VALUE       VALUE  FROM      YEAR
                                                  NORMAL
...................................................................
TEMPERATURE (F)
 YESTERDAY
  MAXIMUM         84  12:41 PM  90    2010  78      6       86
  MINIMUM         72   1:33 AM  40    1926  57     15       73
  AVERAGE         78                        67     11       80

PRECIPITATION (IN)
  YESTERDAY        0.04          2.64 1997   0.07  -0.03      T
  MONTH TO DATE    3.11                      3.63  -0.52     2.56
  SINCE SEP 1     12.36                     11.82   0.54     4.91
  SINCE JAN 1     52.23                     47.18   5.05    37.04

SNOWFALL (IN)
  YESTERDAY        0.0           0.0    MM

DEGREE DAYS
 HEATING
  YESTERDAY        0                         2     -2        0
  MONTH TO DATE    0                        18    -18        1
  SINCE SEP 1      0                        18    -18        1
  SINCE JUL 1      0                        18    -18        1

 COOLING
  YESTERDAY       13                         4      9       15
  MONTH TO DATE  277                       183     94      278
  SINCE SEP 1    699                       579    120      775
  SINCE JAN 1   3062                      2569    493     3168
...................................................................


WIND (MPH)
  HIGHEST WIND SPEED    17   HIGHEST WIND DIRECTION     E (80)
  HIGHEST GUST SPEED    22   HIGHEST GUST DIRECTION     E (80)
  AVERAGE WIND SPEED     7.2


SKY COVER
  AVERAGE SKY COVER 0.7


WEATHER CONDITIONS
THE FOLLOWING WEATHER WAS RECORDED YESTERDAY.
  RAIN
  LIGHT RAIN
  FOG


RELATIVE HUMIDITY (PERCENT)
 HIGHEST    97           5:00 AM
 LOWEST     76          11:00 AM
 AVERAGE    87

..........................................................


THE JACKSONVILLE CLIMATE NORMALS FOR TODAY
                         NORMAL    RECORD    YEAR
 MAXIMUM TEMPERATURE (F)   78        89      2010
 MINIMUM TEMPERATURE (F)   56        37      2008


SUNRISE AND SUNSET
OCTOBER 28 2020.......SUNRISE   7:39 AM EDT   SUNSET   6:42 PM EDT
OCTOBER 29 2020.......SUNRISE   7:39 AM EDT   SUNSET   6:41 PM EDT


-  INDICATES NEGATIVE NUMBERS.
R  INDICATES RECORD WAS SET OR TIED.
MM INDICATES DATA IS MISSING.
T  INDICATES TRACE AMOUNT.




$$
