000
CDUS44 KCRP 160008
CLILRD

CLIMATE REPORT
NATIONAL WEATHER SERVICE CORPUS CHRISTI TX
607 PM CST SAT DEC 15 2018

...................................

...THE LAREDO CLIMATE SUMMARY FOR DECEMBER 15 2018...
VALID TODAY AS OF 600 PM LOCAL TIME.

CLIMATE NORMAL PERIOD 1981 TO 2010
CLIMATE RECORD PERIOD 1900 TO 2018


WEATHER ITEM   OBSERVED TIME   RECORD YEAR NORMAL DEPARTURE LAST
                VALUE   (LST)  VALUE       VALUE  FROM      YEAR
                                                  NORMAL
..................................................................
TEMPERATURE (F)
 TODAY
  MAXIMUM         70        MM  88    1948  68      2       57
  MINIMUM         39        MM  23    1901  47     -8       46
  AVERAGE         55                        57     -2       52

PRECIPITATION (IN)
  TODAY            0.00          1.00 1910   0.03  -0.03     0.16
  MONTH TO DATE    1.26                      0.39   0.87     2.08
  SINCE DEC 1      1.26                      0.39   0.87     2.08
  SINCE JAN 1     15.63                     19.71  -4.08    24.35

SNOWFALL (IN)
  TODAY            0.0          MM      MM   0.0    0.0      0.0
  MONTH TO DATE    0.0                       0.0    0.0      1.3
  SINCE DEC 1      0.0                       0.0    0.0      1.3
  SINCE JUL 1      0.0                       0.0    0.0      1.3
  SNOW DEPTH       0

DEGREE DAYS
 HEATING
  TODAY           10                         9      1       13
  MONTH TO DATE   93                       119    -26      139
  SINCE DEC 1     93                       119    -26      139
  SINCE JUL 1    306                       234     72      208

 COOLING
  TODAY            0                         1     -1        0
  MONTH TO DATE    9                        19    -10       37
  SINCE DEC 1      9                        19    -10       37
  SINCE JAN 1   4615                      4274    341     4871
..................................................................


WIND (MPH)
  HIGHEST WIND SPEED    MM   HIGHEST WIND DIRECTION    MM
  HIGHEST GUST SPEED    MM   HIGHEST GUST DIRECTION    MM


SKY COVER
  POSSIBLE SUNSHINE  MM
  AVERAGE SKY COVER 0.0


WEATHER CONDITIONS
 THE FOLLOWING WEATHER WAS RECORDED TODAY.
  NO SIGNIFICANT WEATHER WAS OBSERVED.


RELATIVE HUMIDITY (PERCENT)
 HIGHEST    59           800 AM
 LOWEST     14           200 PM
 AVERAGE    37

..........................................................


THE LAREDO CLIMATE NORMALS FOR TOMORROW
                         NORMAL    RECORD    YEAR
 MAXIMUM TEMPERATURE (F)   67        90      1977
 MINIMUM TEMPERATURE (F)   46        24      1901


SUNRISE AND SUNSET
DECEMBER 15 2018......SUNRISE   721 AM CST   SUNSET   546 PM CST
DECEMBER 16 2018......SUNRISE   721 AM CST   SUNSET   546 PM CST


-  INDICATES NEGATIVE NUMBERS.
R  INDICATES RECORD WAS SET OR TIED.
MM INDICATES DATA IS MISSING.
T  INDICATES TRACE AMOUNT.




$$
