084
CDUS44 KCRP 250024
CLILRD

CLIMATE REPORT
NATIONAL WEATHER SERVICE CORPUS CHRISTI TX
724 PM CDT FRI MAY 24 2024

...................................

...THE LAREDO CLIMATE SUMMARY FOR MAY 24 2024...
VALID TODAY AS OF 700 PM LOCAL TIME.

CLIMATE NORMAL PERIOD 1991 TO 2020
CLIMATE RECORD PERIOD 1900 TO 2024


WEATHER ITEM   OBSERVED TIME   RECORD YEAR NORMAL DEPARTURE LAST
                VALUE   (LST)  VALUE       VALUE  FROM      YEAR
                                                  NORMAL
...................................................................
TEMPERATURE (F)
 TODAY
  MAXIMUM        108R   500 PM 108    1989  95     13       96
                                      2011
  MINIMUM         81    600 AM  59    1940  73      8       74
  AVERAGE         95                        84     11       85

PRECIPITATION (IN)
  TODAY            0.00          2.40 1936   0.10  -0.10     0.00
  MONTH TO DATE    0.73                      2.16  -1.43     2.24
  SINCE MAR 1      1.26                      5.23  -3.97     6.34
  SINCE JAN 1      1.95                      6.96  -5.01     6.67

SNOWFALL (IN)
  TODAY            0.0          MM      MM  MM     MM        0.0
  MONTH TO DATE    0.0                       0.0    0.0      0.0
  SINCE MAR 1      0.0                      MM     MM        0.0
  SINCE JUL 1      T                        MM     MM        0.0
  SNOW DEPTH       0

DEGREE DAYS
 HEATING
  TODAY            0                         0      0        0
  MONTH TO DATE    0                         0      0        0
  SINCE MAR 1     21                        66    -45       65
  SINCE JUL 1    636                       812   -176      741

 COOLING
  TODAY           30                        19     11       20
  MONTH TO DATE  542                       387    155      414
  SINCE MAR 1   1240                       915    325     1053
  SINCE JAN 1   1371                      1015    356     1290
...................................................................


WIND (MPH)
  HIGHEST WIND SPEED    MM   HIGHEST WIND DIRECTION    MM
  HIGHEST GUST SPEED    MM   HIGHEST GUST DIRECTION    MM


SKY COVER
  POSSIBLE SUNSHINE  MM
  AVERAGE SKY COVER 0.3


WEATHER CONDITIONS
THE FOLLOWING WEATHER WAS RECORDED TODAY.
  FOG
  HAZE


RELATIVE HUMIDITY (PERCENT)
 HIGHEST    85           500 AM
 LOWEST     25           500 PM
 AVERAGE    55

..........................................................


THE LAREDO CLIMATE NORMALS FOR TOMORROW
                         NORMAL    RECORD    YEAR
 MAXIMUM TEMPERATURE (F)   96       109      1989
 MINIMUM TEMPERATURE (F)   73        60      1918


SUNRISE AND SUNSET
MAY 24 2024...........SUNRISE   645 AM CDT   SUNSET   825 PM CDT
MAY 25 2024...........SUNRISE   644 AM CDT   SUNSET   826 PM CDT


-  INDICATES NEGATIVE NUMBERS.
R  INDICATES RECORD WAS SET OR TIED.
MM INDICATES DATA IS MISSING.
T  INDICATES TRACE AMOUNT.




$$