000
CDUS44 KCRP 192309
CLILRD

CLIMATE REPORT
NATIONAL WEATHER SERVICE CORPUS CHRISTI TX
608 PM CDT WED SEP 19 2018

...................................

...THE LAREDO CLIMATE SUMMARY FOR SEPTEMBER 19 2018...
VALID AS OF 608 PM LOCAL TIME.

CLIMATE NORMAL PERIOD 1981 TO 2010
CLIMATE RECORD PERIOD 1900 TO 2018


WEATHER ITEM   OBSERVED TIME   RECORD YEAR NORMAL DEPARTURE LAST
                VALUE   (LST)  VALUE       VALUE  FROM      YEAR
                                                  NORMAL
..................................................................
TEMPERATURE (F)
 TODAY
  MAXIMUM         90    100 PM 105    1912  92     -2      102
  MINIMUM         76    600 AM  51    1981  72      4       79
  AVERAGE         83                        82      1       91

PRECIPITATION (IN)
  TODAY            T             2.10 1905   0.09  -0.09     0.00
  MONTH TO DATE    7.18                      1.98   5.20     0.46
  SINCE SEP 1      7.18                      1.98   5.20     0.46
  SINCE JAN 1     10.50                     14.97  -4.47    13.05

SNOWFALL (IN)
  TODAY            0.0          MM      MM   0.0    0.0      0.0
  MONTH TO DATE    0.0                       0.0    0.0      0.0
  SINCE SEP 1      0.0                       0.0    0.0      0.0
  SINCE JUL 1      0.0                       0.0    0.0      0.0
  SNOW DEPTH       0

DEGREE DAYS
 HEATING
  TODAY            0                         0      0        0
  MONTH TO DATE    0                         0      0        0
  SINCE SEP 1      0                         0      0        0
  SINCE JUL 1      0                         0      0        0

 COOLING
  TODAY           18                        17      1       26
  MONTH TO DATE  358                       368    -10      381
  SINCE SEP 1    358                       368    -10      381
  SINCE JAN 1   4035                      3611    424     4106
..................................................................


WIND (MPH)
  HIGHEST WIND SPEED    MM   HIGHEST WIND DIRECTION    MM
  HIGHEST GUST SPEED    MM   HIGHEST GUST DIRECTION    MM


SKY COVER
  POSSIBLE SUNSHINE  MM
  AVERAGE SKY COVER 0.6


WEATHER CONDITIONS
 THE FOLLOWING WEATHER WAS RECORDED TODAY.
  NO SIGNIFICANT WEATHER WAS OBSERVED.


RELATIVE HUMIDITY (PERCENT)
 HIGHEST   100           500 AM
 LOWEST     59           100 PM
 AVERAGE    80

..........................................................


THE LAREDO CLIMATE NORMALS FOR TOMORROW
                         NORMAL    RECORD    YEAR
 MAXIMUM TEMPERATURE (F)   92       106      1932
 MINIMUM TEMPERATURE (F)   72        53      1913


SUNRISE AND SUNSET
SEPTEMBER 19 2018.....SUNRISE   725 AM CDT   SUNSET   738 PM CDT
SEPTEMBER 20 2018.....SUNRISE   725 AM CDT   SUNSET   737 PM CDT


-  INDICATES NEGATIVE NUMBERS.
R  INDICATES RECORD WAS SET OR TIED.
MM INDICATES DATA IS MISSING.
T  INDICATES TRACE AMOUNT.




$$
