000
CDUS44 KCRP 180041
CLILRD

CLIMATE REPORT
NATIONAL WEATHER SERVICE CORPUS CHRISTI TX
740 PM CDT SUN JUN 17 2018


...................................

...THE LAREDO CLIMATE SUMMARY FOR JUNE 17 2018...
VALID TODAY AS OF 700 PM LOCAL TIME.

CLIMATE NORMAL PERIOD 1981 TO 2010
CLIMATE RECORD PERIOD 1900 TO 2018


WEATHER ITEM   OBSERVED TIME   RECORD YEAR NORMAL DEPARTURE LAST
                VALUE   (LST)  VALUE       VALUE  FROM      YEAR
                                                  NORMAL
..................................................................
TEMPERATURE (F)
 TODAY
  MAXIMUM        100        MM 113    2011  98      2      107
  MINIMUM         75        MM  65    1917  76     -1       78
  AVERAGE         88                        87      1       93

PRECIPITATION (IN)
  TODAY            T             4.32 1963   0.07  -0.07     0.00
  MONTH TO DATE    0.02                      1.19  -1.17     0.10
  SINCE JUN 1      0.02                      1.19  -1.17     0.10
  SINCE JAN 1      2.57                      8.06  -5.49    10.50

SNOWFALL (IN)
  TODAY            0.0          MM      MM   0.0    0.0      0.0
  MONTH TO DATE    0.0                       0.0    0.0      0.0
  SINCE JUN 1      0.0                       0.0    0.0      0.0
  SINCE JUL 1      1.3                       0.0    1.3      0.0
  SNOW DEPTH       0

DEGREE DAYS
 HEATING
  TODAY            0                         0      0        0
  MONTH TO DATE    0                         0      0        0
  SINCE JUN 1      0                         0      0        0
  SINCE JUL 1    845                       926    -81      396

 COOLING
  TODAY           23                        22      1       28
  MONTH TO DATE  437                       367     70      368
  SINCE JUN 1    437                       367     70      368
  SINCE JAN 1   1798                      1510    288     1891
..................................................................


WIND (MPH)
  HIGHEST WIND SPEED    MM   HIGHEST WIND DIRECTION    MM
  HIGHEST GUST SPEED    MM   HIGHEST GUST DIRECTION    MM


SKY COVER
  POSSIBLE SUNSHINE  MM
  AVERAGE SKY COVER 0.4


WEATHER CONDITIONS
 THE FOLLOWING WEATHER WAS RECORDED TODAY.
  NO SIGNIFICANT WEATHER WAS OBSERVED.


RELATIVE HUMIDITY (PERCENT)
 HIGHEST    94           500 AM
 LOWEST     35           500 PM
 AVERAGE    65

..........................................................


THE LAREDO CLIMATE NORMALS FOR TOMORROW
                         NORMAL    RECORD    YEAR
 MAXIMUM TEMPERATURE (F)   99       112      2011
 MINIMUM TEMPERATURE (F)   76        63      1918


SUNRISE AND SUNSET
JUNE 17 2018..........SUNRISE   642 AM CDT   SUNSET   835 PM CDT
JUNE 18 2018..........SUNRISE   643 AM CDT   SUNSET   835 PM CDT


-  INDICATES NEGATIVE NUMBERS.
R  INDICATES RECORD WAS SET OR TIED.
MM INDICATES DATA IS MISSING.
T  INDICATES TRACE AMOUNT.




$$
