000
CDUS44 KCRP 200841
CLILRD

CLIMATE REPORT
NATIONAL WEATHER SERVICE CORPUS CHRISTI TX
340 AM CDT SUN OCT 20 2019


...................................

...THE LAREDO CLIMATE SUMMARY FOR OCTOBER 19 2019...

CLIMATE NORMAL PERIOD 1981 TO 2010
CLIMATE RECORD PERIOD 1900 TO 2019


WEATHER ITEM   OBSERVED TIME   RECORD YEAR NORMAL DEPARTURE LAST
                VALUE   (LST)  VALUE       VALUE  FROM      YEAR
                                                  NORMAL
..................................................................
TEMPERATURE (F)
 YESTERDAY
  MAXIMUM         94        MM  99    2004  86      8       69
  MINIMUM         72        MM  41    1917  65      7       57
  AVERAGE         83                        75      8       63

PRECIPITATION (IN)
  YESTERDAY        0.00          1.03 1942   0.07  -0.07     0.01
  MONTH TO DATE    0.35                      1.52  -1.17     0.70
  SINCE SEP 1      1.45                      4.45  -3.00    10.33
  SINCE JAN 1      5.22                     17.44 -12.22    13.65

SNOWFALL (IN)
  YESTERDAY        0.0          MM      MM   0.0    0.0      0.0
  MONTH TO DATE    0.0                       0.0    0.0      0.0
  SINCE SEP 1      0.0                       0.0    0.0      0.0
  SINCE JUL 1      0.0                       0.0    0.0      0.0
  SNOW DEPTH       0

DEGREE DAYS
 HEATING
  YESTERDAY        0                         0      0        2
  MONTH TO DATE    0                         0      0       35
  SINCE SEP 1      0                         1     -1       35
  SINCE JUL 1      0                         1     -1       35

 COOLING
  YESTERDAY       18                        11      7        0
  MONTH TO DATE  309                       237     72      250
  SINCE SEP 1    989                       779    210      778
  SINCE JAN 1   4607                      4022    585     4455
..................................................................


WIND (MPH)
  HIGHEST WIND SPEED    MM   HIGHEST WIND DIRECTION    MM
  HIGHEST GUST SPEED    MM   HIGHEST GUST DIRECTION    MM
  AVERAGE WIND SPEED    MM


SKY COVER
  POSSIBLE SUNSHINE  MM
  AVERAGE SKY COVER 0.0


WEATHER CONDITIONS
 THE FOLLOWING WEATHER WAS RECORDED YESTERDAY.
  NO SIGNIFICANT WEATHER WAS OBSERVED.


RELATIVE HUMIDITY (PERCENT)
 HIGHEST    93           400 AM
 LOWEST     41           400 PM
 AVERAGE    67

..........................................................


THE LAREDO CLIMATE NORMALS FOR TODAY
                         NORMAL    RECORD    YEAR
 MAXIMUM TEMPERATURE (F)   86        96      1994
 MINIMUM TEMPERATURE (F)   64        40      1989


SUNRISE AND SUNSET
OCTOBER 20 2019.......SUNRISE   741 AM CDT   SUNSET   704 PM CDT
OCTOBER 21 2019.......SUNRISE   741 AM CDT   SUNSET   703 PM CDT


-  INDICATES NEGATIVE NUMBERS.
R  INDICATES RECORD WAS SET OR TIED.
MM INDICATES DATA IS MISSING.
T  INDICATES TRACE AMOUNT.




$$
