000
CDUS42 KMLB 170629
CLIMCO


CLIMATE REPORT
NATIONAL WEATHER SERVICE MELBOURNE FL
128 AM EST SUN FEB 17 2019


...................................

...THE ORLANDO INTL CLIMATE SUMMARY FOR FEBRUARY 16 2019...

CLIMATE NORMAL PERIOD 1981 TO 2010
CLIMATE RECORD PERIOD 1892 TO 2019


WEATHER ITEM   OBSERVED TIME   RECORD YEAR NORMAL DEPARTURE LAST
                VALUE   (LST)  VALUE       VALUE  FROM      YEAR
                                                  NORMAL
..................................................................
TEMPERATURE (F)
 YESTERDAY
  MAXIMUM         81    349 PM  87    2001  74      7       85
                                      1982
                                      1944
  MINIMUM         55    730 AM  32    1991  52      3       58
                                      1985
  AVERAGE         68                        63      5       72

PRECIPITATION (IN)
  YESTERDAY        0.00          2.36 1978   0.09  -0.09     0.00
  MONTH TO DATE    1.59                      1.34   0.25     0.36
  SINCE DEC 1     11.89                      6.27   5.62     2.81
  SINCE JAN 1      5.09                      3.69   1.40     2.46

SNOWFALL (IN)
  YESTERDAY        0.0
  MONTH TO DATE    0.0
  SINCE JUL 1      0.0

DEGREE DAYS
 HEATING
  YESTERDAY        0                         4     -4        0
  MONTH TO DATE   12                        75    -63        6
  SINCE DEC 1    304                       412   -108      360
  SINCE JUL 1    356                       459   -103      384

 COOLING
  YESTERDAY        3                         2      1        7
  MONTH TO DATE   49                        32     17       91
  SINCE DEC 1    194                       147     47      227
  SINCE JAN 1     94                        77     17      135
..................................................................


WIND (MPH)
  HIGHEST WIND SPEED    20   HIGHEST WIND DIRECTION    SW (240)
  HIGHEST GUST SPEED    24   HIGHEST GUST DIRECTION    SW (220)
  AVERAGE WIND SPEED     7.0


SKY COVER
  AVERAGE SKY COVER 0.7


WEATHER CONDITIONS
 THE FOLLOWING WEATHER WAS RECORDED YESTERDAY.
  NO SIGNIFICANT WEATHER WAS OBSERVED.


RELATIVE HUMIDITY (PERCENT)
 HIGHEST    93           300 AM
 LOWEST     49           400 PM
 AVERAGE    71

..........................................................


THE ORLANDO INTL CLIMATE NORMALS FOR TODAY
                         NORMAL    RECORD    YEAR
 MAXIMUM TEMPERATURE (F)   74        88      1944
 MINIMUM TEMPERATURE (F)   53        30      1958


SUNRISE AND SUNSET
FEBRUARY 17 2019......SUNRISE   702 AM EST   SUNSET   617 PM EST
FEBRUARY 18 2019......SUNRISE   701 AM EST   SUNSET   618 PM EST


-  INDICATES NEGATIVE NUMBERS.
R  INDICATES RECORD WAS SET OR TIED.
MM INDICATES DATA IS MISSING.
T  INDICATES TRACE AMOUNT.




$$
