000
CDUS42 KMLB 220625
CLIMCO

CLIMATE REPORT
NATIONAL WEATHER SERVICE MELBOURNE FL
225 AM EDT THU OCT 22 2020

...................................

...THE ORLANDO INTL CLIMATE SUMMARY FOR OCTOBER 21 2020...

CLIMATE NORMAL PERIOD 1981 TO 2010
CLIMATE RECORD PERIOD 1892 TO 2020


WEATHER ITEM   OBSERVED TIME   RECORD YEAR NORMAL DEPARTURE LAST
                VALUE   (LST)  VALUE       VALUE  FROM      YEAR
                                                  NORMAL
...................................................................
TEMPERATURE (F)
 YESTERDAY
  MAXIMUM         86   1256 PM  93    2006  84      2       91
  MINIMUM         73    735 AM  44    1989  65      8       74
  AVERAGE         80                        74      6       83

PRECIPITATION (IN)
  YESTERDAY        0.03          1.60 1959   0.10  -0.07     0.01
  MONTH TO DATE    2.17                      2.53  -0.36     4.09
  SINCE SEP 1     12.91                      8.59   4.32     6.02
  SINCE JAN 1     46.51                     45.20   1.31    39.90

SNOWFALL (IN)
  YESTERDAY        0.0
  MONTH TO DATE    0.0
  SINCE JUL 1      0.0

DEGREE DAYS
 HEATING
  YESTERDAY        0                         0      0        0
  MONTH TO DATE    0                         0      0        0
  SINCE SEP 1      0                         0      0        0
  SINCE JUL 1      0                         0      0        0

 COOLING
  YESTERDAY       15                        10      5       18
  MONTH TO DATE  316                       248     68      334
  SINCE SEP 1    842                       731    111      856
  SINCE JAN 1   3866                      3124    742     3651
...................................................................


WIND (MPH)
  HIGHEST WIND SPEED    20   HIGHEST WIND DIRECTION     E (70)
  HIGHEST GUST SPEED    25   HIGHEST GUST DIRECTION     E (110)
  AVERAGE WIND SPEED     8.8


SKY COVER
  AVERAGE SKY COVER 0.9


WEATHER CONDITIONS
THE FOLLOWING WEATHER WAS RECORDED YESTERDAY.
  LIGHT RAIN


RELATIVE HUMIDITY (PERCENT)
 HIGHEST    96           600 AM
 LOWEST     61           100 PM
 AVERAGE    79

..........................................................


THE ORLANDO INTL CLIMATE NORMALS FOR TODAY
                         NORMAL    RECORD    YEAR
 MAXIMUM TEMPERATURE (F)   83        95      1919
 MINIMUM TEMPERATURE (F)   65        42      1913


SUNRISE AND SUNSET
OCTOBER 22 2020.......SUNRISE   731 AM EDT   SUNSET   648 PM EDT
OCTOBER 23 2020.......SUNRISE   731 AM EDT   SUNSET   647 PM EDT


-  INDICATES NEGATIVE NUMBERS.
R  INDICATES RECORD WAS SET OR TIED.
MM INDICATES DATA IS MISSING.
T  INDICATES TRACE AMOUNT.




$$
