000
CDUS42 KMLB 292024
CLIMCO

CLIMATE REPORT
NATIONAL WEATHER SERVICE MELBOURNE FL
424 PM EDT FRI MAY 29 2020

...................................

...THE ORLANDO INTL CLIMATE SUMMARY FOR MAY 29 2020...
VALID TODAY AS OF 0400 PM LOCAL TIME.

CLIMATE NORMAL PERIOD 1981 TO 2010
CLIMATE RECORD PERIOD 1892 TO 2020


WEATHER ITEM   OBSERVED TIME   RECORD YEAR NORMAL DEPARTURE LAST
                VALUE   (LST)  VALUE       VALUE  FROM      YEAR
                                                  NORMAL
...................................................................
TEMPERATURE (F)
 TODAY
  MAXIMUM         92    242 PM 100    1908  90      2       96
  MINIMUM         71    602 AM  55    1934  70      1       69
  AVERAGE         82                        80      2       83

PRECIPITATION (IN)
  TODAY            T             4.44 1932   0.17  -0.17     0.00
  MONTH TO DATE    2.65                      3.08  -0.43     4.34
  SINCE MAR 1      5.19                      9.53  -4.34     6.37
  SINCE JAN 1      7.38                     14.26  -6.88    11.63

SNOWFALL (IN)
  TODAY            0.0
  MONTH TO DATE    0.0
  SINCE JUL 1      0.0

DEGREE DAYS
 HEATING
  TODAY            0                         0      0        0
  MONTH TO DATE    0                         0      0        0
  SINCE MAR 1     16                        71    -55       34
  SINCE JUL 1    256                       570   -314      390

 COOLING
  TODAY           17                        15      2       18
  MONTH TO DATE  373                       351     22      427
  SINCE MAR 1   1001                       668    333      842
  SINCE JAN 1   1261                       772    489     1048
...................................................................


WIND (MPH)
  HIGHEST WIND SPEED    17   HIGHEST WIND DIRECTION    SE (120)
  HIGHEST GUST SPEED    20   HIGHEST GUST DIRECTION    SE (120)
  AVERAGE WIND SPEED     5.1


SKY COVER
  AVERAGE SKY COVER 0.6


WEATHER CONDITIONS
THE FOLLOWING WEATHER WAS RECORDED TODAY.
  LIGHT RAIN


RELATIVE HUMIDITY (PERCENT)
 HIGHEST    94           700 AM
 LOWEST     52           200 PM
 AVERAGE    73

..........................................................


THE ORLANDO INTL CLIMATE NORMALS FOR TOMORROW
                         NORMAL    RECORD    YEAR
 MAXIMUM TEMPERATURE (F)   90       100      1945
 MINIMUM TEMPERATURE (F)   70        59      1910


SUNRISE AND SUNSET
MAY 29 2020...........SUNRISE   629 AM EDT   SUNSET   817 PM EDT
MAY 30 2020...........SUNRISE   628 AM EDT   SUNSET   818 PM EDT


-  INDICATES NEGATIVE NUMBERS.
R  INDICATES RECORD WAS SET OR TIED.
MM INDICATES DATA IS MISSING.
T  INDICATES TRACE AMOUNT.




$$
