000
CDUS42 KMLB 210631
CLIMCO


CLIMATE REPORT
NATIONAL WEATHER SERVICE MELBOURNE FL
230 AM EDT SAT APR 21 2018


...................................

...THE ORLANDO INTL CLIMATE SUMMARY FOR APRIL 20 2018...

CLIMATE NORMAL PERIOD 1981 TO 2010
CLIMATE RECORD PERIOD 1892 TO 2018


WEATHER ITEM   OBSERVED TIME   RECORD YEAR NORMAL DEPARTURE LAST
                VALUE   (LST)  VALUE       VALUE  FROM      YEAR
                                                  NORMAL
..................................................................
TEMPERATURE (F)
 YESTERDAY
  MAXIMUM         87    231 PM  96    1908  83      4       88
  MINIMUM         61    556 AM  39    1936  61      0       63
  AVERAGE         74                        72      2       76

PRECIPITATION (IN)
  YESTERDAY        0.00          1.16 1991   0.09  -0.09     0.00
  MONTH TO DATE    2.06                      1.91   0.15      T
  SINCE MAR 1      2.89                      5.68  -2.79     0.10
  SINCE JAN 1      5.35                     10.41  -5.06     3.03

SNOWFALL (IN)
  YESTERDAY        0.0
  MONTH TO DATE    0.0
  SINCE JUL 1      0.0

DEGREE DAYS
 HEATING
  YESTERDAY        0                         0      0        0
  MONTH TO DATE    0                        11    -11        3
  SINCE MAR 1     83                        70     13       40
  SINCE JUL 1    467                       569   -102      209

 COOLING
  YESTERDAY        9                         7      2       11
  MONTH TO DATE  155                       118     37      175
  SINCE MAR 1    248                       236     12      338
  SINCE JAN 1    495                       340    155      539
..................................................................


WIND (MPH)
  HIGHEST WIND SPEED    22   HIGHEST WIND DIRECTION     N (20)
  HIGHEST GUST SPEED    25   HIGHEST GUST DIRECTION     N (360)
  AVERAGE WIND SPEED     9.2


SKY COVER
  AVERAGE SKY COVER 0.5


WEATHER CONDITIONS
 THE FOLLOWING WEATHER WAS RECORDED YESTERDAY.
  NO SIGNIFICANT WEATHER WAS OBSERVED.


RELATIVE HUMIDITY (PERCENT)
 HIGHEST   100           600 AM
 LOWEST     35           200 PM
 AVERAGE    68

..........................................................


THE ORLANDO INTL CLIMATE NORMALS FOR TODAY
                         NORMAL    RECORD    YEAR
 MAXIMUM TEMPERATURE (F)   83        96      1935
                                             1908
 MINIMUM TEMPERATURE (F)   61        44      1953


SUNRISE AND SUNSET
APRIL 21 2018.........SUNRISE   654 AM EDT   SUNSET   754 PM EDT
APRIL 22 2018.........SUNRISE   653 AM EDT   SUNSET   755 PM EDT


-  INDICATES NEGATIVE NUMBERS.
R  INDICATES RECORD WAS SET OR TIED.
MM INDICATES DATA IS MISSING.
T  INDICATES TRACE AMOUNT.




$$
