000
CDUS42 KMLB 232117
CLIMCO


CLIMATE REPORT
NATIONAL WEATHER SERVICE MELBOURNE FL
417 PM EST FRI FEB 23 2018


...................................

...THE ORLANDO  CLIMATE SUMMARY FOR FEBRUARY 23 2018...
VALID TODAY AS OF 0400 PM LOCAL TIME.

CLIMATE NORMAL PERIOD 1981 TO 2010
CLIMATE RECORD PERIOD 1892 TO 2018


WEATHER ITEM   OBSERVED TIME   RECORD YEAR NORMAL DEPARTURE LAST
                VALUE   (LST)  VALUE       VALUE  FROM      YEAR
                                                  NORMAL
..................................................................
TEMPERATURE (F)
 TODAY
  MAXIMUM         85    224 PM  89    2013  75     10       79
  MINIMUM         65    423 AM  30    1939  53     12       62
  AVERAGE         75                        64     11       71

PRECIPITATION (IN)
  TODAY            T             2.32 1965   0.09  -0.09     0.20
  MONTH TO DATE    0.36                      1.93  -1.57     0.95
  SINCE DEC 1      2.81                      6.86  -4.05     5.45
  SINCE JAN 1      2.46                      4.28  -1.82     2.93

SNOWFALL (IN)
  TODAY            0.0
  MONTH TO DATE    0.0
  SINCE DEC 1      0.0
  SINCE JUL 1      0.0

DEGREE DAYS
 HEATING
  TODAY            0                         3     -3        0
  MONTH TO DATE    6                       100    -94       16
  SINCE DEC 1    360                       437    -77      146
  SINCE JUL 1    384                       484   -100      169

 COOLING
  TODAY           10                         2      8        6
  MONTH TO DATE  155                        46    109       75
  SINCE DEC 1    291                       161    130      326
  SINCE JAN 1    199                        91    108      167
..................................................................


WIND (MPH)
  HIGHEST WIND SPEED    17   HIGHEST WIND DIRECTION     E (100)
  HIGHEST GUST SPEED    22   HIGHEST GUST DIRECTION     E (110)
  AVERAGE WIND SPEED     7.9


SKY COVER
  AVERAGE SKY COVER 0.5


WEATHER CONDITIONS
 THE FOLLOWING WEATHER WAS RECORDED TODAY.
  LIGHT RAIN


RELATIVE HUMIDITY (PERCENT)
 HIGHEST   100           300 AM
 LOWEST     51           100 PM
 AVERAGE    76

..........................................................


THE ORLANDO  CLIMATE NORMALS FOR TOMORROW
                         NORMAL    RECORD    YEAR
 MAXIMUM TEMPERATURE (F)   75        90      1962
 MINIMUM TEMPERATURE (F)   53        29      1911


SUNRISE AND SUNSET
FEBRUARY 23 2018......SUNRISE   656 AM EST   SUNSET   621 PM EST
FEBRUARY 24 2018......SUNRISE   655 AM EST   SUNSET   622 PM EST


-  INDICATES NEGATIVE NUMBERS.
R  INDICATES RECORD WAS SET OR TIED.
MM INDICATES DATA IS MISSING.
T  INDICATES TRACE AMOUNT.




$$
