000
CDUS42 KMLB 222017
CLIMCO


CLIMATE REPORT
NATIONAL WEATHER SERVICE MELBOURNE FL
417 PM EDT MON OCT 22 2018


...................................

...THE ORLANDO  CLIMATE SUMMARY FOR OCTOBER 22 2018...
VALID TODAY AS OF 0400 PM LOCAL TIME.

CLIMATE NORMAL PERIOD 1981 TO 2010
CLIMATE RECORD PERIOD 1892 TO 2018


WEATHER ITEM   OBSERVED TIME   RECORD YEAR NORMAL DEPARTURE LAST
                VALUE   (LST)  VALUE       VALUE  FROM      YEAR
                                                  NORMAL
..................................................................
TEMPERATURE (F)
 TODAY
  MAXIMUM         84   1236 PM  95    1919  83      1       88
  MINIMUM         64    412 AM  42    1913  65     -1       73
  AVERAGE         74                        74      0       81

PRECIPITATION (IN)
  TODAY            0.00          2.27 1993   0.09  -0.09      T
  MONTH TO DATE    2.22                      2.62  -0.40     3.30
  SINCE SEP 1      4.13                      8.68  -4.55    17.39
  SINCE JAN 1     42.52                     45.29  -2.77    45.81

SNOWFALL (IN)
  TODAY            0.0
  MONTH TO DATE    0.0
  SINCE SEP 1      0.0
  SINCE JUL 1      0.0

DEGREE DAYS
 HEATING
  TODAY            0                         0      0        0
  MONTH TO DATE    0                         0      0        0
  SINCE SEP 1      0                         0      0        0
  SINCE JUL 1      0                         0      0        0

 COOLING
  TODAY            9                         9      0       16
  MONTH TO DATE  349                       257     92      325
  SINCE SEP 1    910                       740    170      814
  SINCE JAN 1   3496                      3133    363     3412
..................................................................


WIND (MPH)
  HIGHEST WIND SPEED    17   HIGHEST WIND DIRECTION     E (70)
  HIGHEST GUST SPEED    22   HIGHEST GUST DIRECTION     E (80)
  AVERAGE WIND SPEED    10.0


SKY COVER
  AVERAGE SKY COVER 0.4


WEATHER CONDITIONS
 THE FOLLOWING WEATHER WAS RECORDED TODAY.
  NO SIGNIFICANT WEATHER WAS OBSERVED.


RELATIVE HUMIDITY (PERCENT)
 HIGHEST    81          1200 AM
 LOWEST     43          1200 PM
 AVERAGE    62

..........................................................


THE ORLANDO  CLIMATE NORMALS FOR TOMORROW
                         NORMAL    RECORD    YEAR
 MAXIMUM TEMPERATURE (F)   83        93      1919
 MINIMUM TEMPERATURE (F)   64        47      1937


SUNRISE AND SUNSET
OCTOBER 22 2018.......SUNRISE   730 AM EDT   SUNSET   649 PM EDT
OCTOBER 23 2018.......SUNRISE   731 AM EDT   SUNSET   648 PM EDT


-  INDICATES NEGATIVE NUMBERS.
R  INDICATES RECORD WAS SET OR TIED.
MM INDICATES DATA IS MISSING.
T  INDICATES TRACE AMOUNT.




$$
