507
CDUS42 KMLB 230632
CLIMCO


CLIMATE REPORT
NATIONAL WEATHER SERVICE MELBOURNE FL
232 AM EDT WED OCT 23 2019


...................................

...THE ORLANDO INTL CLIMATE SUMMARY FOR OCTOBER 22 2019...

CLIMATE NORMAL PERIOD 1981 TO 2010
CLIMATE RECORD PERIOD 1892 TO 2019


WEATHER ITEM   OBSERVED TIME   RECORD YEAR NORMAL DEPARTURE LAST
                VALUE   (LST)  VALUE       VALUE  FROM      YEAR
                                                  NORMAL
..................................................................
TEMPERATURE (F)
 YESTERDAY
  MAXIMUM         92    359 PM  95    1919  83      9       84
  MINIMUM         73    653 AM  42    1913  65      8       64
  AVERAGE         83                        74      9       74

PRECIPITATION (IN)
  YESTERDAY        0.00          2.27 1993   0.09  -0.09     0.00
  MONTH TO DATE    4.09                      2.62   1.47     2.22
  SINCE SEP 1      6.02                      8.68  -2.66     4.13
  SINCE JAN 1     39.90                     45.29  -5.39    42.52

SNOWFALL (IN)
  YESTERDAY        0.0
  MONTH TO DATE    0.0
  SINCE JUL 1      0.0

DEGREE DAYS
 HEATING
  YESTERDAY        0                         0      0        0
  MONTH TO DATE    0                         0      0        0
  SINCE SEP 1      0                         0      0        0
  SINCE JUL 1      0                         0      0        0

 COOLING
  YESTERDAY       18                         9      9        9
  MONTH TO DATE  352                       257     95      349
  SINCE SEP 1    874                       740    134      910
  SINCE JAN 1   3669                      3133    536     3496
..................................................................


WIND (MPH)
  HIGHEST WIND SPEED    16   HIGHEST WIND DIRECTION    SW (240)
  HIGHEST GUST SPEED    22   HIGHEST GUST DIRECTION    SW (210)
  AVERAGE WIND SPEED     7.3


SKY COVER
  AVERAGE SKY COVER 0.4


WEATHER CONDITIONS
 THE FOLLOWING WEATHER WAS RECORDED YESTERDAY.
  FOG
  HAZE


RELATIVE HUMIDITY (PERCENT)
 HIGHEST    94           100 AM
 LOWEST     49           100 PM
 AVERAGE    72

..........................................................


THE ORLANDO INTL CLIMATE NORMALS FOR TODAY
                         NORMAL    RECORD    YEAR
 MAXIMUM TEMPERATURE (F)   83        93      1919
 MINIMUM TEMPERATURE (F)   64        47      1937


SUNRISE AND SUNSET
OCTOBER 23 2019.......SUNRISE   731 AM EDT   SUNSET   648 PM EDT
OCTOBER 24 2019.......SUNRISE   731 AM EDT   SUNSET   647 PM EDT


-  INDICATES NEGATIVE NUMBERS.
R  INDICATES RECORD WAS SET OR TIED.
MM INDICATES DATA IS MISSING.
T  INDICATES TRACE AMOUNT.




$$
