000
CDUS41 KCTP 172130
CLIMDT


CLIMATE REPORT
NATIONAL WEATHER SERVICE STATE COLLEGE PA
530 PM EDT TUE JUL 17 2018


...................................

...THE HARRISBURG PA CLIMATE SUMMARY FOR JULY 17 2018...
VALID TODAY AS OF 0500 PM LOCAL TIME.

CLIMATE NORMAL PERIOD 1981 TO 2010
CLIMATE RECORD PERIOD 1888 TO 2018


WEATHER ITEM   OBSERVED TIME   RECORD YEAR NORMAL DEPARTURE LAST
                VALUE   (LST)  VALUE       VALUE  FROM      YEAR
                                                  NORMAL
..................................................................
TEMPERATURE (F)
 TODAY
  MAXIMUM         85    835 AM 100    1999  86     -1       87
                                      1997
                                      1900
  MINIMUM         70   1256 PM  54    1987  67      3       69
                                      1954
                                      1946
  AVERAGE         78                        76      2       78

PRECIPITATION (IN)
  TODAY            1.09          1.39 1949   0.16   0.93      T
  MONTH TO DATE    2.28                      2.55  -0.27     3.31
  SINCE JUN 1      6.28                      6.15   0.13     6.87
  SINCE JAN 1     28.38                     21.68   6.70    23.32

DEGREE DAYS
 HEATING
  TODAY            0                         0      0        0
  MONTH TO DATE    0                         0      0        0
  SINCE JUN 1      4                        18    -14        7
  SINCE JUL 1      0                         0      0        0

 COOLING
  TODAY           13                        11      2       13
  MONTH TO DATE  241                       185     56      221
  SINCE JUN 1    464                       398     66      486
  SINCE JAN 1    589                       463    126      563
..................................................................


WIND (MPH)
  HIGHEST WIND SPEED    16   HIGHEST WIND DIRECTION     N (350)
  HIGHEST GUST SPEED    24   HIGHEST GUST DIRECTION     N (350)
  AVERAGE WIND SPEED     4.0


SKY COVER
  POSSIBLE SUNSHINE  MM
  AVERAGE SKY COVER 0.7


WEATHER CONDITIONS
 THE FOLLOWING WEATHER WAS RECORDED TODAY.
  THUNDERSTORM
  HEAVY RAIN
  RAIN
  LIGHT RAIN
  FOG
  HAZE


RELATIVE HUMIDITY (PERCENT)
 HIGHEST    82           500 AM
 LOWEST     69          1200 AM
 AVERAGE    76

..........................................................


THE HARRISBURG PA CLIMATE NORMALS FOR TOMORROW
                         NORMAL    RECORD    YEAR
 MAXIMUM TEMPERATURE (F)   86       101      1999
                                             1997
 MINIMUM TEMPERATURE (F)   67        54      1892


SUNRISE AND SUNSET
JULY 17 2018..........SUNRISE   552 AM EDT   SUNSET   834 PM EDT
JULY 18 2018..........SUNRISE   553 AM EDT   SUNSET   834 PM EDT


-  INDICATES NEGATIVE NUMBERS.
R  INDICATES RECORD WAS SET OR TIED.
MM INDICATES DATA IS MISSING.
T  INDICATES TRACE AMOUNT.




$$
