000
CDUS41 KCTP 160618
CLIMDT


CLIMATE REPORT
NATIONAL WEATHER SERVICE STATE COLLEGE PA
118 AM EST SAT FEB 16 2019


...................................

...THE HARRISBURG PA CLIMATE SUMMARY FOR FEBRUARY 15 2019...

CLIMATE NORMAL PERIOD 1981 TO 2010
CLIMATE RECORD PERIOD 1888 TO 2019


WEATHER ITEM   OBSERVED TIME   RECORD YEAR NORMAL DEPARTURE LAST
                VALUE   (LST)  VALUE       VALUE  FROM      YEAR
                                                  NORMAL
..................................................................
TEMPERATURE (F)
 YESTERDAY
  MAXIMUM         61    406 PM  74    1954  41     20       66
  MINIMUM         36    724 AM  -2    1899  25     11       39
  AVERAGE         49                        33     16       53

PRECIPITATION (IN)
  YESTERDAY        T             1.12 1908   0.08  -0.08     0.75
  MONTH TO DATE    1.87                      1.24   0.63     3.49
  SINCE DEC 1     11.13                      7.35   3.78     8.67
  SINCE JAN 1      5.43                      4.12   1.31     7.49

SNOWFALL (IN)
  YESTERDAY        0.0           6.8  1958   0.4   -0.4      0.0
  MONTH TO DATE    5.5                       5.9   -0.4      3.3
  SINCE DEC 1     15.0                      19.8   -4.8     14.7
  SINCE JUL 1     23.8                      20.4    3.4     14.7
  SNOW DEPTH       2

DEGREE DAYS
 HEATING
  YESTERDAY       16                        32    -16       12
  MONTH TO DATE  463                       505    -42      471
  SINCE DEC 1   2380                      2555   -175     2592
  SINCE JUL 1   3389                      3594   -205     3447

 COOLING
  YESTERDAY        0                         0      0        0
  MONTH TO DATE    0                         0      0        0
  SINCE DEC 1      0                         0      0        0
  SINCE JAN 1      0                         0      0        0
..................................................................


WIND (MPH)
  HIGHEST WIND SPEED    20   HIGHEST WIND DIRECTION    NW (300)
  HIGHEST GUST SPEED    27   HIGHEST GUST DIRECTION    SW (230)
  AVERAGE WIND SPEED     7.5


SKY COVER
  POSSIBLE SUNSHINE  MM
  AVERAGE SKY COVER 0.8


WEATHER CONDITIONS
 THE FOLLOWING WEATHER WAS RECORDED YESTERDAY.
  LIGHT RAIN


RELATIVE HUMIDITY (PERCENT)
 HIGHEST    82           500 AM
 LOWEST     37           100 PM
 AVERAGE    60

..........................................................


THE HARRISBURG PA CLIMATE NORMALS FOR TODAY
                         NORMAL    RECORD    YEAR
 MAXIMUM TEMPERATURE (F)   41        75      1954
 MINIMUM TEMPERATURE (F)   25         0      2015
                                             1905
                                             1904


SUNRISE AND SUNSET
FEBRUARY 16 2019......SUNRISE   659 AM EST   SUNSET   544 PM EST
FEBRUARY 17 2019......SUNRISE   658 AM EST   SUNSET   545 PM EST


-  INDICATES NEGATIVE NUMBERS.
R  INDICATES RECORD WAS SET OR TIED.
MM INDICATES DATA IS MISSING.
T  INDICATES TRACE AMOUNT.




$$
