000
CDUS41 KCTP 282241
CLIMDT

CLIMATE REPORT
NATIONAL WEATHER SERVICE STATE COLLEGE PA
541 PM EST FRI FEB 28 2020

...................................

...THE HARRISBURG PA CLIMATE SUMMARY FOR FEBRUARY 28 2020...
VALID TODAY AS OF 0500 PM LOCAL TIME.

CLIMATE NORMAL PERIOD 1981 TO 2010
CLIMATE RECORD PERIOD 1888 TO 2020


WEATHER ITEM   OBSERVED TIME   RECORD YEAR NORMAL DEPARTURE LAST
                VALUE   (LST)  VALUE       VALUE  FROM      YEAR
                                                  NORMAL
...................................................................
TEMPERATURE (F)
 TODAY
  MAXIMUM         44    306 PM  68    1976  45     -1       39
  MINIMUM         30    326 AM  -1    1934  28      2       32
  AVERAGE         37                        36      1       36

PRECIPITATION (IN)
  TODAY            T             1.15 1917   0.10  -0.10      T
  MONTH TO DATE    2.52                      2.39   0.13     3.32
  SINCE DEC 1      9.26                      8.50   0.76    12.58
  SINCE JAN 1      5.60                      5.27   0.33     6.88

SNOWFALL (IN)
  TODAY            T             7.8  1917   0.3   -0.3       T
  MONTH TO DATE    T                        10.5  -10.5     10.4
  SINCE DEC 1      5.1                      24.4  -19.3     19.9
  SINCE JUL 1      5.1                      25.0  -19.9     28.7
  SNOW DEPTH       0

DEGREE DAYS
 HEATING
  TODAY           28                        28      0       29
  MONTH TO DATE  708                       898   -190      848
  SINCE DEC 1   2461                      2948   -487     2765
  SINCE JUL 1   3357                      3987   -630     3774

 COOLING
  TODAY            0                         0      0        0
  MONTH TO DATE    0                         0      0        0
  SINCE DEC 1      0                         0      0        0
  SINCE JAN 1      0                         0      0        0
...................................................................


WIND (MPH)
  HIGHEST WIND SPEED    28   HIGHEST WIND DIRECTION    NW (310)
  HIGHEST GUST SPEED    35   HIGHEST GUST DIRECTION     W (270)
  AVERAGE WIND SPEED    12.1


SKY COVER
  POSSIBLE SUNSHINE  MM
  AVERAGE SKY COVER 0.7


WEATHER CONDITIONS
THE FOLLOWING WEATHER WAS RECORDED TODAY.
  LIGHT SNOW
  HAZE


RELATIVE HUMIDITY (PERCENT)
 HIGHEST    66           900 AM
 LOWEST     25           300 PM
 AVERAGE    46

..........................................................


THE HARRISBURG PA CLIMATE NORMALS FOR TOMORROW
                         NORMAL    RECORD    YEAR
 MAXIMUM TEMPERATURE (F)   45        68      1976
 MINIMUM TEMPERATURE (F)   29        11      1980


SUNRISE AND SUNSET
FEBRUARY 28 2020......SUNRISE   643 AM EST   SUNSET   557 PM EST
FEBRUARY 29 2020......SUNRISE   641 AM EST   SUNSET   558 PM EST


-  INDICATES NEGATIVE NUMBERS.
R  INDICATES RECORD WAS SET OR TIED.
MM INDICATES DATA IS MISSING.
T  INDICATES TRACE AMOUNT.




$$
