569
CDUS41 KCTP 200624
CLIMDT


CLIMATE REPORT
NATIONAL WEATHER SERVICE STATE COLLEGE PA
224 AM EDT FRI APR 20 2018


...................................

...THE HARRISBURG PA CLIMATE SUMMARY FOR APRIL 19 2018...

CLIMATE NORMAL PERIOD 1981 TO 2010
CLIMATE RECORD PERIOD 1888 TO 2018


WEATHER ITEM   OBSERVED TIME   RECORD YEAR NORMAL DEPARTURE LAST
                VALUE   (LST)  VALUE       VALUE  FROM      YEAR
                                                  NORMAL
..................................................................
TEMPERATURE (F)
 YESTERDAY
  MAXIMUM         50   1229 AM  92    1896  64    -14       58
  MINIMUM         39   1159 PM  29    1904  43     -4       46
  AVERAGE         45                        53     -8       52

PRECIPITATION (IN)
  YESTERDAY        0.15          1.64 1943   0.10   0.05      T
  MONTH TO DATE    2.76                      1.95   0.81     1.89
  SINCE MAR 1      5.73                      5.32   0.41     6.61
  SINCE JAN 1     15.17                     10.59   4.58    10.99

SNOWFALL (IN)
  YESTERDAY        0.0           0.9  1983   0.0    0.0      0.0
  MONTH TO DATE    3.9                       0.3    3.6      0.0
  SINCE MAR 1     19.9                       5.5   14.4     18.4
  SINCE JUL 1     38.0                      30.5    7.5     23.9
  SNOW DEPTH       0

DEGREE DAYS
 HEATING
  YESTERDAY       20                        12      8       13
  MONTH TO DATE  358                       284     74      167
  SINCE MAR 1   1171                      1007    164      929
  SINCE JUL 1   4876                      4995   -119     4167

 COOLING
  YESTERDAY        0                         0      0        0
  MONTH TO DATE   12                         0     12        5
  SINCE MAR 1     12                         1     11        5
  SINCE JAN 1     12                         1     11        5
..................................................................


WIND (MPH)
  HIGHEST WIND SPEED    30   HIGHEST WIND DIRECTION    NW (310)
  HIGHEST GUST SPEED    40   HIGHEST GUST DIRECTION    NW (300)
  AVERAGE WIND SPEED    12.7


SKY COVER
  POSSIBLE SUNSHINE  MM
  AVERAGE SKY COVER 0.8


WEATHER CONDITIONS
 THE FOLLOWING WEATHER WAS RECORDED YESTERDAY.
  LIGHT RAIN
  FOG
  HAZE


RELATIVE HUMIDITY (PERCENT)
 HIGHEST    89           600 AM
 LOWEST     46           800 PM
 AVERAGE    68

..........................................................


THE HARRISBURG PA CLIMATE NORMALS FOR TODAY
                         NORMAL    RECORD    YEAR
 MAXIMUM TEMPERATURE (F)   64        92      1941
 MINIMUM TEMPERATURE (F)   43        26      1904
                                             1897


SUNRISE AND SUNSET
APRIL 20 2018.........SUNRISE   622 AM EDT   SUNSET   751 PM EDT
APRIL 21 2018.........SUNRISE   620 AM EDT   SUNSET   752 PM EDT


-  INDICATES NEGATIVE NUMBERS.
R  INDICATES RECORD WAS SET OR TIED.
MM INDICATES DATA IS MISSING.
T  INDICATES TRACE AMOUNT.




$$
