000
CDUS41 KCTP 210624
CLIMDT

CLIMATE REPORT
NATIONAL WEATHER SERVICE STATE COLLEGE PA
224 AM EDT WED OCT 21 2020

...................................

...THE HARRISBURG PA CLIMATE SUMMARY FOR OCTOBER 20 2020...

CLIMATE NORMAL PERIOD 1981 TO 2010
CLIMATE RECORD PERIOD 1888 TO 2020


WEATHER ITEM   OBSERVED TIME   RECORD YEAR NORMAL DEPARTURE LAST
                VALUE   (LST)  VALUE       VALUE  FROM      YEAR
                                                  NORMAL
...................................................................
TEMPERATURE (F)
 YESTERDAY
  MAXIMUM         79    251 PM  82    1969  63     16       56
  MINIMUM         57    557 AM  28    1981  43     14       47
                                      1992
  AVERAGE         68                        53     15       52

PRECIPITATION (IN)
  YESTERDAY        0.00          1.72 1944   0.10  -0.10     0.32
  MONTH TO DATE    1.37                      2.25  -0.88     3.08
  SINCE SEP 1      3.19                      6.32  -3.13     4.56
  SINCE JAN 1     29.76                     33.26  -3.50    37.00

SNOWFALL (IN)
  YESTERDAY        0.0           0.1  1940   0.0    0.0      0.0
  MONTH TO DATE    0.0                       0.0    0.0      0.0
  SINCE SEP 1      0.0                       0.0    0.0      0.0
  SINCE JUL 1      0.0                       0.0    0.0      0.0
  SNOW DEPTH       0

DEGREE DAYS
 HEATING
  YESTERDAY        0                        12    -12       13
  MONTH TO DATE  118                       186    -68      132
  SINCE SEP 1    167                       256    -89      135
  SINCE JUL 1    167                       258    -91      135

 COOLING
  YESTERDAY        3                         0      3        0
  MONTH TO DATE    4                        10     -6       29
  SINCE SEP 1    141                       107     34      225
  SINCE JAN 1   1422                      1003    419     1445
...................................................................


WIND (MPH)
  HIGHEST WIND SPEED    12   HIGHEST WIND DIRECTION    SE (150)
  HIGHEST GUST SPEED    15   HIGHEST GUST DIRECTION    SE (140)
  AVERAGE WIND SPEED     4.1


SKY COVER
  POSSIBLE SUNSHINE  MM
  AVERAGE SKY COVER 0.8


WEATHER CONDITIONS
THE FOLLOWING WEATHER WAS RECORDED YESTERDAY.
  FOG
  HAZE


RELATIVE HUMIDITY (PERCENT)
 HIGHEST    93           200 AM
 LOWEST     48           300 PM
 AVERAGE    71

..........................................................


THE HARRISBURG PA CLIMATE NORMALS FOR TODAY
                         NORMAL    RECORD    YEAR
 MAXIMUM TEMPERATURE (F)   63        84      1947
 MINIMUM TEMPERATURE (F)   43        29      1940
                                             1952
                                             1972


SUNRISE AND SUNSET
OCTOBER 21 2020.......SUNRISE   725 AM EDT   SUNSET   618 PM EDT
OCTOBER 22 2020.......SUNRISE   726 AM EDT   SUNSET   616 PM EDT


-  INDICATES NEGATIVE NUMBERS.
R  INDICATES RECORD WAS SET OR TIED.
MM INDICATES DATA IS MISSING.
T  INDICATES TRACE AMOUNT.




$$
