000
CDUS41 KCTP 142129
CLIMDT


CLIMATE REPORT
NATIONAL WEATHER SERVICE STATE COLLEGE PA
529 PM EDT MON OCT 14 2019


...................................

...THE HARRISBURG PA CLIMATE SUMMARY FOR OCTOBER 14 2019...
VALID TODAY AS OF 0500 PM LOCAL TIME.

CLIMATE NORMAL PERIOD 1981 TO 2010
CLIMATE RECORD PERIOD 1888 TO 2019


WEATHER ITEM   OBSERVED TIME   RECORD YEAR NORMAL DEPARTURE LAST
                VALUE   (LST)  VALUE       VALUE  FROM      YEAR
                                                  NORMAL
..................................................................
TEMPERATURE (F)
 TODAY
  MAXIMUM         72    359 PM  85    1975  65      7       54
  MINIMUM         45    635 AM  30    1988  45      0       44
  AVERAGE         59                        55      4       49

PRECIPITATION (IN)
  TODAY            0.00          2.50 1955   0.10  -0.10      T
  MONTH TO DATE    1.51                      1.64  -0.13     0.89
  SINCE SEP 1      2.99                      5.71  -2.72     7.80
  SINCE JAN 1     35.43                     32.65   2.78    51.27

SNOWFALL (IN)
  TODAY            0.0           T    1894   0.0    0.0      0.0
  MONTH TO DATE    0.0                       0.0    0.0      0.0
  SINCE SEP 1      0.0                       0.0    0.0      0.0
  SINCE JUL 1      0.0                       0.0    0.0      0.0
  SNOW DEPTH       0

DEGREE DAYS
 HEATING
  TODAY            6                        10     -4       16
  MONTH TO DATE   66                       118    -52       35
  SINCE SEP 1     69                       188   -119       60
  SINCE JUL 1     69                       190   -121       60

 COOLING
  TODAY            0                         0      0        0
  MONTH TO DATE   29                        10     19       66
  SINCE SEP 1    225                       107    118      272
  SINCE JAN 1   1445                      1003    442     1382
..................................................................


WIND (MPH)
  HIGHEST WIND SPEED    23   HIGHEST WIND DIRECTION     W (290)
  HIGHEST GUST SPEED    28   HIGHEST GUST DIRECTION     W (290)
  AVERAGE WIND SPEED     3.5


SKY COVER
  POSSIBLE SUNSHINE  MM
  AVERAGE SKY COVER 0.1


WEATHER CONDITIONS
 THE FOLLOWING WEATHER WAS RECORDED TODAY.
  NO SIGNIFICANT WEATHER WAS OBSERVED.


RELATIVE HUMIDITY (PERCENT)
 HIGHEST    89           100 AM
 LOWEST     31           100 PM
 AVERAGE    60

..........................................................


THE HARRISBURG PA CLIMATE NORMALS FOR TOMORROW
                         NORMAL    RECORD    YEAR
 MAXIMUM TEMPERATURE (F)   64        84      1897
 MINIMUM TEMPERATURE (F)   45        32      2006
                                             1987
                                             1979


SUNRISE AND SUNSET
OCTOBER 14 2019.......SUNRISE   716 AM EDT   SUNSET   629 PM EDT
OCTOBER 15 2019.......SUNRISE   717 AM EDT   SUNSET   628 PM EDT


-  INDICATES NEGATIVE NUMBERS.
R  INDICATES RECORD WAS SET OR TIED.
MM INDICATES DATA IS MISSING.
T  INDICATES TRACE AMOUNT.




$$
