272
CDUS41 KCTP 222116
CLIMDT


CLIMATE REPORT
NATIONAL WEATHER SERVICE STATE COLLEGE PA
516 PM EDT MON OCT 22 2018


...................................

...THE HARRISBURG PA CLIMATE SUMMARY FOR OCTOBER 22 2018...
VALID TODAY AS OF 0500 PM LOCAL TIME.

CLIMATE NORMAL PERIOD 1981 TO 2010
CLIMATE RECORD PERIOD 1888 TO 2018


WEATHER ITEM   OBSERVED TIME   RECORD YEAR NORMAL DEPARTURE LAST
                VALUE   (LST)  VALUE       VALUE  FROM      YEAR
                                                  NORMAL
..................................................................
TEMPERATURE (F)
 TODAY
  MAXIMUM         56    328 PM  83    1947  62     -6       77
  MINIMUM         39    447 AM  25    1940  43     -4       46
  AVERAGE         48                        52     -4       62

PRECIPITATION (IN)
  TODAY            0.00          2.18 1929   0.09  -0.09     0.00
  MONTH TO DATE    1.09                      2.44  -1.35     2.16
  SINCE SEP 1      8.00                      6.51   1.49     4.71
  SINCE JAN 1     51.47                     33.45  18.02    38.92

SNOWFALL (IN)
  TODAY            0.0           T    1969   0.0    0.0      0.0
  MONTH TO DATE    0.0                       0.0    0.0      0.0
  SINCE SEP 1      0.0                       0.0    0.0      0.0
  SINCE JUL 1      0.0                       0.0    0.0      0.0
  SNOW DEPTH       0

DEGREE DAYS
 HEATING
  TODAY           17                        13      4        3
  MONTH TO DATE  145                       211    -66       82
  SINCE SEP 1    170                       281   -111      120
  SINCE JUL 1    170                       283   -113      122

 COOLING
  TODAY            0                         0      0        0
  MONTH TO DATE   66                        10     56       61
  SINCE SEP 1    272                       107    165      216
  SINCE JAN 1   1382                      1003    379     1214
..................................................................


WIND (MPH)
  HIGHEST WIND SPEED    18   HIGHEST WIND DIRECTION     W (250)
  HIGHEST GUST SPEED    23   HIGHEST GUST DIRECTION    SW (210)
  AVERAGE WIND SPEED     8.1


SKY COVER
  POSSIBLE SUNSHINE  MM
  AVERAGE SKY COVER 0.6


WEATHER CONDITIONS
 THE FOLLOWING WEATHER WAS RECORDED TODAY.
  NO SIGNIFICANT WEATHER WAS OBSERVED.


RELATIVE HUMIDITY (PERCENT)
 HIGHEST    65           400 AM
 LOWEST     38           400 PM
 AVERAGE    52

..........................................................


THE HARRISBURG PA CLIMATE NORMALS FOR TOMORROW
                         NORMAL    RECORD    YEAR
 MAXIMUM TEMPERATURE (F)   62        86      1947
 MINIMUM TEMPERATURE (F)   42        29      1982
                                             1969
                                             1944


SUNRISE AND SUNSET
OCTOBER 22 2018.......SUNRISE   725 AM EDT   SUNSET   617 PM EDT
OCTOBER 23 2018.......SUNRISE   726 AM EDT   SUNSET   616 PM EDT


-  INDICATES NEGATIVE NUMBERS.
R  INDICATES RECORD WAS SET OR TIED.
MM INDICATES DATA IS MISSING.
T  INDICATES TRACE AMOUNT.




$$
