000
CDUS42 KMLB 110627
CLIMLB


CLIMATE REPORT
NATIONAL WEATHER SERVICE MELBOURNE FL
126 AM EST WED DEC 11 2019


...................................

...THE MELBOURNE CLIMATE SUMMARY FOR DECEMBER 10 2019...

CLIMATE NORMAL PERIOD 1981 TO 2010
CLIMATE RECORD PERIOD 1939 TO 2019


WEATHER ITEM   OBSERVED TIME   RECORD YEAR NORMAL DEPARTURE LAST
                VALUE   (LST)  VALUE       VALUE  FROM      YEAR
                                                  NORMAL
..................................................................
TEMPERATURE (F)
 YESTERDAY
  MAXIMUM         86R  1205 PM  85    2013  74     12       64
  MINIMUM         63    737 AM  34    1962  54      9       44
  AVERAGE         75                        64     11       54

PRECIPITATION (IN)
  YESTERDAY        0.00          1.98 2011   0.08  -0.08     0.00
  MONTH TO DATE    0.04                      0.85  -0.81     0.77
  SINCE DEC 1      0.04                      0.85  -0.81     0.77
  SINCE JAN 1     48.36                     50.28  -1.92    35.56

SNOWFALL (IN)
  YESTERDAY        0.0
  MONTH TO DATE    0.0
  SINCE JUL 1      0.0

DEGREE DAYS
 HEATING
  YESTERDAY        0                         4     -4       11
  MONTH TO DATE   40                        32      8       28
  SINCE DEC 1     40                        32      8       28
  SINCE JUL 1     76                        74      2       71

 COOLING
  YESTERDAY       10                         3      7        0
  MONTH TO DATE   23                        30     -7       59
  SINCE DEC 1     23                        30     -7       59
  SINCE JAN 1   4094                      3225    869     4234
..................................................................


WIND (MPH)
  HIGHEST WIND SPEED    15   HIGHEST WIND DIRECTION    SE (120)
  HIGHEST GUST SPEED    19   HIGHEST GUST DIRECTION    SE (130)
  AVERAGE WIND SPEED     5.4


SKY COVER
  AVERAGE SKY COVER 0.3


WEATHER CONDITIONS
 THE FOLLOWING WEATHER WAS RECORDED YESTERDAY.
  FOG


RELATIVE HUMIDITY (PERCENT)
 HIGHEST    93           100 AM
 LOWEST     63          1200 PM
 AVERAGE    78

..........................................................


THE MELBOURNE CLIMATE NORMALS FOR TODAY
                         NORMAL    RECORD    YEAR
 MAXIMUM TEMPERATURE (F)   74        86      1967
 MINIMUM TEMPERATURE (F)   54        31      1962


SUNRISE AND SUNSET
DECEMBER 11 2019......SUNRISE   704 AM EST   SUNSET   528 PM EST
DECEMBER 12 2019......SUNRISE   704 AM EST   SUNSET   528 PM EST


-  INDICATES NEGATIVE NUMBERS.
R  INDICATES RECORD WAS SET OR TIED.
MM INDICATES DATA IS MISSING.
T  INDICATES TRACE AMOUNT.




$$
