000
CDUS42 KMLB 230628
CLIMLB


CLIMATE REPORT
NATIONAL WEATHER SERVICE MELBOURNE FL
227 AM EDT TUE OCT 23 2018


...................................

...THE MELBOURNE CLIMATE SUMMARY FOR OCTOBER 22 2018...

CLIMATE NORMAL PERIOD 1981 TO 2010
CLIMATE RECORD PERIOD 1939 TO 2018


WEATHER ITEM   OBSERVED TIME   RECORD YEAR NORMAL DEPARTURE LAST
                VALUE   (LST)  VALUE       VALUE  FROM      YEAR
                                                  NORMAL
..................................................................
TEMPERATURE (F)
 YESTERDAY
  MAXIMUM         85    107 PM  92    2013  83      2       87
  MINIMUM         73    623 AM  50    1976  66      7       79
  AVERAGE         79                        75      4       83

PRECIPITATION (IN)
  YESTERDAY        0.00          1.07 2004   0.16  -0.16      T
  MONTH TO DATE    0.92                      3.94  -3.02    10.33
  SINCE SEP 1      2.55                     11.58  -9.03    31.27
  SINCE JAN 1     33.28                     45.43 -12.15    58.96

SNOWFALL (IN)
  YESTERDAY        0.0
  MONTH TO DATE    0.0
  SINCE JUL 1      0.0

DEGREE DAYS
 HEATING
  YESTERDAY        0                         0      0        0
  MONTH TO DATE    0                         0      0        0
  SINCE SEP 1      0                         0      0        0
  SINCE JUL 1      0                         0      0        0

 COOLING
  YESTERDAY       14                        10      4       18
  MONTH TO DATE  403                       266    137      375
  SINCE SEP 1    969                       732    237      904
  SINCE JAN 1   3854                      2958    896     3792
..................................................................


WIND (MPH)
  HIGHEST WIND SPEED    21   HIGHEST WIND DIRECTION    NE (50)
  HIGHEST GUST SPEED    25   HIGHEST GUST DIRECTION    NE (50)
  AVERAGE WIND SPEED    11.4


SKY COVER
  AVERAGE SKY COVER 0.3


WEATHER CONDITIONS
 THE FOLLOWING WEATHER WAS RECORDED YESTERDAY.
  NO SIGNIFICANT WEATHER WAS OBSERVED.


RELATIVE HUMIDITY (PERCENT)
 HIGHEST    64           200 AM
 LOWEST     45          1000 AM
 AVERAGE    55

..........................................................


THE MELBOURNE CLIMATE NORMALS FOR TODAY
                         NORMAL    RECORD    YEAR
 MAXIMUM TEMPERATURE (F)   83        92      1942
 MINIMUM TEMPERATURE (F)   66        50      1974


SUNRISE AND SUNSET
OCTOBER 23 2018.......SUNRISE   728 AM EDT   SUNSET   645 PM EDT
OCTOBER 24 2018.......SUNRISE   729 AM EDT   SUNSET   645 PM EDT


-  INDICATES NEGATIVE NUMBERS.
R  INDICATES RECORD WAS SET OR TIED.
MM INDICATES DATA IS MISSING.
T  INDICATES TRACE AMOUNT.




$$
