000
CDUS42 KMLB 130627
CLIMLB


CLIMATE REPORT
NATIONAL WEATHER SERVICE MELBOURNE FL
226 AM EDT SUN OCT 13 2019


...................................

...THE MELBOURNE CLIMATE SUMMARY FOR OCTOBER 12 2019...

CLIMATE NORMAL PERIOD 1981 TO 2010
CLIMATE RECORD PERIOD 1939 TO 2019


WEATHER ITEM   OBSERVED TIME   RECORD YEAR NORMAL DEPARTURE LAST
                VALUE   (LST)  VALUE       VALUE  FROM      YEAR
                                                  NORMAL
..................................................................
TEMPERATURE (F)
 YESTERDAY
  MAXIMUM         84    111 PM  91    2018  85     -1       91
                                      1948
  MINIMUM         67    649 AM  59    1988  69     -2       76
  AVERAGE         76                        77     -1       84

PRECIPITATION (IN)
  YESTERDAY        T             1.46 1964   0.18  -0.18     0.00
  MONTH TO DATE    3.20                      2.37   0.83     0.92
  SINCE SEP 1      5.29                     10.01  -4.72     2.55
  SINCE JAN 1     43.71                     43.86  -0.15    33.28

SNOWFALL (IN)
  YESTERDAY        0.0
  MONTH TO DATE    0.0
  SINCE JUL 1      0.0

DEGREE DAYS
 HEATING
  YESTERDAY        0                         0      0        0
  MONTH TO DATE    0                         0      0        0
  SINCE SEP 1      0                         0      0        0
  SINCE JUL 1      0                         0      0        0

 COOLING
  YESTERDAY       11                        12     -1       19
  MONTH TO DATE  193                       157     36      236
  SINCE SEP 1    756                       623    133      802
  SINCE JAN 1   3606                      2849    757     3687
..................................................................


WIND (MPH)
  HIGHEST WIND SPEED    15   HIGHEST WIND DIRECTION     E (110)
  HIGHEST GUST SPEED    18   HIGHEST GUST DIRECTION     E (110)
  AVERAGE WIND SPEED     8.2


SKY COVER
  AVERAGE SKY COVER 0.2


WEATHER CONDITIONS
 THE FOLLOWING WEATHER WAS RECORDED YESTERDAY.
  LIGHT RAIN
  FOG


RELATIVE HUMIDITY (PERCENT)
 HIGHEST    93           500 AM
 LOWEST     55          1000 AM
 AVERAGE    74

..........................................................


THE MELBOURNE CLIMATE NORMALS FOR TODAY
                         NORMAL    RECORD    YEAR
 MAXIMUM TEMPERATURE (F)   85        89      2015
                                             1995
                                             1990
 MINIMUM TEMPERATURE (F)   69        56      1977


SUNRISE AND SUNSET
OCTOBER 13 2019.......SUNRISE   722 AM EDT   SUNSET   656 PM EDT
OCTOBER 14 2019.......SUNRISE   722 AM EDT   SUNSET   654 PM EDT


-  INDICATES NEGATIVE NUMBERS.
R  INDICATES RECORD WAS SET OR TIED.
MM INDICATES DATA IS MISSING.
T  INDICATES TRACE AMOUNT.




$$
