000
CDUS42 KMLB 260631
CLIMLB

CLIMATE REPORT
NATIONAL WEATHER SERVICE MELBOURNE FL
231 AM EDT MON OCT 26 2020

...................................

...THE MELBOURNE CLIMATE SUMMARY FOR OCTOBER 25 2020...

CLIMATE NORMAL PERIOD 1981 TO 2010
CLIMATE RECORD PERIOD 1939 TO 2020


WEATHER ITEM   OBSERVED TIME   RECORD YEAR NORMAL DEPARTURE LAST
                VALUE   (LST)  VALUE       VALUE  FROM      YEAR
                                                  NORMAL
...................................................................
TEMPERATURE (F)
 YESTERDAY
  MAXIMUM         83    130 PM  89    1970  82      1       84
                                      1997
  MINIMUM         71    805 PM  43    1937  65      6       76
  AVERAGE         77                        74      3       80

PRECIPITATION (IN)
  YESTERDAY        0.62          1.14 2001   0.14   0.48     0.93
  MONTH TO DATE    4.87                      4.36   0.51     5.14
  SINCE SEP 1     11.97                     12.00  -0.03     7.23
  SINCE JAN 1     44.35                     45.85  -1.50    45.65

SNOWFALL (IN)
  YESTERDAY        0.0
  MONTH TO DATE    0.0
  SINCE JUL 1      0.0

DEGREE DAYS
 HEATING
  YESTERDAY        0                         0      0        0
  MONTH TO DATE    0                         0      0        0
  SINCE SEP 1      0                         0      0        0
  SINCE JUL 1      0                         0      0        0

 COOLING
  YESTERDAY       12                         9      3       15
  MONTH TO DATE  369                       294     75      392
  SINCE SEP 1    883                       760    123      955
  SINCE JAN 1   3586                      2986    600     3805
...................................................................


WIND (MPH)
  HIGHEST WIND SPEED    23   HIGHEST WIND DIRECTION     E (90)
  HIGHEST GUST SPEED    28   HIGHEST GUST DIRECTION     E (80)
  AVERAGE WIND SPEED     5.2


SKY COVER
  AVERAGE SKY COVER 0.5


WEATHER CONDITIONS
THE FOLLOWING WEATHER WAS RECORDED YESTERDAY.
  THUNDERSTORM
  HEAVY RAIN
  RAIN
  LIGHT RAIN
  FOG


RELATIVE HUMIDITY (PERCENT)
 HIGHEST   100          1200 AM
 LOWEST     79          1000 AM
 AVERAGE    90

..........................................................


THE MELBOURNE CLIMATE NORMALS FOR TODAY
                         NORMAL    RECORD    YEAR
 MAXIMUM TEMPERATURE (F)   82        90      1942
 MINIMUM TEMPERATURE (F)   65        47      2005


SUNRISE AND SUNSET
OCTOBER 26 2020.......SUNRISE   730 AM EDT   SUNSET   642 PM EDT
OCTOBER 27 2020.......SUNRISE   731 AM EDT   SUNSET   642 PM EDT


-  INDICATES NEGATIVE NUMBERS.
R  INDICATES RECORD WAS SET OR TIED.
MM INDICATES DATA IS MISSING.
T  INDICATES TRACE AMOUNT.




$$
