354
CDUS42 KMLB 202040
CLIMLB


CLIMATE REPORT
NATIONAL WEATHER SERVICE MELBOURNE FL
430 PM EDT FRI JUL 20 2018


...................................

...THE MELBOURNE CLIMATE SUMMARY FOR JULY 20 2018...
VALID TODAY AS OF 0400 PM LOCAL TIME.

CLIMATE NORMAL PERIOD 1981 TO 2010
CLIMATE RECORD PERIOD 1939 TO 2018


WEATHER ITEM   OBSERVED TIME   RECORD YEAR NORMAL DEPARTURE LAST
                VALUE   (LST)  VALUE       VALUE  FROM      YEAR
                                                  NORMAL
..................................................................
TEMPERATURE (F)
 TODAY
  MAXIMUM         95   1209 PM  99    1942  91      4       89
  MINIMUM         80    637 AM  68    1968  73      7       74
  AVERAGE         88                        82      6       82

PRECIPITATION (IN)
  TODAY            0.00          2.10 1995   0.19  -0.19     0.46
  MONTH TO DATE    1.28                      3.73  -2.45     4.53
  SINCE JUN 1      8.62                     10.44  -1.82    10.98
  SINCE JAN 1     23.46                     23.94  -0.48    19.32

SNOWFALL (IN)
  TODAY            0.0
  MONTH TO DATE    0.0
  SINCE JUL 1      0.0

DEGREE DAYS
 HEATING
  TODAY            0                         0      0        0
  MONTH TO DATE    0                         0      0        0
  SINCE JUN 1      0                         0      0        0
  SINCE JUL 1      0                         0      0        0

 COOLING
  TODAY           23                        17      6       17
  MONTH TO DATE  389                       329     60      388
  SINCE JUN 1    917                       791    126      907
  SINCE JAN 1   2060                      1517    543     2054
..................................................................


WIND (MPH)
  HIGHEST WIND SPEED    16   HIGHEST WIND DIRECTION     W (290)
  HIGHEST GUST SPEED    22   HIGHEST GUST DIRECTION    SW (220)
  AVERAGE WIND SPEED     7.4


SKY COVER
  AVERAGE SKY COVER 0.2


WEATHER CONDITIONS
 THE FOLLOWING WEATHER WAS RECORDED TODAY.
  NO SIGNIFICANT WEATHER WAS OBSERVED.


RELATIVE HUMIDITY (PERCENT)
 HIGHEST    85           400 AM
 LOWEST     49          1200 PM
 AVERAGE    67

..........................................................


THE MELBOURNE CLIMATE NORMALS FOR TOMORROW
                         NORMAL    RECORD    YEAR
 MAXIMUM TEMPERATURE (F)   91        99      1942
 MINIMUM TEMPERATURE (F)   73        69      1994
                                             1982
                                             1966


SUNRISE AND SUNSET
JULY 20 2018..........SUNRISE   638 AM EDT   SUNSET   819 PM EDT
JULY 21 2018..........SUNRISE   639 AM EDT   SUNSET   819 PM EDT


-  INDICATES NEGATIVE NUMBERS.
R  INDICATES RECORD WAS SET OR TIED.
MM INDICATES DATA IS MISSING.
T  INDICATES TRACE AMOUNT.




$$
