000
CDUS42 KMLB 180626
CLIMLB


CLIMATE REPORT
NATIONAL WEATHER SERVICE MELBOURNE FL
125 AM EST MON FEB 18 2019


...................................

...THE MELBOURNE CLIMATE SUMMARY FOR FEBRUARY 17 2019...

CLIMATE NORMAL PERIOD 1981 TO 2010
CLIMATE RECORD PERIOD 1939 TO 2019


WEATHER ITEM   OBSERVED TIME   RECORD YEAR NORMAL DEPARTURE LAST
                VALUE   (LST)  VALUE       VALUE  FROM      YEAR
                                                  NORMAL
..................................................................
TEMPERATURE (F)
 YESTERDAY
  MAXIMUM         82    410 PM  87    2001  74      8       81
                                      1975
                                      1944
  MINIMUM         61    705 AM  31    1996  52      9       60
                                      1958
  AVERAGE         72                        63      9       71

PRECIPITATION (IN)
  YESTERDAY        0.00          1.55 1994   0.09  -0.09     0.00
  MONTH TO DATE    3.56                      1.51   2.05     0.21
  SINCE DEC 1      9.66                      6.35   3.31     4.21
  SINCE JAN 1      8.03                      3.78   4.25     3.14

SNOWFALL (IN)
  YESTERDAY        0.0
  MONTH TO DATE    0.0
  SINCE JUL 1      0.0

DEGREE DAYS
 HEATING
  YESTERDAY        0                         4     -4        0
  MONTH TO DATE   11                        80    -69        4
  SINCE DEC 1    256                       407   -151      240
  SINCE JUL 1    299                       449   -150      253

 COOLING
  YESTERDAY        7                         2      5        6
  MONTH TO DATE   56                        34     22      124
  SINCE DEC 1    264                       154    110      346
  SINCE JAN 1    117                        78     39      203
..................................................................


WIND (MPH)
  HIGHEST WIND SPEED    15   HIGHEST WIND DIRECTION    SE (120)
  HIGHEST GUST SPEED    18   HIGHEST GUST DIRECTION    SE (120)
  AVERAGE WIND SPEED     6.2


SKY COVER
  AVERAGE SKY COVER 0.2


WEATHER CONDITIONS
 THE FOLLOWING WEATHER WAS RECORDED YESTERDAY.
  FOG
  FOG W/VISIBILITY <= 1/4 MILE
  HAZE


RELATIVE HUMIDITY (PERCENT)
 HIGHEST    93           400 AM
 LOWEST     62           400 PM
 AVERAGE    78

..........................................................


THE MELBOURNE CLIMATE NORMALS FOR TODAY
                         NORMAL    RECORD    YEAR
 MAXIMUM TEMPERATURE (F)   74        88      2008
 MINIMUM TEMPERATURE (F)   52        30      1996
                                             1977
                                             1958


SUNRISE AND SUNSET
FEBRUARY 18 2019......SUNRISE   658 AM EST   SUNSET   615 PM EST
FEBRUARY 19 2019......SUNRISE   657 AM EST   SUNSET   616 PM EST


-  INDICATES NEGATIVE NUMBERS.
R  INDICATES RECORD WAS SET OR TIED.
MM INDICATES DATA IS MISSING.
T  INDICATES TRACE AMOUNT.




$$
