600
CDUS42 KMLB 142032
CLISFB


CLIMATE REPORT
NATIONAL WEATHER SERVICE MELBOURNE FL
432 PM EDT MON OCT 14 2019


...................................

...THE SANFORD CLIMATE SUMMARY FOR OCTOBER 14 2019...
VALID TODAY AS OF 0400 PM LOCAL TIME.

CLIMATE NORMAL PERIOD 1981 TO 2010
CLIMATE RECORD PERIOD 1948 TO 2019


WEATHER ITEM   OBSERVED TIME   RECORD YEAR NORMAL DEPARTURE LAST
                VALUE   (LST)  VALUE       VALUE  FROM      YEAR
                                                  NORMAL
..................................................................
TEMPERATURE (F)
 TODAY
  MAXIMUM         88    200 PM  91    2018  85      3       91
                                      1986
  MINIMUM         68    645 AM  47    1977  67      1       68
  AVERAGE         78                        76      2       80

PRECIPITATION (IN)
  TODAY            0.00          1.21 1957   0.11  -0.11     0.00
  MONTH TO DATE    3.52                      2.08   1.44     0.77
  SINCE SEP 1      7.10                      8.26  -1.16     3.36
  SINCE JAN 1     41.54                     44.86  -3.32    40.02

SNOWFALL (IN)
  TODAY            0.0                                       0.0
  MONTH TO DATE    0.0                                       0.0
  SINCE SEP 1      0.0                                       0.0
  SINCE JUL 1      0.0                                       0.0

DEGREE DAYS
 HEATING
  TODAY            0                         0      0        0
  MONTH TO DATE    0                         0      0        0
  SINCE SEP 1      0                         0      0        0
  SINCE JUL 1      0                         0      0        0

 COOLING
  TODAY           13                        11      2       15
  MONTH TO DATE  186                       177      9      236
  SINCE SEP 1    702                       655     47      815
  SINCE JAN 1   3506                      3071    435     3375
..................................................................


WIND (MPH)
  HIGHEST WIND SPEED    13   HIGHEST WIND DIRECTION    NE (50)
  HIGHEST GUST SPEED    16   HIGHEST GUST DIRECTION    NE (50)
  AVERAGE WIND SPEED     3.1


SKY COVER
  AVERAGE SKY COVER 0.1


WEATHER CONDITIONS
 THE FOLLOWING WEATHER WAS RECORDED TODAY.
  NO SIGNIFICANT WEATHER WAS OBSERVED.


RELATIVE HUMIDITY (PERCENT)
 HIGHEST    97           500 AM
 LOWEST     46           100 PM
 AVERAGE    72

..........................................................


THE SANFORD CLIMATE NORMALS FOR TOMORROW
                         NORMAL    RECORD    YEAR
 MAXIMUM TEMPERATURE (F)   85        91      2018
                                             1971
                                             1969
 MINIMUM TEMPERATURE (F)   67        46      1977


SUNRISE AND SUNSET
OCTOBER 14 2019.......SUNRISE   725 AM EDT   SUNSET   656 PM EDT
OCTOBER 15 2019.......SUNRISE   726 AM EDT   SUNSET   655 PM EDT


-  INDICATES NEGATIVE NUMBERS.
R  INDICATES RECORD WAS SET OR TIED.
MM INDICATES DATA IS MISSING.
T  INDICATES TRACE AMOUNT.




$$
