000
CDUS42 KMLB 160652
CLISFB


CLIMATE REPORT
NATIONAL WEATHER SERVICE MELBOURNE FL
142 AM EST WED JAN 16 2019


...................................

...THE SANFORD CLIMATE SUMMARY FOR JANUARY 15 2019...

CLIMATE NORMAL PERIOD 1981 TO 2010
CLIMATE RECORD PERIOD 1948 TO 2019


WEATHER ITEM   OBSERVED TIME   RECORD YEAR NORMAL DEPARTURE LAST
                VALUE   (LST)  VALUE       VALUE  FROM      YEAR
                                                  NORMAL
..................................................................
TEMPERATURE (F)
 YESTERDAY
  MAXIMUM         60    230 PM  83    1989  70    -10       63
  MINIMUM         45   1159 PM  28    1981  49     -4       46
                                      1978
  AVERAGE         53                        60     -7       55

PRECIPITATION (IN)
  YESTERDAY        0.00          1.07 1965   0.08  -0.08     0.00
  MONTH TO DATE    0.24                      1.45  -1.21     1.45
  SINCE DEC 1      6.10                      4.15   1.95     1.99
  SINCE JAN 1      0.24                      1.45  -1.21     1.45

SNOWFALL (IN)
  YESTERDAY        0.0
  MONTH TO DATE    0.0
  SINCE JUL 1      0.0
  SNOW DEPTH       0

DEGREE DAYS
 HEATING
  YESTERDAY       12                         7      5       10
  MONTH TO DATE   52                       105    -53      172
  SINCE DEC 1    183                       260    -77      280
  SINCE JUL 1    243                       307    -64      313

 COOLING
  YESTERDAY        0                         1     -1        0
  MONTH TO DATE   40                        19     21       19
  SINCE DEC 1    130                        80     50      108
  SINCE JAN 1     40                        19     21       19
..................................................................


WIND (MPH)
  RESULTANT WIND SPEED   7   RESULTANT WIND DIRECTION   N (340)
  HIGHEST WIND SPEED    14   HIGHEST WIND DIRECTION    NW (320)
  HIGHEST GUST SPEED    19   HIGHEST GUST DIRECTION    NW (320)
  AVERAGE WIND SPEED     7.8


SKY COVER
  POSSIBLE SUNSHINE  MM
  AVERAGE SKY COVER 0.6


WEATHER CONDITIONS
 THE FOLLOWING WEATHER WAS RECORDED YESTERDAY.
  NO SIGNIFICANT WEATHER WAS OBSERVED.


RELATIVE HUMIDITY (PERCENT)
 HIGHEST    89          1200 AM
 LOWEST     53           100 PM
 AVERAGE    71

..........................................................


THE SANFORD CLIMATE NORMALS FOR TODAY
                         NORMAL    RECORD    YEAR
 MAXIMUM TEMPERATURE (F)   70        85      1974
 MINIMUM TEMPERATURE (F)   49        28      1978


SUNRISE AND SUNSET
JANUARY 16 2019.......SUNRISE   719 AM EST   SUNSET   551 PM EST
JANUARY 17 2019.......SUNRISE   719 AM EST   SUNSET   551 PM EST


-  INDICATES NEGATIVE NUMBERS.
R  INDICATES RECORD WAS SET OR TIED.
MM INDICATES DATA IS MISSING.
T  INDICATES TRACE AMOUNT.




$$
