000
CDUS42 KMLB 172022
CLISFB


CLIMATE REPORT
NATIONAL WEATHER SERVICE MELBOURNE FL
422 PM EDT WED OCT 17 2018


...................................

...THE SANFORD CLIMATE SUMMARY FOR OCTOBER 17 2018...
VALID TODAY AS OF 0400 PM LOCAL TIME.

CLIMATE NORMAL PERIOD 1981 TO 2010
CLIMATE RECORD PERIOD 1948 TO 2018


WEATHER ITEM   OBSERVED TIME   RECORD YEAR NORMAL DEPARTURE LAST
                VALUE   (LST)  VALUE       VALUE  FROM      YEAR
                                                  NORMAL
..................................................................
TEMPERATURE (F)
 TODAY
  MAXIMUM         93R   221 PM  90    1952  84      9       82
  MINIMUM         74    603 AM  50    1977  66      8       71
  AVERAGE         84                        75      9       77

PRECIPITATION (IN)
  TODAY            T             2.41 1950   0.11  -0.11     0.81
  MONTH TO DATE    0.77                      2.42  -1.65     3.88
  SINCE SEP 1      3.36                      8.60  -5.24    15.69
  SINCE JAN 1     40.02                     45.20  -5.18    46.97

SNOWFALL (IN)
  TODAY            0.0                                       0.0
  MONTH TO DATE    0.0                                       0.0
  SINCE SEP 1      0.0                                       0.0
  SINCE JUL 1      0.0                                       0.0

DEGREE DAYS
 HEATING
  TODAY            0                         0      0        0
  MONTH TO DATE    0                         0      0        0
  SINCE SEP 1      0                         0      0        0
  SINCE JUL 1      0                         0      0        0

 COOLING
  TODAY           19                        10      9       12
  MONTH TO DATE  291                       209     82      273
  SINCE SEP 1    870                       687    183      779
  SINCE JAN 1   3430                      3103    327     3521
..................................................................


WIND (MPH)
  HIGHEST WIND SPEED    13   HIGHEST WIND DIRECTION    SE (130)
  HIGHEST GUST SPEED    16   HIGHEST GUST DIRECTION    SE (130)
  AVERAGE WIND SPEED     5.2


SKY COVER
  AVERAGE SKY COVER 0.2


WEATHER CONDITIONS
 THE FOLLOWING WEATHER WAS RECORDED TODAY.
  LIGHT RAIN


RELATIVE HUMIDITY (PERCENT)
 HIGHEST   100           100 AM
 LOWEST     52           100 PM
 AVERAGE    76

..........................................................


THE SANFORD CLIMATE NORMALS FOR TOMORROW
                         NORMAL    RECORD    YEAR
 MAXIMUM TEMPERATURE (F)   84        92      2007
 MINIMUM TEMPERATURE (F)   66        44      1977


SUNRISE AND SUNSET
OCTOBER 17 2018.......SUNRISE   727 AM EDT   SUNSET   653 PM EDT
OCTOBER 18 2018.......SUNRISE   728 AM EDT   SUNSET   652 PM EDT


-  INDICATES NEGATIVE NUMBERS.
R  INDICATES RECORD WAS SET OR TIED.
MM INDICATES DATA IS MISSING.
T  INDICATES TRACE AMOUNT.




$$
