000
CDUS42 KMLB 212120
CLISFB

CLIMATE REPORT
NATIONAL WEATHER SERVICE MELBOURNE FL
420 PM EST FRI FEB 21 2020

...................................

...THE SANFORD CLIMATE SUMMARY FOR FEBRUARY 21 2020...
VALID TODAY AS OF 0400 PM LOCAL TIME.

CLIMATE NORMAL PERIOD 1981 TO 2010
CLIMATE RECORD PERIOD 1948 TO 2020


WEATHER ITEM   OBSERVED TIME   RECORD YEAR NORMAL DEPARTURE LAST
                VALUE   (LST)  VALUE       VALUE  FROM      YEAR
                                                  NORMAL
...................................................................
TEMPERATURE (F)
 TODAY
  MAXIMUM         58   1216 AM  87    2003  74    -16       83
  MINIMUM         50    359 PM  32    1977  52     -2       64
  AVERAGE         54                        63     -9       74

PRECIPITATION (IN)
  TODAY            0.06          0.71 1957   0.12  -0.06     0.02
  MONTH TO DATE    1.91                      1.65   0.26     1.32
  SINCE DEC 1      6.05                      6.97  -0.92    10.25
  SINCE JAN 1      2.40                      4.27  -1.87     4.39

SNOWFALL (IN)
  TODAY            0.0                                       0.0
  MONTH TO DATE    0.0                                       0.0
  SINCE DEC 1      0.0                                       0.0
  SINCE JUL 1      0.0                                       0.0

DEGREE DAYS
 HEATING
  TODAY           11                         4      7        0
  MONTH TO DATE   47                        96    -49       13
  SINCE DEC 1    237                       452   -215      345
  SINCE JUL 1    288                       499   -211      405

 COOLING
  TODAY            0                         2     -2        9
  MONTH TO DATE  101                        35     66       95
  SINCE DEC 1    310                       138    172      225
  SINCE JAN 1    199                        77    122      135
...................................................................


WIND (MPH)
  HIGHEST WIND SPEED    28   HIGHEST WIND DIRECTION     N (350)
  HIGHEST GUST SPEED    37   HIGHEST GUST DIRECTION     N (10)
  AVERAGE WIND SPEED    17.7


SKY COVER
  AVERAGE SKY COVER 1.0


WEATHER CONDITIONS
THE FOLLOWING WEATHER WAS RECORDED TODAY.
  RAIN
  LIGHT RAIN
  FOG


RELATIVE HUMIDITY (PERCENT)
 HIGHEST    93           300 AM
 LOWEST     74           200 PM
 AVERAGE    84

..........................................................


THE SANFORD CLIMATE NORMALS FOR TOMORROW
                         NORMAL    RECORD    YEAR
 MAXIMUM TEMPERATURE (F)   74        88      1962
                                             2003
 MINIMUM TEMPERATURE (F)   53        31      1978


SUNRISE AND SUNSET
FEBRUARY 21 2020......SUNRISE   658 AM EST   SUNSET   619 PM EST
FEBRUARY 22 2020......SUNRISE   658 AM EST   SUNSET   620 PM EST


-  INDICATES NEGATIVE NUMBERS.
R  INDICATES RECORD WAS SET OR TIED.
MM INDICATES DATA IS MISSING.
T  INDICATES TRACE AMOUNT.




$$
