000
CDUS42 KMLB 210628
CLISFB


CLIMATE REPORT
NATIONAL WEATHER SERVICE MELBOURNE FL
127 AM EST WED FEB 21 2018


...................................

...THE SANFORD CLIMATE SUMMARY FOR FEBRUARY 20 2018...

CLIMATE NORMAL PERIOD 1981 TO 2010
CLIMATE RECORD PERIOD 1948 TO 2018


WEATHER ITEM   OBSERVED TIME   RECORD YEAR NORMAL DEPARTURE LAST
                VALUE   (LST)  VALUE       VALUE  FROM      YEAR
                                                  NORMAL
..................................................................
TEMPERATURE (F)
 YESTERDAY
  MAXIMUM         85R   334 PM  85    2014  74     11       82
                                      1990
                                      1984
  MINIMUM         65    617 AM  30    1958  52     13       54
  AVERAGE         75                        63     12       68

PRECIPITATION (IN)
  YESTERDAY        0.00          2.02 1974   0.11  -0.11     0.00
  MONTH TO DATE    0.25                      1.53  -1.28     0.42
  SINCE DEC 1      3.14                      6.85  -3.71     3.12
  SINCE JAN 1      2.60                      4.15  -1.55     2.92

SNOWFALL (IN)
  YESTERDAY        0.0
  MONTH TO DATE    0.0
  SINCE JUL 1      0.0
  SNOW DEPTH       0

DEGREE DAYS
 HEATING
  YESTERDAY        0                         4     -4        0
  MONTH TO DATE   11                        92    -81       22
  SINCE DEC 1    390                       448    -58      160
  SINCE JUL 1    423                       495    -72      186

 COOLING
  YESTERDAY       10                         2      8        3
  MONTH TO DATE  110                        33     77       47
  SINCE DEC 1    237                       136    101      291
  SINCE JAN 1    148                        75     73      142
..................................................................


WIND (MPH)
  RESULTANT WIND SPEED  10   RESULTANT WIND DIRECTION   E (110)
  HIGHEST WIND SPEED    20   HIGHEST WIND DIRECTION    SE (120)
  HIGHEST GUST SPEED    24   HIGHEST GUST DIRECTION    SE (130)
  AVERAGE WIND SPEED    10.6


SKY COVER
  POSSIBLE SUNSHINE  MM
  AVERAGE SKY COVER 0.3


WEATHER CONDITIONS
 THE FOLLOWING WEATHER WAS RECORDED YESTERDAY.
  NO SIGNIFICANT WEATHER WAS OBSERVED.


RELATIVE HUMIDITY (PERCENT)
 HIGHEST   100           300 AM
 LOWEST     48           300 PM
 AVERAGE    74

..........................................................


THE SANFORD CLIMATE NORMALS FOR TODAY
                         NORMAL    RECORD    YEAR
 MAXIMUM TEMPERATURE (F)   74        87      2003
 MINIMUM TEMPERATURE (F)   52        32      1977


SUNRISE AND SUNSET
FEBRUARY 21 2018......SUNRISE   658 AM EST   SUNSET   619 PM EST
FEBRUARY 22 2018......SUNRISE   657 AM EST   SUNSET   620 PM EST


-  INDICATES NEGATIVE NUMBERS.
R  INDICATES RECORD WAS SET OR TIED.
MM INDICATES DATA IS MISSING.
T  INDICATES TRACE AMOUNT.




$$
