000
CDUS42 KMLB 200640
CLISFB


CLIMATE REPORT
NATIONAL WEATHER SERVICE MELBOURNE FL
240 AM EDT FRI JUL 20 2018


...................................

...THE SANFORD CLIMATE SUMMARY FOR JULY 19 2018...

CLIMATE NORMAL PERIOD 1981 TO 2010
CLIMATE RECORD PERIOD 1948 TO 2018


WEATHER ITEM   OBSERVED TIME   RECORD YEAR NORMAL DEPARTURE LAST
                VALUE   (LST)  VALUE       VALUE  FROM      YEAR
                                                  NORMAL
..................................................................
TEMPERATURE (F)
 YESTERDAY
  MAXIMUM         93   1245 PM  98    1981  93      0       91
  MINIMUM         78    554 AM  68    1996  74      4       74
                                      1967
  AVERAGE         86                        84      2       83

PRECIPITATION (IN)
  YESTERDAY        0.00          1.96 1958   0.23  -0.23     0.03
  MONTH TO DATE    2.67                      4.79  -2.12     3.27
  SINCE JUN 1      9.40                     12.00  -2.60    10.48
  SINCE JAN 1     28.24                     26.90   1.34    19.13

SNOWFALL (IN)
  YESTERDAY        0.0
  MONTH TO DATE    0.0
  SINCE JUL 1      0.0
  SNOW DEPTH       0

DEGREE DAYS
 HEATING
  YESTERDAY        0                         0      0        0
  MONTH TO DATE    0                         0      0        0
  SINCE JUN 1      0                         0      0        0
  SINCE JUL 1      0                         0      0        0

 COOLING
  YESTERDAY       21                        19      2       18
  MONTH TO DATE  350                       346      4      368
  SINCE JUN 1    878                       841     37      869
  SINCE JAN 1   1757                      1633    124     1922
..................................................................


WIND (MPH)
  RESULTANT WIND SPEED   8   RESULTANT WIND DIRECTION   S (200)
  HIGHEST WIND SPEED    23   HIGHEST WIND DIRECTION     W (250)
  HIGHEST GUST SPEED    29   HIGHEST GUST DIRECTION     W (260)
  AVERAGE WIND SPEED     8.8


SKY COVER
  POSSIBLE SUNSHINE  MM
  AVERAGE SKY COVER 0.1


WEATHER CONDITIONS
 THE FOLLOWING WEATHER WAS RECORDED YESTERDAY.
  THUNDERSTORM


RELATIVE HUMIDITY (PERCENT)
 HIGHEST    91          1200 AM
 LOWEST     52           200 PM
 AVERAGE    72

..........................................................


THE SANFORD CLIMATE NORMALS FOR TODAY
                         NORMAL    RECORD    YEAR
 MAXIMUM TEMPERATURE (F)   93        97      2000
                                             1963
 MINIMUM TEMPERATURE (F)   74        68      1982
                                             1977
                                             1967


SUNRISE AND SUNSET
JULY 20 2018..........SUNRISE   639 AM EDT   SUNSET   823 PM EDT
JULY 21 2018..........SUNRISE   640 AM EDT   SUNSET   823 PM EDT


-  INDICATES NEGATIVE NUMBERS.
R  INDICATES RECORD WAS SET OR TIED.
MM INDICATES DATA IS MISSING.
T  INDICATES TRACE AMOUNT.




$$
