000
CDUS42 KMLB 260631
CLISFB

CLIMATE REPORT
NATIONAL WEATHER SERVICE MELBOURNE FL
231 AM EDT MON OCT 26 2020

...................................

...THE SANFORD CLIMATE SUMMARY FOR OCTOBER 25 2020...

CLIMATE NORMAL PERIOD 1981 TO 2010
CLIMATE RECORD PERIOD 1948 TO 2020


WEATHER ITEM   OBSERVED TIME   RECORD YEAR NORMAL DEPARTURE LAST
                VALUE   (LST)  VALUE       VALUE  FROM      YEAR
                                                  NORMAL
...................................................................
TEMPERATURE (F)
 YESTERDAY
  MAXIMUM         89    231 PM  91    2010  83      6       87
  MINIMUM         72   1159 PM  47    2005  64      8       73
                                      2006
  AVERAGE         81                        73      8       80

PRECIPITATION (IN)
  YESTERDAY        0.00          0.57 1977   0.09  -0.09      T
  MONTH TO DATE    1.39                      3.23  -1.84     5.83
  SINCE SEP 1      9.14                      9.41  -0.27     9.41
  SINCE JAN 1     36.59                     46.01  -9.42    43.85

SNOWFALL (IN)
  YESTERDAY        0.0
  MONTH TO DATE    0.0
  SINCE JUL 1      0.0

DEGREE DAYS
 HEATING
  YESTERDAY        0                         0      0        0
  MONTH TO DATE    0                         0      0        0
  SINCE SEP 1      0                         0      0        0
  SINCE JUL 1      0                         0      0        0

 COOLING
  YESTERDAY       16                         9      7       15
  MONTH TO DATE  362                       284     78      338
  SINCE SEP 1    880                       762    118      854
  SINCE JAN 1   3845                      3178    667     3658
...................................................................


WIND (MPH)
  RESULTANT WIND SPEED   3   RESULTANT WIND DIRECTION  NE (50)
  HIGHEST WIND SPEED    15   HIGHEST WIND DIRECTION    NE (50)
  HIGHEST GUST SPEED    17   HIGHEST GUST DIRECTION    NE (50)
  AVERAGE WIND SPEED     4.2


SKY COVER
  POSSIBLE SUNSHINE  MM
  AVERAGE SKY COVER 0.4


WEATHER CONDITIONS
THE FOLLOWING WEATHER WAS RECORDED YESTERDAY.
  NO SIGNIFICANT WEATHER WAS OBSERVED.


RELATIVE HUMIDITY (PERCENT)
 HIGHEST    94           100 AM
 LOWEST     55           100 PM
 AVERAGE    75

..........................................................


THE SANFORD CLIMATE NORMALS FOR TODAY
                         NORMAL    RECORD    YEAR
 MAXIMUM TEMPERATURE (F)   82        92      2010
 MINIMUM TEMPERATURE (F)   64        45      1982


SUNRISE AND SUNSET
OCTOBER 26 2020.......SUNRISE   733 AM EDT   SUNSET   644 PM EDT
OCTOBER 27 2020.......SUNRISE   734 AM EDT   SUNSET   643 PM EDT


-  INDICATES NEGATIVE NUMBERS.
R  INDICATES RECORD WAS SET OR TIED.
MM INDICATES DATA IS MISSING.
T  INDICATES TRACE AMOUNT.




$$
