837
CDAK48 PAFC 191314
CLISNP


CLIMATE REPORT
NATIONAL WEATHER SERVICE ANCHORAGE, AK
414 AM AKST MON FEB 19 2018


...................................

...THE SAINT PAUL ISLAND CLIMATE SUMMARY FOR FEBRUARY 18 2018...

CLIMATE NORMAL PERIOD 1981 TO 2010
CLIMATE RECORD PERIOD 1892 TO 2018


WEATHER ITEM   OBSERVED TIME   RECORD YEAR NORMAL DEPARTURE LAST
                VALUE   (LST)  VALUE       VALUE  FROM      YEAR
                                                  NORMAL
..................................................................
TEMPERATURE (F)
 YESTERDAY
  MAXIMUM         41R  1025 PM  38    2006  29     12       12
                                      1989
  MINIMUM         35    921 AM -15    1984  20     15        8
  AVERAGE         38                        24     14       10

PRECIPITATION (IN)
  YESTERDAY        0.11          0.78 1973   0.04   0.07      T
  MONTH TO DATE    1.05                      0.88   0.17     0.25
  SINCE SEP 1     16.87                     13.70   3.17    18.29
  SINCE JAN 1      2.01                      2.46  -0.45     1.76

SNOWFALL (IN)
  YESTERDAY        0.0          MM      MM   0.4   -0.4      0.2
  MONTH TO DATE    1.3                       6.8   -5.5      6.4
  SINCE SEP 1      8.4                      41.8  -33.4     44.5
  SINCE JUL 1      8.4                      41.8  -33.4     44.5
  SNOW DEPTH       0

DEGREE DAYS
 HEATING
  YESTERDAY       27                        41    -14       55
  MONTH TO DATE  542                       738   -196      761
  SINCE DEC 1   2621                      3096   -475     2936
  SINCE JUL 1   5699                      6517   -818     5505

 COOLING
  YESTERDAY        0                         0      0        0
  MONTH TO DATE    0                         0      0        0
  SINCE DEC 1      0                         0      0        0
  SINCE JAN 1      0                         0      0        0
..................................................................


WIND (MPH)
  RESULTANT WIND SPEED  18   RESULTANT WIND DIRECTION   S (180)
  HIGHEST WIND SPEED    45   HIGHEST WIND DIRECTION     S (160)
  HIGHEST GUST SPEED    59   HIGHEST GUST DIRECTION     S (160)
  AVERAGE WIND SPEED    27.2



WEATHER CONDITIONS
 THE FOLLOWING WEATHER WAS RECORDED YESTERDAY.
  LIGHT RAIN
  LIGHT SNOW
  FOG
  HAZE


..........................................................


THE SAINT PAUL ISLAND CLIMATE NORMALS FOR TODAY
                         NORMAL    RECORD    YEAR
 MAXIMUM TEMPERATURE (F)   29        37      2016
                                             2003
                                             1993
 MINIMUM TEMPERATURE (F)   20       -14      1984


SUNRISE AND SUNSET
FEBRUARY 19 2018......SUNRISE   939 AM AKST  SUNSET   731 PM AKST
FEBRUARY 20 2018......SUNRISE   936 AM AKST  SUNSET   734 PM AKST


-  INDICATES NEGATIVE NUMBERS.
R  INDICATES RECORD WAS SET OR TIED.
MM INDICATES DATA IS MISSING.
T  INDICATES TRACE AMOUNT.




$$
