000
CDAK48 PAFC 261333
CLISNP


CLIMATE REPORT
NATIONAL WEATHER SERVICE ANCHORAGE, AK
533 AM AKDT MON OCT 26 2020


...................................

...THE SAINT PAUL ISLAND CLIMATE SUMMARY FOR OCTOBER 25 2020...

CLIMATE NORMAL PERIOD 1981 TO 2010
CLIMATE RECORD PERIOD 1892 TO 2020


WEATHER ITEM   OBSERVED TIME   RECORD YEAR NORMAL DEPARTURE LAST
                VALUE   (LST)  VALUE       VALUE  FROM      YEAR
                                                  NORMAL
..................................................................
TEMPERATURE (F)
 YESTERDAY
  MAXIMUM         46        MM  50    2019  41      5       50
  MINIMUM         37        MM  18    2008  33      4       39
  AVERAGE         42                        37      5       45

PRECIPITATION (IN)
  YESTERDAY        T             1.00 2019   0.10  -0.10     1.00
  MONTH TO DATE    1.73                      2.51  -0.78     2.06
  SINCE SEP 1      4.53                      5.50  -0.97     4.08
  SINCE JAN 1     11.99                     17.93  -5.94    20.66

DEGREE DAYS
 HEATING
  YESTERDAY       23                        28     -5       20
  MONTH TO DATE  480                       644   -164      232
  SINCE SEP 1    895                      1234   -339      626
  SINCE JUL 1   1407                      2287   -880     1336

 COOLING
  YESTERDAY        0                         0      0        0
  MONTH TO DATE    0                         0      0        0
  SINCE SEP 1      0                         0      0        0
  SINCE JAN 1      0                         0      0        0
..................................................................


WIND (MPH)
  RESULTANT WIND SPEED  MM   RESULTANT WIND DIRECTION  MM
  HIGHEST WIND SPEED    MM   HIGHEST WIND DIRECTION    MM
  HIGHEST GUST SPEED    MM   HIGHEST GUST DIRECTION    MM
  AVERAGE WIND SPEED    MM



WEATHER CONDITIONS
 THE FOLLOWING WEATHER WAS RECORDED YESTERDAY.
  NO SIGNIFICANT WEATHER WAS OBSERVED.


RELATIVE HUMIDITY (PERCENT)
 HIGHEST    MM
 LOWEST     MM
 AVERAGE    MM

..........................................................


THE SAINT PAUL ISLAND CLIMATE NORMALS FOR TODAY
                         NORMAL    RECORD    YEAR
 MAXIMUM TEMPERATURE (F)   40        49      2019
 MINIMUM TEMPERATURE (F)   33        19      1999


SUNRISE AND SUNSET
OCTOBER 26 2020.......SUNRISE  1020 AM AKDT  SUNSET   748 PM AKDT
OCTOBER 27 2020.......SUNRISE  1023 AM AKDT  SUNSET   746 PM AKDT


-  INDICATES NEGATIVE NUMBERS.
R  INDICATES RECORD WAS SET OR TIED.
MM INDICATES DATA IS MISSING.
T  INDICATES TRACE AMOUNT.




$$
