000
CDAK48 PAFC 140048
CLISNP


CLIMATE REPORT
NATIONAL WEATHER SERVICE ANCHORAGE, AK
448 PM AKDT MON AUG 13 2018


...................................

...THE SAINT PAUL ISLAND CLIMATE SUMMARY FOR AUGUST 13 2018...
VALID TODAY AS OF 0400 PM LOCAL TIME.

CLIMATE NORMAL PERIOD 1981 TO 2010
CLIMATE RECORD PERIOD 1892 TO 2018


WEATHER ITEM   OBSERVED TIME   RECORD YEAR NORMAL DEPARTURE LAST
                VALUE   (LST)  VALUE       VALUE  FROM      YEAR
                                                  NORMAL
..................................................................
TEMPERATURE (F)
 TODAY
  MAXIMUM         55    240 PM  64    2012  52      3       54
  MINIMUM         47    443 AM  34    1989  46      1       41
  AVERAGE         51                        49      2       48

PRECIPITATION (IN)
  TODAY            T             1.01 1955   0.10  -0.10     0.01
  MONTH TO DATE    3.25                      1.18   2.07     0.94
  SINCE MAR 1     14.11                      7.66   6.45     8.42
  SINCE JAN 1     17.09                     10.54   6.55    11.51

SNOWFALL (IN)
  TODAY            0.0          MM      MM   0.0    0.0      0.0
  MONTH TO DATE    0.0                       0.0    0.0      0.0
  SINCE MAR 1      5.0                      14.8   -9.8      0.6
  SINCE JUL 1      0.0                       0.0    0.0      0.0
  SNOW DEPTH       0

DEGREE DAYS
 HEATING
  TODAY           14                        16     -2       17
  MONTH TO DATE  187                       209    -22      177
  SINCE JUN 1   1300                      1439   -139     1257
  SINCE JUL 1    690                       761    -71      703

 COOLING
  TODAY            0                         0      0        0
  MONTH TO DATE    0                         0      0        0
  SINCE JUN 1      0                         0      0        0
  SINCE JAN 1      0                         0      0        0
..................................................................


WIND (MPH)
  RESULTANT WIND SPEED  23   RESULTANT WIND DIRECTION   W (270)
  HIGHEST WIND SPEED    29   HIGHEST WIND DIRECTION     W (260)
  HIGHEST GUST SPEED    36   HIGHEST GUST DIRECTION     W (260)
  AVERAGE WIND SPEED    22.9



WEATHER CONDITIONS
 THE FOLLOWING WEATHER WAS RECORDED TODAY.
  LIGHT RAIN


RELATIVE HUMIDITY (PERCENT)
 HIGHEST   100
 LOWEST     83
 AVERAGE    92

..........................................................


THE SAINT PAUL ISLAND CLIMATE NORMALS FOR TOMORROW
                         NORMAL    RECORD    YEAR
 MAXIMUM TEMPERATURE (F)   52        63      2012
 MINIMUM TEMPERATURE (F)   46        32      1981


SUNRISE AND SUNSET
AUGUST 13 2018........SUNRISE   744 AM AKDT  SUNSET  1106 PM AKDT
AUGUST 14 2018........SUNRISE   746 AM AKDT  SUNSET  1103 PM AKDT


-  INDICATES NEGATIVE NUMBERS.
R  INDICATES RECORD WAS SET OR TIED.
MM INDICATES DATA IS MISSING.
T  INDICATES TRACE AMOUNT.




$$
