000
CDAK48 PAFC 221317
CLISNP


CLIMATE REPORT
NATIONAL WEATHER SERVICE ANCHORAGE, AK
517 AM AKDT TUE MAY 22 2018


...................................

...THE SAINT PAUL ISLAND CLIMATE SUMMARY FOR MAY 21 2018...

CLIMATE NORMAL PERIOD 1981 TO 2010
CLIMATE RECORD PERIOD 1892 TO 2018


WEATHER ITEM   OBSERVED TIME   RECORD YEAR NORMAL DEPARTURE LAST
                VALUE   (LST)  VALUE       VALUE  FROM      YEAR
                                                  NORMAL
..................................................................
TEMPERATURE (F)
 YESTERDAY
  MAXIMUM         45    313 PM  51    2003  42      3       45
  MINIMUM         34    645 AM  18    1990  33      1       35
  AVERAGE         40                        37      3       40

PRECIPITATION (IN)
  YESTERDAY        0.01          0.26 2017   0.03  -0.02     0.26
  MONTH TO DATE    0.96                      0.76   0.20     1.44
  SINCE MAR 1      5.43                      2.91   2.52     2.61
  SINCE JAN 1      8.41                      5.79   2.62     5.70

SNOWFALL (IN)
  YESTERDAY        T            MM      MM   0.0    0.0     MM
  MONTH TO DATE    T                         1.0   -1.0       T
  SINCE MAR 1      4.1                      14.7  -10.6      0.6
  SINCE JUL 1     14.6                      59.7  -45.1     48.8
  SNOW DEPTH       T

DEGREE DAYS
 HEATING
  YESTERDAY       25                        28     -3       25
  MONTH TO DATE  570                       626    -56      566
  SINCE MAR 1   2434                      2944   -510     2753
  SINCE JUL 1   8429                      9861  -1432     8628

 COOLING
  YESTERDAY        0                         0      0        0
  MONTH TO DATE    0                         0      0        0
  SINCE MAR 1      0                         0      0        0
  SINCE JAN 1      0                         0      0        0
..................................................................


WIND (MPH)
  RESULTANT WIND SPEED  15   RESULTANT WIND DIRECTION  NW (330)
  HIGHEST WIND SPEED    26   HIGHEST WIND DIRECTION     N (340)
  HIGHEST GUST SPEED    33   HIGHEST GUST DIRECTION    NW (330)
  AVERAGE WIND SPEED    14.9



WEATHER CONDITIONS
 THE FOLLOWING WEATHER WAS RECORDED YESTERDAY.
  LIGHT SNOW
  FOG


RELATIVE HUMIDITY (PERCENT)
 HIGHEST    92
 LOWEST     62
 AVERAGE    77

..........................................................


THE SAINT PAUL ISLAND CLIMATE NORMALS FOR TODAY
                         NORMAL    RECORD    YEAR
 MAXIMUM TEMPERATURE (F)   42        49      1979
 MINIMUM TEMPERATURE (F)   33        22      1984


SUNRISE AND SUNSET
MAY 22 2018...........SUNRISE   648 AM AKDT  SUNSET  1148 PM AKDT
MAY 23 2018...........SUNRISE   647 AM AKDT  SUNSET  1150 PM AKDT


-  INDICATES NEGATIVE NUMBERS.
R  INDICATES RECORD WAS SET OR TIED.
MM INDICATES DATA IS MISSING.
T  INDICATES TRACE AMOUNT.




$$
