358
CDAK48 PAFC 150037
CLISNP


CLIMATE REPORT
NATIONAL WEATHER SERVICE ANCHORAGE, AK
436 PM AKDT MON OCT 14 2019


...................................

...THE SAINT PAUL ISLAND CLIMATE SUMMARY FOR OCTOBER 14 2019...
VALID TODAY AS OF 0400 PM LOCAL TIME.

CLIMATE NORMAL PERIOD 1981 TO 2010
CLIMATE RECORD PERIOD 1892 TO 2019


WEATHER ITEM   OBSERVED TIME   RECORD YEAR NORMAL DEPARTURE LAST
                VALUE   (LST)  VALUE       VALUE  FROM      YEAR
                                                  NORMAL
..................................................................
TEMPERATURE (F)
 TODAY
  MAXIMUM         MM        MM  50    2016  43     MM       48
  MINIMUM         MM        MM  21    1996  35     MM       44
  AVERAGE         MM                        39     MM       46

PRECIPITATION (IN)
  TODAY            0.23          0.49 1972   0.10   0.13     0.40
                                      1957
  MONTH TO DATE    0.77                      1.40  -0.63     2.57
  SINCE SEP 1      2.79                      4.39  -1.60     5.56
  SINCE JAN 1     19.37                     16.82   2.55    24.07

SNOWFALL (IN)
  TODAY           MM            MM      MM   0.1   MM        0.0
  MONTH TO DATE   MM                         0.4   MM        0.0
  SINCE SEP 1     MM                         0.4   MM        0.0
  SINCE JUL 1     MM                         0.4   MM        0.0
  SNOW DEPTH      MM

DEGREE DAYS
 HEATING
  TODAY           MM                        26     MM       19
  MONTH TO DATE   87                       345   -258      250
  SINCE SEP 1    481                       935   -454      745
  SINCE JUL 1   1191                      1988   -797     1703

 COOLING
  TODAY           MM                         0     MM        0
  MONTH TO DATE    0                         0      0        0
  SINCE SEP 1      0                         0      0        0
  SINCE JAN 1      0                         0      0        0
..................................................................


WIND (MPH)
  RESULTANT WIND SPEED  35   RESULTANT WIND DIRECTION  SE (150)
  HIGHEST WIND SPEED    47   HIGHEST WIND DIRECTION    SE (140)
  HIGHEST GUST SPEED    61   HIGHEST GUST DIRECTION    SE (140)
  AVERAGE WIND SPEED    37.3



WEATHER CONDITIONS
 THE FOLLOWING WEATHER WAS RECORDED TODAY.
  LIGHT SNOW
  HAZE


RELATIVE HUMIDITY (PERCENT)
 HIGHEST    MM
 LOWEST     MM
 AVERAGE    MM

..........................................................


THE SAINT PAUL ISLAND CLIMATE NORMALS FOR TOMORROW
                         NORMAL    RECORD    YEAR
 MAXIMUM TEMPERATURE (F)   43        50      2016
 MINIMUM TEMPERATURE (F)   35        23      1981


SUNRISE AND SUNSET
OCTOBER 14 2019.......SUNRISE   952 AM AKDT  SUNSET   820 PM AKDT
OCTOBER 15 2019.......SUNRISE   954 AM AKDT  SUNSET   818 PM AKDT


-  INDICATES NEGATIVE NUMBERS.
R  INDICATES RECORD WAS SET OR TIED.
MM INDICATES DATA IS MISSING.
T  INDICATES TRACE AMOUNT.




$$
