000
CDAK48 PAFC 220043
CLISNP


CLIMATE REPORT
NATIONAL WEATHER SERVICE ANCHORAGE, AK
342 PM AKST FRI FEB 21 2020


...................................

...THE SAINT PAUL ISLAND CLIMATE SUMMARY FOR FEBRUARY 21 2020...
VALID TODAY AS OF 0300 PM LOCAL TIME.

CLIMATE NORMAL PERIOD 1981 TO 2010
CLIMATE RECORD PERIOD 1892 TO 2020


WEATHER ITEM   OBSERVED TIME   RECORD YEAR NORMAL DEPARTURE LAST
                VALUE   (LST)  VALUE       VALUE  FROM      YEAR
                                                  NORMAL
..................................................................
TEMPERATURE (F)
 TODAY
  MAXIMUM         MM        MM  41    2018  29     MM       36
  MINIMUM         MM        MM -11    1971  20     MM       27
  AVERAGE         MM                        24     MM       32

PRECIPITATION (IN)
  TODAY            T             0.64 1964   0.05  -0.05     0.12
  MONTH TO DATE    1.25                      1.02   0.23     2.34
  SINCE DEC 1      5.82                      4.85   0.97     7.93
  SINCE JAN 1      3.01                      2.60   0.41     4.55

DEGREE DAYS
 HEATING
  TODAY           MM                        40     MM       33
  MONTH TO DATE  690                       860   -170      656
  SINCE DEC 1   2992                      3218   -226     2901
  SINCE JUL 1   5212                      6639  -1427     5893

 COOLING
  TODAY           MM                         0     MM        0
  MONTH TO DATE    0                         0      0        0
  SINCE DEC 1      0                         0      0        0
  SINCE JAN 1      0                         0      0        0
..................................................................


WIND (MPH)
  RESULTANT WIND SPEED  16   RESULTANT WIND DIRECTION   N (350)
  HIGHEST WIND SPEED    22   HIGHEST WIND DIRECTION     N (350)
  HIGHEST GUST SPEED    MM   HIGHEST GUST DIRECTION    MM
  AVERAGE WIND SPEED    15.7



WEATHER CONDITIONS
 THE FOLLOWING WEATHER WAS RECORDED TODAY.
  LIGHT SNOW


RELATIVE HUMIDITY (PERCENT)
 HIGHEST    76
 LOWEST     61
 AVERAGE    69

..........................................................


THE SAINT PAUL ISLAND CLIMATE NORMALS FOR TOMORROW
                         NORMAL    RECORD    YEAR
 MAXIMUM TEMPERATURE (F)   29        39      2019
                                             2017
                                             1979
 MINIMUM TEMPERATURE (F)   20       -15      1971


SUNRISE AND SUNSET
FEBRUARY 21 2020......SUNRISE   935 AM AKST  SUNSET   735 PM AKST
FEBRUARY 22 2020......SUNRISE   933 AM AKST  SUNSET   737 PM AKST


-  INDICATES NEGATIVE NUMBERS.
R  INDICATES RECORD WAS SET OR TIED.
MM INDICATES DATA IS MISSING.
T  INDICATES TRACE AMOUNT.




$$
