000
CDAK48 PAFC 160100
CLISNP


CLIMATE REPORT
NATIONAL WEATHER SERVICE ANCHORAGE, AK
500 PM AKDT MON OCT 15 2018


...................................

...THE SAINT PAUL ISLAND CLIMATE SUMMARY FOR OCTOBER 15 2018...
VALID TODAY AS OF 0500 PM LOCAL TIME.

CLIMATE NORMAL PERIOD 1981 TO 2010
CLIMATE RECORD PERIOD 1892 TO 2018


WEATHER ITEM   OBSERVED TIME   RECORD YEAR NORMAL DEPARTURE LAST
                VALUE   (LST)  VALUE       VALUE  FROM      YEAR
                                                  NORMAL
..................................................................
TEMPERATURE (F)
 TODAY
  MAXIMUM         49    248 PM  50    2016  43      6       46
  MINIMUM         45    627 AM  23    1981  35     10       32
  AVERAGE         47                        39      8       39

PRECIPITATION (IN)
  TODAY            0.02          1.74 2010   0.10  -0.08     0.10
  MONTH TO DATE    2.59                      1.50   1.09     1.24
  SINCE SEP 1      5.58                      4.49   1.09     2.95
  SINCE JAN 1     24.09                     16.92   7.17    15.62

SNOWFALL (IN)
  TODAY           MM            MM      MM   0.0   MM         T
  MONTH TO DATE    0.0                       0.4   -0.4       T
  SINCE SEP 1      0.0                       0.4   -0.4       T
  SINCE JUL 1      0.0                       0.4   -0.4       T
  SNOW DEPTH       0

DEGREE DAYS
 HEATING
  TODAY           18                        26     -8       26
  MONTH TO DATE  268                       371   -103      304
  SINCE SEP 1    763                       961   -198      872
  SINCE JUL 1   1721                      2014   -293     1863

 COOLING
  TODAY            0                         0      0        0
  MONTH TO DATE    0                         0      0        0
  SINCE SEP 1      0                         0      0        0
  SINCE JAN 1      0                         0      0        0
..................................................................


WIND (MPH)
  RESULTANT WIND SPEED  11   RESULTANT WIND DIRECTION  NE (30)
  HIGHEST WIND SPEED    17   HIGHEST WIND DIRECTION    NE (40)
  HIGHEST GUST SPEED    23   HIGHEST GUST DIRECTION    NE (30)
  AVERAGE WIND SPEED    12.0



WEATHER CONDITIONS
 THE FOLLOWING WEATHER WAS RECORDED TODAY.
  LIGHT RAIN
  FOG


RELATIVE HUMIDITY (PERCENT)
 HIGHEST   100
 LOWEST     93
 AVERAGE    97

..........................................................


THE SAINT PAUL ISLAND CLIMATE NORMALS FOR TOMORROW
                         NORMAL    RECORD    YEAR
 MAXIMUM TEMPERATURE (F)   43        50      1979
 MINIMUM TEMPERATURE (F)   34        19      1981


SUNRISE AND SUNSET
OCTOBER 15 2018.......SUNRISE   955 AM AKDT  SUNSET   817 PM AKDT
OCTOBER 16 2018.......SUNRISE   957 AM AKDT  SUNSET   815 PM AKDT


-  INDICATES NEGATIVE NUMBERS.
R  INDICATES RECORD WAS SET OR TIED.
MM INDICATES DATA IS MISSING.
T  INDICATES TRACE AMOUNT.




$$
