000
CDAK48 PAFC 240140
CLISNP


CLIMATE REPORT
NATIONAL WEATHER SERVICE ANCHORAGE, AK
440 PM AKST WED JAN 23 2019


...................................

...THE SAINT PAUL ISLAND CLIMATE SUMMARY FOR JANUARY 23 2019...
VALID TODAY AS OF 0400 PM LOCAL TIME.

CLIMATE NORMAL PERIOD 1981 TO 2010
CLIMATE RECORD PERIOD 1892 TO 2019


WEATHER ITEM   OBSERVED TIME   RECORD YEAR NORMAL DEPARTURE LAST
                VALUE   (LST)  VALUE       VALUE  FROM      YEAR
                                                  NORMAL
..................................................................
TEMPERATURE (F)
 TODAY
  MAXIMUM         37    259 PM  40    1980  28      9       36
  MINIMUM         34    522 AM  -6    2007  20     14       30
                                      1894
  AVERAGE         36                        24     12       33

PRECIPITATION (IN)
  TODAY            T             3.48 2017   0.04  -0.04     0.03
  MONTH TO DATE    1.50                      1.20   0.30     0.93
  SINCE DEC 1      4.88                      3.45   1.43     2.92
  SINCE JAN 1      1.50                      1.20   0.30     0.93

SNOWFALL (IN)
  TODAY           MM            MM      MM   0.4   MM        0.5
  MONTH TO DATE    1.1                       9.5   -8.4      1.8
  SINCE DEC 1      1.1                      21.6  -20.5      4.5
  SINCE JUL 1      3.7                      31.9  -28.2      7.1
  SNOW DEPTH      MM

DEGREE DAYS
 HEATING
  TODAY           29                        41    -12       32
  MONTH TO DATE  812                       910    -98      757
  SINCE DEC 1   1987                      2031    -44     1781
  SINCE JUL 1   4979                      5452   -473     4859

 COOLING
  TODAY            0                         0      0        0
  MONTH TO DATE    0                         0      0        0
  SINCE DEC 1      0                         0      0        0
  SINCE JAN 1      0                         0      0        0
..................................................................


WIND (MPH)
  RESULTANT WIND SPEED  11   RESULTANT WIND DIRECTION  SE (120)
  HIGHEST WIND SPEED    17   HIGHEST WIND DIRECTION     E (100)
  HIGHEST GUST SPEED    20   HIGHEST GUST DIRECTION     E (110)
  AVERAGE WIND SPEED    12.0



WEATHER CONDITIONS
 THE FOLLOWING WEATHER WAS RECORDED TODAY.
  LIGHT RAIN


RELATIVE HUMIDITY (PERCENT)
 HIGHEST    92
 LOWEST     85
 AVERAGE    89

..........................................................


THE SAINT PAUL ISLAND CLIMATE NORMALS FOR TOMORROW
                         NORMAL    RECORD    YEAR
 MAXIMUM TEMPERATURE (F)   28        40      1991
                                             1980
                                             1968
 MINIMUM TEMPERATURE (F)   20        -4      1956


SUNRISE AND SUNSET
JANUARY 23 2019.......SUNRISE  1037 AM AKST  SUNSET   629 PM AKST
JANUARY 24 2019.......SUNRISE  1035 AM AKST  SUNSET   631 PM AKST


-  INDICATES NEGATIVE NUMBERS.
R  INDICATES RECORD WAS SET OR TIED.
MM INDICATES DATA IS MISSING.
T  INDICATES TRACE AMOUNT.




$$
