000
CDUS44 KCRP 152128
CLIVCT

CLIMATE REPORT
NATIONAL WEATHER SERVICE CORPUS CHRISTI TX
427 PM CDT MON OCT 15 2018


...................................

...THE VICTORIA CLIMATE SUMMARY FOR OCTOBER 15 2018...
VALID AS OF 400 PM LOCAL TIME.

CLIMATE NORMAL PERIOD 1981 TO 2010
CLIMATE RECORD PERIOD 1893 TO 2018


WEATHER ITEM   OBSERVED TIME   RECORD YEAR NORMAL DEPARTURE LAST
                VALUE   (LST)  VALUE       VALUE  FROM      YEAR
                                                  NORMAL
..................................................................
TEMPERATURE (F)
 TODAY
  MAXIMUM         76    607 AM  98    1925  84     -8       90
  MINIMUM         51    259 PM  43    1995  61    -10       68
  AVERAGE         64                        72     -8       79

PRECIPITATION (IN)
  TODAY            0.53          2.88 1967   0.16   0.37     0.00
  MONTH TO DATE    3.39                      2.21   1.18     0.06
  SINCE SEP 1      9.91                      6.37   3.54     3.18
  SINCE JAN 1     27.46                     33.24  -5.78    43.58

SNOWFALL (IN)
  TODAY            0.0           0.0  2002   0.0    0.0      0.0
                                      2001
  MONTH TO DATE    0.0                       0.0    0.0      0.0
  SINCE SEP 1      0.0                       0.0    0.0      0.0
  SINCE JUL 1      0.0                       0.0    0.0      0.0
  SNOW DEPTH       0

DEGREE DAYS
 HEATING
  TODAY            1                         0      1        0
  MONTH TO DATE    1                         0      1        0
  SINCE SEP 1      1                         1      0        0
  SINCE JUL 1      1                         1      0        0

 COOLING
  TODAY            0                         8     -8       14
  MONTH TO DATE  208                       142     66      209
  SINCE SEP 1    698                       587    111      661
  SINCE JAN 1   3392                      2940    452     3494
..................................................................


WIND (MPH)
  HIGHEST WIND SPEED    32   HIGHEST WIND DIRECTION     N (350)
  HIGHEST GUST SPEED    40   HIGHEST GUST DIRECTION     N (350)


SKY COVER
  POSSIBLE SUNSHINE  MM
  AVERAGE SKY COVER 0.9


WEATHER CONDITIONS
 THE FOLLOWING WEATHER WAS RECORDED TODAY.
  THUNDERSTORM
  HEAVY RAIN
  RAIN
  LIGHT RAIN
  FOG


RELATIVE HUMIDITY (PERCENT)
 HIGHEST   100           100 AM
 LOWEST     83           200 PM
 AVERAGE    92

..........................................................


THE VICTORIA CLIMATE NORMALS FOR TOMORROW
                         NORMAL    RECORD    YEAR
 MAXIMUM TEMPERATURE (F)   84        96      1933
 MINIMUM TEMPERATURE (F)   61        45      1974


SUNRISE AND SUNSET
OCTOBER 15 2018.......SUNRISE   729 AM CDT   SUNSET   658 PM CDT
OCTOBER 16 2018.......SUNRISE   729 AM CDT   SUNSET   657 PM CDT


-  INDICATES NEGATIVE NUMBERS.
R  INDICATES RECORD WAS SET OR TIED.
MM INDICATES DATA IS MISSING.
T  INDICATES TRACE AMOUNT.




$$
