000
CDUS44 KCRP 150642
CLIVCT

CLIMATE REPORT
NATIONAL WEATHER SERVICE CORPUS CHRISTI TX
141 AM CDT SUN JUL 15 2018


...................................

...THE VICTORIA CLIMATE SUMMARY FOR JULY 14 2018...

CLIMATE NORMAL PERIOD 1981 TO 2010
CLIMATE RECORD PERIOD 1893 TO 2018


WEATHER ITEM   OBSERVED TIME   RECORD YEAR NORMAL DEPARTURE LAST
                VALUE   (LST)  VALUE       VALUE  FROM      YEAR
                                                  NORMAL
..................................................................
TEMPERATURE (F)
 YESTERDAY
  MAXIMUM         93    248 PM 102    2000  94     -1       99
  MINIMUM         76    615 AM  67    1990  74      2       72
  AVERAGE         85                        84      1       86

PRECIPITATION (IN)
  YESTERDAY        0.00          2.38 1983   0.15  -0.15     0.00
  MONTH TO DATE    2.44                      2.11   0.33     0.01
  SINCE JUN 1     10.84                      6.57   4.27     3.52
  SINCE JAN 1     16.83                     21.95  -5.12    23.10

SNOWFALL (IN)
  YESTERDAY        0.0           0.0  2002   0.0    0.0      0.0
                                      2001
  MONTH TO DATE    0.0                       0.0    0.0      0.0
  SINCE JUN 1      0.0                       0.0    0.0      0.0
  SINCE JUL 1      0.0                       0.0    0.0      0.0
  SNOW DEPTH       0

DEGREE DAYS
 HEATING
  YESTERDAY        0                         0      0        0
  MONTH TO DATE    0                         0      0        0
  SINCE JUN 1      0                         0      0        0
  SINCE JUL 1      0                         0      0        0

 COOLING
  YESTERDAY       20                        19      1       21
  MONTH TO DATE  252                       261     -9      280
  SINCE JUN 1    855                       769     86      840
  SINCE JAN 1   1692                      1428    264     1852
..................................................................


WIND (MPH)
  HIGHEST WIND SPEED    18   HIGHEST WIND DIRECTION     S (160)
  HIGHEST GUST SPEED    24   HIGHEST GUST DIRECTION    SE (150)
  AVERAGE WIND SPEED     8.9


SKY COVER
  POSSIBLE SUNSHINE  MM
  AVERAGE SKY COVER 0.2


WEATHER CONDITIONS
 THE FOLLOWING WEATHER WAS RECORDED YESTERDAY.
  FOG


RELATIVE HUMIDITY (PERCENT)
 HIGHEST    94           300 AM
 LOWEST     49           100 PM
 AVERAGE    72

..........................................................


THE VICTORIA CLIMATE NORMALS FOR TODAY
                         NORMAL    RECORD    YEAR
 MAXIMUM TEMPERATURE (F)   94       103      2000
 MINIMUM TEMPERATURE (F)   74        66      1926


SUNRISE AND SUNSET
JULY 15 2018..........SUNRISE   639 AM CDT   SUNSET   828 PM CDT
JULY 16 2018..........SUNRISE   640 AM CDT   SUNSET   827 PM CDT


-  INDICATES NEGATIVE NUMBERS.
R  INDICATES RECORD WAS SET OR TIED.
MM INDICATES DATA IS MISSING.
T  INDICATES TRACE AMOUNT.

$$

GW
