000
CDUS44 KCRP 040855
CLIVCT

CLIMATE REPORT
NATIONAL WEATHER SERVICE CORPUS CHRISTI TX
354 AM CDT THU JUN 4 2020


...................................

...THE VICTORIA CLIMATE SUMMARY FOR JUNE 3 2020...

CLIMATE NORMAL PERIOD 1981 TO 2010
CLIMATE RECORD PERIOD 1893 TO 2020


WEATHER ITEM   OBSERVED TIME   RECORD YEAR NORMAL DEPARTURE LAST
                VALUE   (LST)  VALUE       VALUE  FROM      YEAR
                                                  NORMAL
..................................................................
TEMPERATURE (F)
 YESTERDAY
  MAXIMUM         89    443 PM 100    2018  90     -1       93
  MINIMUM         72    535 AM  54    1919  71      1       74
  AVERAGE         81                        80      1       84

PRECIPITATION (IN)
  YESTERDAY        0.00          2.14 1951   0.15  -0.15      T
  MONTH TO DATE    0.55                      0.44   0.11      T
  SINCE JUN 1      0.55                      0.44   0.11      T
  SINCE JAN 1     11.39                     15.82  -4.43    10.05

SNOWFALL (IN)
  YESTERDAY        0.0           0.0  2002   0.0    0.0      0.0
                                      2001
  MONTH TO DATE    0.0                       0.0    0.0      0.0
  SINCE JUN 1      0.0                       0.0    0.0      0.0
  SINCE JUL 1      0.0                       0.1   -0.1       T
  SNOW DEPTH       0

DEGREE DAYS
 HEATING
  YESTERDAY        0                         0      0        0
  MONTH TO DATE    0                         0      0        0
  SINCE JUN 1      0                         0      0        0
  SINCE JUL 1    915                      1249   -334     1236

 COOLING
  YESTERDAY       16                        15      1       19
  MONTH TO DATE   44                        45     -1       55
  SINCE JUN 1     44                        45     -1       55
  SINCE JAN 1   1089                       704    385      823
..................................................................


WIND (MPH)
  HIGHEST WIND SPEED    16   HIGHEST WIND DIRECTION    SE (130)
  HIGHEST GUST SPEED    20   HIGHEST GUST DIRECTION    SE (120)
  AVERAGE WIND SPEED     6.5


SKY COVER
  POSSIBLE SUNSHINE  MM
  AVERAGE SKY COVER 0.3


WEATHER CONDITIONS
 THE FOLLOWING WEATHER WAS RECORDED YESTERDAY.
  THUNDERSTORM
  FOG


RELATIVE HUMIDITY (PERCENT)
 HIGHEST    94           700 AM
 LOWEST     59           500 PM
 AVERAGE    77

..........................................................


THE VICTORIA CLIMATE NORMALS FOR TODAY
                         NORMAL    RECORD    YEAR
 MAXIMUM TEMPERATURE (F)   90        99      2018
                                             1990
 MINIMUM TEMPERATURE (F)   71        60      1970
                                             1919


SUNRISE AND SUNSET
JUNE  4 2020..........SUNRISE   629 AM CDT   SUNSET   823 PM CDT
JUNE  5 2020..........SUNRISE   629 AM CDT   SUNSET   824 PM CDT


-  INDICATES NEGATIVE NUMBERS.
R  INDICATES RECORD WAS SET OR TIED.
MM INDICATES DATA IS MISSING.
T  INDICATES TRACE AMOUNT.




$$
