000
CDUS44 KCRP 310822
CLIVCT

CLIMATE REPORT
NATIONAL WEATHER SERVICE CORPUS CHRISTI TX
321 AM CDT SAT OCT 31 2020


...................................

...THE VICTORIA CLIMATE SUMMARY FOR OCTOBER 30 2020...

CLIMATE NORMAL PERIOD 1981 TO 2010
CLIMATE RECORD PERIOD 1893 TO 2020


WEATHER ITEM   OBSERVED TIME   RECORD YEAR NORMAL DEPARTURE LAST
                VALUE   (LST)  VALUE       VALUE  FROM      YEAR
                                                  NORMAL
..................................................................
TEMPERATURE (F)
 YESTERDAY
  MAXIMUM         72    408 PM  93    1938  80     -8       68
  MINIMUM         40    651 AM  35    1993  57    -17       47
  AVERAGE         56                        68    -12       58

PRECIPITATION (IN)
  YESTERDAY        0.00          1.65 1979   0.13  -0.13     1.25
  MONTH TO DATE    0.49                      4.51  -4.02     4.50
  SINCE SEP 1      4.79                      8.67  -3.88     8.18
  SINCE JAN 1     24.31                     35.54 -11.23    23.86

SNOWFALL (IN)
  YESTERDAY        0.0           0.0  2002   0.0    0.0      0.0
                                      2001
  MONTH TO DATE    0.0                       0.0    0.0      0.0
  SINCE SEP 1      0.0                       0.0    0.0      0.0
  SINCE JUL 1      0.0                       0.0    0.0      0.0
  SNOW DEPTH       0

DEGREE DAYS
 HEATING
  YESTERDAY        9                         2      7        7
  MONTH TO DATE   41                        18     23       23
  SINCE SEP 1     41                        19     22       23
  SINCE JUL 1     41                        19     22       23

 COOLING
  YESTERDAY        0                         5     -5        0
  MONTH TO DATE  281                       239     42      296
  SINCE SEP 1    756                       684     72      896
  SINCE JAN 1   3714                      3037    677     3561
..................................................................


WIND (MPH)
  HIGHEST WIND SPEED    12   HIGHEST WIND DIRECTION     N (20)
  HIGHEST GUST SPEED    15   HIGHEST GUST DIRECTION    NE (30)
  AVERAGE WIND SPEED     5.1


SKY COVER
  POSSIBLE SUNSHINE  MM
  AVERAGE SKY COVER 0.0


WEATHER CONDITIONS
 THE FOLLOWING WEATHER WAS RECORDED YESTERDAY.
  NO SIGNIFICANT WEATHER WAS OBSERVED.


RELATIVE HUMIDITY (PERCENT)
 HIGHEST   100           600 AM
 LOWEST     29           400 PM
 AVERAGE    65

..........................................................


THE VICTORIA CLIMATE NORMALS FOR TODAY
                         NORMAL    RECORD    YEAR
 MAXIMUM TEMPERATURE (F)   80        92      1947
 MINIMUM TEMPERATURE (F)   57        31      1993


SUNRISE AND SUNSET
OCTOBER 31 2020.......SUNRISE   740 AM CDT   SUNSET   642 PM CDT
NOVEMBER  1 2020......SUNRISE   640 AM CST   SUNSET   542 PM CST


-  INDICATES NEGATIVE NUMBERS.
R  INDICATES RECORD WAS SET OR TIED.
MM INDICATES DATA IS MISSING.
T  INDICATES TRACE AMOUNT.




$$
