426
CDUS44 KCRP 180037
CLIVCT

CLIMATE REPORT
NATIONAL WEATHER SERVICE CORPUS CHRISTI TX
736 PM CDT THU OCT 17 2019


...................................

...THE VICTORIA CLIMATE SUMMARY FOR OCTOBER 17 2019...
VALID TODAY AS OF 700 PM LOCAL TIME.

CLIMATE NORMAL PERIOD 1981 TO 2010
CLIMATE RECORD PERIOD 1893 TO 2019


WEATHER ITEM   OBSERVED TIME   RECORD YEAR NORMAL DEPARTURE LAST
                VALUE   (LST)  VALUE       VALUE  FROM      YEAR
                                                  NORMAL
..................................................................
TEMPERATURE (F)
 TODAY
  MAXIMUM         74    108 PM 100    1926  83     -9       63
  MINIMUM         57    630 AM  45    2001  61     -4       53
  AVERAGE         66                        72     -6       58

PRECIPITATION (IN)
  TODAY            0.00          4.18 1971   0.17  -0.17     0.03
  MONTH TO DATE    1.68                      2.55  -0.87     3.47
  SINCE SEP 1      5.36                      6.71  -1.35     9.99
  SINCE JAN 1     21.04                     33.58 -12.54    27.54

SNOWFALL (IN)
  TODAY            0.0           0.0  2002   0.0    0.0      0.0
                                      2001
  MONTH TO DATE    0.0                       0.0    0.0      0.0
  SINCE SEP 1      0.0                       0.0    0.0      0.0
  SINCE JUL 1      0.0                       0.0    0.0      0.0
  SNOW DEPTH       0

DEGREE DAYS
 HEATING
  TODAY            0                         1     -1        7
  MONTH TO DATE    0                         2     -2       21
  SINCE SEP 1      0                         3     -3       21
  SINCE JUL 1      0                         3     -3       21

 COOLING
  TODAY            1                         8     -7        0
  MONTH TO DATE  226                       158     68      208
  SINCE SEP 1    826                       603    223      698
  SINCE JAN 1   3491                      2956    535     3392
..................................................................


WIND (MPH)
  HIGHEST WIND SPEED    14   HIGHEST WIND DIRECTION    NE (30)
  HIGHEST GUST SPEED    18   HIGHEST GUST DIRECTION    NE (30)


SKY COVER
  POSSIBLE SUNSHINE  MM
  AVERAGE SKY COVER 0.7


WEATHER CONDITIONS
 THE FOLLOWING WEATHER WAS RECORDED TODAY.
  NO SIGNIFICANT WEATHER WAS OBSERVED.


RELATIVE HUMIDITY (PERCENT)
 HIGHEST    86           600 AM
 LOWEST     46           100 PM
 AVERAGE    66

..........................................................


THE VICTORIA CLIMATE NORMALS FOR TOMORROW
                         NORMAL    RECORD    YEAR
 MAXIMUM TEMPERATURE (F)   83       101      1926
 MINIMUM TEMPERATURE (F)   60        46      1903


SUNRISE AND SUNSET
OCTOBER 17 2019.......SUNRISE   730 AM CDT   SUNSET   656 PM CDT
OCTOBER 18 2019.......SUNRISE   730 AM CDT   SUNSET   655 PM CDT


-  INDICATES NEGATIVE NUMBERS.
R  INDICATES RECORD WAS SET OR TIED.
MM INDICATES DATA IS MISSING.
T  INDICATES TRACE AMOUNT.




$$
