000
CDUS44 KCRP 230029
CLIVCT

CLIMATE REPORT
NATIONAL WEATHER SERVICE CORPUS CHRISTI TX
628 PM CST TUE JAN 22 2019


...................................

...THE VICTORIA CLIMATE SUMMARY FOR JANUARY 22 2019...
VALID TODAY AS OF 600 PM LOCAL TIME.

CLIMATE NORMAL PERIOD 1981 TO 2010
CLIMATE RECORD PERIOD 1893 TO 2019


WEATHER ITEM   OBSERVED TIME   RECORD YEAR NORMAL DEPARTURE LAST
                VALUE   (LST)  VALUE       VALUE  FROM      YEAR
                                                  NORMAL
..................................................................
TEMPERATURE (F)
 TODAY
  MAXIMUM         75    121 PM  85    1972  65     10       69
  MINIMUM         56    145 AM  17    1930  43     13       42
  AVERAGE         66                        54     12       56

PRECIPITATION (IN)
  TODAY            0.00          1.01 2015   0.09  -0.09     0.00
  MONTH TO DATE    1.20                      1.83  -0.63     0.45
  SINCE DEC 1      6.15                      4.14   2.01     2.49
  SINCE JAN 1      1.20                      1.83  -0.63     0.45

SNOWFALL (IN)
  TODAY            0.0           0.0  2002   0.0    0.0      0.0
  MONTH TO DATE    0.0                       0.1   -0.1       T
  SINCE DEC 1      0.0                       0.1   -0.1      2.0
  SINCE JUL 1      T                         0.1   -0.1      2.0
  SNOW DEPTH       0

DEGREE DAYS
 HEATING
  TODAY            0                        11    -11        9
  MONTH TO DATE  216                       261    -45      351
  SINCE DEC 1    472                       592   -120      685
  SINCE JUL 1    738                       755    -17      803

 COOLING
  TODAY            1                         0      1        0
  MONTH TO DATE    6                         7     -1        5
  SINCE DEC 1     13                        34    -21       26
  SINCE JAN 1      6                         7     -1        5
..................................................................


WIND (MPH)
  HIGHEST WIND SPEED    38   HIGHEST WIND DIRECTION     S (170)
  HIGHEST GUST SPEED    49   HIGHEST GUST DIRECTION     S (170)


SKY COVER
  POSSIBLE SUNSHINE  MM
  AVERAGE SKY COVER 0.9


WEATHER CONDITIONS
 THE FOLLOWING WEATHER WAS RECORDED TODAY.
  NO SIGNIFICANT WEATHER WAS OBSERVED.


RELATIVE HUMIDITY (PERCENT)
 HIGHEST    93          1200 AM
 LOWEST     57          1100 AM
 AVERAGE    75

..........................................................


THE VICTORIA CLIMATE NORMALS FOR TOMORROW
                         NORMAL    RECORD    YEAR
 MAXIMUM TEMPERATURE (F)   65        84      1933
 MINIMUM TEMPERATURE (F)   43        14      1940


SUNRISE AND SUNSET
JANUARY 22 2019.......SUNRISE   720 AM CST   SUNSET   558 PM CST
JANUARY 23 2019.......SUNRISE   720 AM CST   SUNSET   559 PM CST


-  INDICATES NEGATIVE NUMBERS.
R  INDICATES RECORD WAS SET OR TIED.
MM INDICATES DATA IS MISSING.
T  INDICATES TRACE AMOUNT.




$$
