000
CDUS42 KMLB 172019
CLIVRB


CLIMATE REPORT
NATIONAL WEATHER SERVICE MELBOURNE FL
419 PM EDT SUN JUN 17 2018


...................................

...THE VERO BEACH CLIMATE SUMMARY FOR JUNE 17 2018...
VALID TODAY AS OF 0400 PM LOCAL TIME.

CLIMATE NORMAL PERIOD 1981 TO 2010
CLIMATE RECORD PERIOD 1942 TO 2018


WEATHER ITEM   OBSERVED TIME   RECORD YEAR NORMAL DEPARTURE LAST
                VALUE   (LST)  VALUE       VALUE  FROM      YEAR
                                                  NORMAL
..................................................................
TEMPERATURE (F)
 TODAY
  MAXIMUM         88    147 PM  96    1958  89     -1       88
  MINIMUM         72    536 AM  65    1980  72      0       70
  AVERAGE         80                        80      0       79

PRECIPITATION (IN)
  TODAY            0.00          2.55 1959   0.23  -0.23     0.00
  MONTH TO DATE    2.20                      3.70  -1.50     6.12
  SINCE JUN 1      2.20                      3.70  -1.50     6.12
  SINCE JAN 1     19.41                     19.07   0.34    17.16

SNOWFALL (IN)
  TODAY            0.0
  MONTH TO DATE    0.0
  SINCE JUL 1      0.0

DEGREE DAYS
 HEATING
  TODAY            0                         0      0        0
  MONTH TO DATE    0                         0      0        0
  SINCE JUN 1      0                         0      0        0
  SINCE JUL 1    365                       456    -91      185

 COOLING
  TODAY           15                        15      0       14
  MONTH TO DATE  260                       250     10      254
  SINCE JUN 1    260                       250     10      254
  SINCE JAN 1   1248                      1056    192     1319
..................................................................


WIND (MPH)
  HIGHEST WIND SPEED    14   HIGHEST WIND DIRECTION    NE (50)
  HIGHEST GUST SPEED    17   HIGHEST GUST DIRECTION    NE (50)
  AVERAGE WIND SPEED     5.0


SKY COVER
  AVERAGE SKY COVER 0.1


WEATHER CONDITIONS
 THE FOLLOWING WEATHER WAS RECORDED TODAY.
  THUNDERSTORM


RELATIVE HUMIDITY (PERCENT)
 HIGHEST    93           100 AM
 LOWEST     55           200 PM
 AVERAGE    74

..........................................................


THE VERO BEACH CLIMATE NORMALS FOR TOMORROW
                         NORMAL    RECORD    YEAR
 MAXIMUM TEMPERATURE (F)   89        96      1998
                                             1981
 MINIMUM TEMPERATURE (F)   72        65      1988
                                             1973


SUNRISE AND SUNSET
JUNE 17 2018..........SUNRISE   626 AM EDT   SUNSET   819 PM EDT
JUNE 18 2018..........SUNRISE   626 AM EDT   SUNSET   820 PM EDT


-  INDICATES NEGATIVE NUMBERS.
R  INDICATES RECORD WAS SET OR TIED.
MM INDICATES DATA IS MISSING.
T  INDICATES TRACE AMOUNT.




$$
