877
CDUS42 KMLB 202016
CLIVRB


CLIMATE REPORT
NATIONAL WEATHER SERVICE MELBOURNE FL
416 PM EDT SUN OCT 20 2019


...................................

...THE VERO BEACH CLIMATE SUMMARY FOR OCTOBER 20 2019...
VALID TODAY AS OF 0400 PM LOCAL TIME.

CLIMATE NORMAL PERIOD 1981 TO 2010
CLIMATE RECORD PERIOD 1942 TO 2019


WEATHER ITEM   OBSERVED TIME   RECORD YEAR NORMAL DEPARTURE LAST
                VALUE   (LST)  VALUE       VALUE  FROM      YEAR
                                                  NORMAL
..................................................................
TEMPERATURE (F)
 TODAY
  MAXIMUM         91R   149 PM  91    2006  84      7       90
  MINIMUM         78    713 AM  47    1989  68     10       70
  AVERAGE         85                        76      9       80

PRECIPITATION (IN)
  TODAY            0.00          2.05 1986   0.14  -0.14     0.00
  MONTH TO DATE    3.51                      3.57  -0.06     1.08
  SINCE SEP 1      5.96                     10.36  -4.40     5.43
  SINCE JAN 1     38.30                     45.06  -6.76    37.37

SNOWFALL (IN)
  TODAY            0.0
  MONTH TO DATE    0.0
  SINCE JUL 1      0.0

DEGREE DAYS
 HEATING
  TODAY            0                         0      0        0
  MONTH TO DATE    0                         0      0        0
  SINCE SEP 1      0                         0      0        0
  SINCE JUL 1      0                         0      0        0

 COOLING
  TODAY           20                        11      9       15
  MONTH TO DATE  313                       255     58      340
  SINCE SEP 1    850                       724    126      854
  SINCE JAN 1   3490                      3022    468     3416
..................................................................


WIND (MPH)
  HIGHEST WIND SPEED    15   HIGHEST WIND DIRECTION    SW (230)
  HIGHEST GUST SPEED    21   HIGHEST GUST DIRECTION     S (190)
  AVERAGE WIND SPEED    10.6


SKY COVER
  AVERAGE SKY COVER 0.6


WEATHER CONDITIONS
 THE FOLLOWING WEATHER WAS RECORDED TODAY.
  NO SIGNIFICANT WEATHER WAS OBSERVED.


RELATIVE HUMIDITY (PERCENT)
 HIGHEST    91           200 AM
 LOWEST     59           200 PM
 AVERAGE    75

..........................................................


THE VERO BEACH CLIMATE NORMALS FOR TOMORROW
                         NORMAL    RECORD    YEAR
 MAXIMUM TEMPERATURE (F)   83        89      2013
                                             2002
                                             1988
 MINIMUM TEMPERATURE (F)   68        46      1989


SUNRISE AND SUNSET
OCTOBER 20 2019.......SUNRISE   725 AM EDT   SUNSET   648 PM EDT
OCTOBER 21 2019.......SUNRISE   725 AM EDT   SUNSET   647 PM EDT


-  INDICATES NEGATIVE NUMBERS.
R  INDICATES RECORD WAS SET OR TIED.
MM INDICATES DATA IS MISSING.
T  INDICATES TRACE AMOUNT.




$$
