430
CDUS42 KMLB 180625
CLIVRB


CLIMATE REPORT
NATIONAL WEATHER SERVICE MELBOURNE FL
225 AM EDT TUE SEP 18 2018


...................................

...THE VERO BEACH CLIMATE SUMMARY FOR SEPTEMBER 17 2018...

CLIMATE NORMAL PERIOD 1981 TO 2010
CLIMATE RECORD PERIOD 1942 TO 2018


WEATHER ITEM   OBSERVED TIME   RECORD YEAR NORMAL DEPARTURE LAST
                VALUE   (LST)  VALUE       VALUE  FROM      YEAR
                                                  NORMAL
..................................................................
TEMPERATURE (F)
 YESTERDAY
  MAXIMUM         91    119 PM  97    1996  88      3       88
  MINIMUM         73    622 AM  66    2001  74     -1       73
                                      1968
  AVERAGE         82                        81      1       81

PRECIPITATION (IN)
  YESTERDAY        0.00          3.43 2000   0.24  -0.24     0.00
  MONTH TO DATE    2.90                      3.84  -0.94    10.11
  SINCE SEP 1      2.90                      3.84  -0.94    10.11
  SINCE JAN 1     34.84                     38.54  -3.70    39.53

SNOWFALL (IN)
  YESTERDAY        0.0
  MONTH TO DATE    0.0
  SINCE JUL 1      0.0

DEGREE DAYS
 HEATING
  YESTERDAY        0                         0      0        0
  MONTH TO DATE    0                         0      0        0
  SINCE SEP 1      0                         0      0        0
  SINCE JUL 1      0                         0      0        0

 COOLING
  YESTERDAY       17                        16      1       16
  MONTH TO DATE  289                       272     17      288
  SINCE SEP 1    289                       272     17      288
  SINCE JAN 1   2851                      2570    281     3000
..................................................................


WIND (MPH)
  HIGHEST WIND SPEED    16   HIGHEST WIND DIRECTION     E (100)
  HIGHEST GUST SPEED    20   HIGHEST GUST DIRECTION    SE (120)
  AVERAGE WIND SPEED     6.2


SKY COVER
  AVERAGE SKY COVER 0.1


WEATHER CONDITIONS
 THE FOLLOWING WEATHER WAS RECORDED YESTERDAY.
  FOG


RELATIVE HUMIDITY (PERCENT)
 HIGHEST   100           400 AM
 LOWEST     59          1000 AM
 AVERAGE    80

..........................................................


THE VERO BEACH CLIMATE NORMALS FOR TODAY
                         NORMAL    RECORD    YEAR
 MAXIMUM TEMPERATURE (F)   88        95      1996
                                             1987
 MINIMUM TEMPERATURE (F)   73        67      2001


SUNRISE AND SUNSET
SEPTEMBER 18 2018.....SUNRISE   708 AM EDT   SUNSET   723 PM EDT
SEPTEMBER 19 2018.....SUNRISE   709 AM EDT   SUNSET   722 PM EDT


-  INDICATES NEGATIVE NUMBERS.
R  INDICATES RECORD WAS SET OR TIED.
MM INDICATES DATA IS MISSING.
T  INDICATES TRACE AMOUNT.




$$
