000
CDUS42 KMLB 040636
CLIVRB

CLIMATE REPORT
NATIONAL WEATHER SERVICE MELBOURNE FL
236 AM EDT THU JUN 04 2020

...................................

...THE VERO BEACH CLIMATE SUMMARY FOR JUNE 3 2020...

CLIMATE NORMAL PERIOD 1981 TO 2010
CLIMATE RECORD PERIOD 1942 TO 2020


WEATHER ITEM   OBSERVED TIME   RECORD YEAR NORMAL DEPARTURE LAST
                VALUE   (LST)  VALUE       VALUE  FROM      YEAR
                                                  NORMAL
...................................................................
TEMPERATURE (F)
 YESTERDAY
  MAXIMUM         79    329 PM  96    1945  87     -8       94
  MINIMUM         73   1117 AM  60    1965  71      2       75
  AVERAGE         76                        79     -3       85

PRECIPITATION (IN)
  YESTERDAY        0.93          2.15 2010   0.20   0.73     0.01
  MONTH TO DATE    2.91                      0.58   2.33     0.31
  SINCE JUN 1      2.91                      0.58   2.33     0.31
  SINCE JAN 1     15.59                     15.95  -0.36    14.54

SNOWFALL (IN)
  YESTERDAY        0.0
  MONTH TO DATE    0.0
  SINCE JUL 1      0.0

DEGREE DAYS
 HEATING
  YESTERDAY        0                         0      0        0
  MONTH TO DATE    0                         0      0        0
  SINCE JUN 1      0                         0      0        0
  SINCE JUL 1    226                       456   -230      287

 COOLING
  YESTERDAY       11                        14     -3       20
  MONTH TO DATE   40                        42     -2       53
  SINCE JUN 1     40                        42     -2       53
  SINCE JAN 1   1265                       848    417     1088
...................................................................


WIND (MPH)
  HIGHEST WIND SPEED    15   HIGHEST WIND DIRECTION    SE (130)
  HIGHEST GUST SPEED    18   HIGHEST GUST DIRECTION     E (100)
  AVERAGE WIND SPEED     5.5


SKY COVER
  AVERAGE SKY COVER 0.7


WEATHER CONDITIONS
THE FOLLOWING WEATHER WAS RECORDED YESTERDAY.
  THUNDERSTORM
  HEAVY RAIN
  RAIN
  LIGHT RAIN
  FOG


RELATIVE HUMIDITY (PERCENT)
 HIGHEST    94           900 AM
 LOWEST     76          1200 AM
 AVERAGE    85

..........................................................


THE VERO BEACH CLIMATE NORMALS FOR TODAY
                         NORMAL    RECORD    YEAR
 MAXIMUM TEMPERATURE (F)   87        94      2018
 MINIMUM TEMPERATURE (F)   71        63      1965


SUNRISE AND SUNSET
JUNE  4 2020..........SUNRISE   626 AM EDT   SUNSET   815 PM EDT
JUNE  5 2020..........SUNRISE   626 AM EDT   SUNSET   815 PM EDT


-  INDICATES NEGATIVE NUMBERS.
R  INDICATES RECORD WAS SET OR TIED.
MM INDICATES DATA IS MISSING.
T  INDICATES TRACE AMOUNT.




$$
