000
CDUS42 KMLB 180638
CLIVRB


CLIMATE REPORT
NATIONAL WEATHER SERVICE MELBOURNE FL
138 AM EST TUE DEC 18 2018


...................................

...THE VERO BEACH CLIMATE SUMMARY FOR DECEMBER 17 2018...

CLIMATE NORMAL PERIOD 1981 TO 2010
CLIMATE RECORD PERIOD 1942 TO 2018


WEATHER ITEM   OBSERVED TIME   RECORD YEAR NORMAL DEPARTURE LAST
                VALUE   (LST)  VALUE       VALUE  FROM      YEAR
                                                  NORMAL
..................................................................
TEMPERATURE (F)
 YESTERDAY
  MAXIMUM         68    318 PM  87    2015  74     -6       79
  MINIMUM         48   1157 PM  30    1968  55     -7       55
  AVERAGE         58                        64     -6       67

PRECIPITATION (IN)
  YESTERDAY        0.00          2.23 1977   0.07  -0.07     0.00
  MONTH TO DATE    0.68                      1.19  -0.51     2.23
  SINCE DEC 1      0.68                      1.19  -0.51     2.23
  SINCE JAN 1     39.63                     50.87 -11.24    58.42

SNOWFALL (IN)
  YESTERDAY        0.0
  MONTH TO DATE    0.0
  SINCE JUL 1      0.0

DEGREE DAYS
 HEATING
  YESTERDAY        7                         4      3        0
  MONTH TO DATE   50                        45      5       64
  SINCE DEC 1     50                        45      5       64
  SINCE JUL 1     86                        75     11       84

 COOLING
  YESTERDAY        0                         3     -3        2
  MONTH TO DATE   77                        58     19       55
  SINCE DEC 1     77                        58     19       55
  SINCE JAN 1   3824                      3369    455     3867
..................................................................


WIND (MPH)
  HIGHEST WIND SPEED    14   HIGHEST WIND DIRECTION    NW (310)
  HIGHEST GUST SPEED    22   HIGHEST GUST DIRECTION    NW (330)
  AVERAGE WIND SPEED     6.4


SKY COVER
  AVERAGE SKY COVER 0.1


WEATHER CONDITIONS
 THE FOLLOWING WEATHER WAS RECORDED YESTERDAY.
  FOG
  HAZE


RELATIVE HUMIDITY (PERCENT)
 HIGHEST    96           200 AM
 LOWEST     52           200 PM
 AVERAGE    74

..........................................................


THE VERO BEACH CLIMATE NORMALS FOR TODAY
                         NORMAL    RECORD    YEAR
 MAXIMUM TEMPERATURE (F)   74        86      1961
 MINIMUM TEMPERATURE (F)   55        33      1973


SUNRISE AND SUNSET
DECEMBER 18 2018......SUNRISE   706 AM EST   SUNSET   530 PM EST
DECEMBER 19 2018......SUNRISE   707 AM EST   SUNSET   531 PM EST


-  INDICATES NEGATIVE NUMBERS.
R  INDICATES RECORD WAS SET OR TIED.
MM INDICATES DATA IS MISSING.
T  INDICATES TRACE AMOUNT.




$$
