000
CDUS42 KMLB 240628
CLIVRB


CLIMATE REPORT
NATIONAL WEATHER SERVICE MELBOURNE FL
128 AM EST SAT FEB 24 2018


...................................

...THE VERO BEACH CLIMATE SUMMARY FOR FEBRUARY 23 2018...

CLIMATE NORMAL PERIOD 1981 TO 2010
CLIMATE RECORD PERIOD 1942 TO 2018


WEATHER ITEM   OBSERVED TIME   RECORD YEAR NORMAL DEPARTURE LAST
                VALUE   (LST)  VALUE       VALUE  FROM      YEAR
                                                  NORMAL
..................................................................
TEMPERATURE (F)
 YESTERDAY
  MAXIMUM         81    205 PM  89    2008  75      6       78
  MINIMUM         69    135 AM  30    1978  55     14       55
  AVERAGE         75                        65     10       67

PRECIPITATION (IN)
  YESTERDAY        0.06          2.65 1966   0.10  -0.04     0.00
  MONTH TO DATE    0.51                      2.13  -1.62     1.23
  SINCE DEC 1      5.42                      6.82  -1.40     4.10
  SINCE JAN 1      3.19                      4.63  -1.44     1.96

SNOWFALL (IN)
  YESTERDAY        0.0
  MONTH TO DATE    0.0
  SINCE JUL 1      0.0

DEGREE DAYS
 HEATING
  YESTERDAY        0                         3     -3        0
  MONTH TO DATE    8                        83    -75       20
  SINCE DEC 1    247                       340    -93      124
  SINCE JUL 1    267                       370   -103      143

 COOLING
  YESTERDAY       10                         3      7        2
  MONTH TO DATE  169                        61    108       63
  SINCE DEC 1    361                       215    146      368
  SINCE JAN 1    243                       122    121      163
..................................................................


WIND (MPH)
  HIGHEST WIND SPEED    18   HIGHEST WIND DIRECTION    SE (120)
  HIGHEST GUST SPEED    23   HIGHEST GUST DIRECTION     E (90)
  AVERAGE WIND SPEED    11.9


SKY COVER
  AVERAGE SKY COVER 0.3


WEATHER CONDITIONS
 THE FOLLOWING WEATHER WAS RECORDED YESTERDAY.
  RAIN
  LIGHT RAIN
  FOG
  HAZE


RELATIVE HUMIDITY (PERCENT)
 HIGHEST    90           300 AM
 LOWEST     58           200 PM
 AVERAGE    74

..........................................................


THE VERO BEACH CLIMATE NORMALS FOR TODAY
                         NORMAL    RECORD    YEAR
 MAXIMUM TEMPERATURE (F)   75        89      2012
 MINIMUM TEMPERATURE (F)   55        28      1989


SUNRISE AND SUNSET
FEBRUARY 24 2018......SUNRISE   651 AM EST   SUNSET   619 PM EST
FEBRUARY 25 2018......SUNRISE   650 AM EST   SUNSET   620 PM EST


-  INDICATES NEGATIVE NUMBERS.
R  INDICATES RECORD WAS SET OR TIED.
MM INDICATES DATA IS MISSING.
T  INDICATES TRACE AMOUNT.




$$
