000
CDUS42 KMLB 310634
CLIVRB

CLIMATE REPORT
NATIONAL WEATHER SERVICE MELBOURNE FL
234 AM EDT SAT OCT 31 2020

...................................

...THE VERO BEACH CLIMATE SUMMARY FOR OCTOBER 30 2020...

CLIMATE NORMAL PERIOD 1981 TO 2010
CLIMATE RECORD PERIOD 1942 TO 2020


WEATHER ITEM   OBSERVED TIME   RECORD YEAR NORMAL DEPARTURE LAST
                VALUE   (LST)  VALUE       VALUE  FROM      YEAR
                                                  NORMAL
...................................................................
TEMPERATURE (F)
 YESTERDAY
  MAXIMUM         82    124 PM  91    2002  82      0       88
  MINIMUM         73    759 PM  45    2012  65      8       78
  AVERAGE         78                        74      4       83

PRECIPITATION (IN)
  YESTERDAY        T             2.10 1971   0.11  -0.11     0.00
  MONTH TO DATE   11.90                      4.80   7.10     6.19
  SINCE SEP 1     17.72                     11.59   6.13     8.64
  SINCE JAN 1     57.32                     46.29  11.03    40.98

SNOWFALL (IN)
  YESTERDAY        0.0
  MONTH TO DATE    0.0
  SINCE JUL 1      0.0

DEGREE DAYS
 HEATING
  YESTERDAY        0                         0      0        0
  MONTH TO DATE    0                         0      0        0
  SINCE SEP 1      0                         0      0        0
  SINCE JUL 1      0                         0      0        0

 COOLING
  YESTERDAY       13                         9      4       18
  MONTH TO DATE  465                       352    113      486
  SINCE SEP 1    993                       821    172     1023
  SINCE JAN 1   3863                      3119    744     3663
...................................................................


WIND (MPH)
  HIGHEST WIND SPEED    16   HIGHEST WIND DIRECTION    NW (310)
  HIGHEST GUST SPEED    21   HIGHEST GUST DIRECTION     W (290)
  AVERAGE WIND SPEED     8.0


SKY COVER
  AVERAGE SKY COVER 0.5


WEATHER CONDITIONS
THE FOLLOWING WEATHER WAS RECORDED YESTERDAY.
  LIGHT RAIN


RELATIVE HUMIDITY (PERCENT)
 HIGHEST    94           400 AM
 LOWEST     56           200 PM
 AVERAGE    75

..........................................................


THE VERO BEACH CLIMATE NORMALS FOR TODAY
                         NORMAL    RECORD    YEAR
 MAXIMUM TEMPERATURE (F)   82        93      1980
 MINIMUM TEMPERATURE (F)   65        46      2012


SUNRISE AND SUNSET
OCTOBER 31 2020.......SUNRISE   732 AM EDT   SUNSET   638 PM EDT
NOVEMBER  1 2020......SUNRISE   633 AM EST   SUNSET   537 PM EST


-  INDICATES NEGATIVE NUMBERS.
R  INDICATES RECORD WAS SET OR TIED.
MM INDICATES DATA IS MISSING.
T  INDICATES TRACE AMOUNT.




$$
