000
CXUS52 KMLB 011921
CLMDAB

CLIMATE REPORT...UPDATED TO INCLUDE SUMMER SUMMARY
NATIONAL WEATHER SERVICE MELBOURNE FL
320 PM EDT SAT SEP 1 2018

...................................

...THE DAYTONA BEACH CLIMATE SUMMARY FOR THE MONTH OF AUGUST 2018...

CLIMATE NORMAL PERIOD 1981 TO 2010
CLIMATE RECORD PERIOD 1923 TO 2018

WEATHER         OBSERVED          NORMAL  DEPART  LAST YEAR`S
                 VALUE   DATE(S)  VALUE   FROM    VALUE
                                          NORMAL
.............................................................
TEMPERATURE (F)
MONTHLY RECORD
 HOTTEST         84.0   2007
 COOLEST         78.7   1967
DAILY RECORD
 HIGH             101   08/27/1938
                        08/18/1938
 LOW               63   08/04/1938
AUGUST 2018
HIGHEST            94   08/09                         95
                        08/08
LOWEST             72   08/20                         72
AVG. MAXIMUM     89.7              89.6     0.1     90.8
AVG. MINIMUM     74.4              73.4     1.0     76.0
MEAN             82.0              81.5     0.5     83.4
DAYS MAX >= 90     15              13.3     1.7       22
DAYS MAX <= 32      0               0.0     0.0        0
DAYS MIN <= 32      0               0.0     0.0        0
DAYS MIN <= 0       0               0.0     0.0        0

PRECIPITATION (INCHES)
MONTHLY RECORD
 MAXIMUM        19.89   1953
 MINIMUM         2.01   1963
DAILY RECORD
 MAXIMUM         7.00   08/07/2004
AUGUST 2018
TOTALS           6.71              6.40    0.31     6.02
DAYS >= .01        14              14.0     0.0       14
DAYS >= .10        13               9.6     3.4       10
DAYS >= .50         4               4.2    -0.2        5
DAYS >= 1.00        1               1.8    -0.8        2
GREATEST
 24 HR. TOTAL    2.39   08/12 TO 08/12

SNOWFALL (INCHES)
TOTALS            0.0               0.0     0.0      0.0
SINCE 7/1         0.0               0.0     0.0      0.0
DAYS >= TRACE       0                                  0

DEGREE_DAYS
HEATING TOTAL       0                 0       0        0
 SINCE 7/1          0                 0       0        0
COOLING TOTAL     536               511      25      578
 SINCE 1/1       2252              2074     178     2427
..............................................................

WIND (MPH)
AVERAGE WIND SPEED              4.6
HIGHEST WIND SPEED/DIRECTION    29/210    DATE  08/01
HIGHEST GUST SPEED/DIRECTION    41/210    DATE  08/01

SKY COVER
POSSIBLE SUNSHINE (PERCENT)   MM
AVERAGE SKY COVER           0.50
NUMBER OF DAYS FAIR            9
NUMBER OF DAYS PC             22
NUMBER OF DAYS CLOUDY          0

AVERAGE RH (PERCENT)     83

WEATHER CONDITIONS. NUMBER OF DAYS WITH
THUNDERSTORM             21     MIXED PRECIP                0
HEAVY RAIN               12     RAIN                        5
LIGHT RAIN               20     FREEZING RAIN               0
LT FREEZING RAIN          0     HAIL                        0
HEAVY SNOW                0     SNOW                        0
LIGHT SNOW                0     SLEET                       0
FOG                      18     FOG W/VIS <= 1/4 MILE       0
HAZE                      4


-  INDICATES NEGATIVE NUMBERS.
R  INDICATES RECORD WAS SET OR TIED.
MM INDICATES DATA IS MISSING.
T  INDICATES TRACE AMOUNT.

$$
=================================================================

...THE DAYTONA BEACH CLIMATE SUMMARY FOR THE SUMMER SEASON, FROM
6/1/2018 TO 8/31/2018...

CLIMATE NORMAL PERIOD 1981 TO 2010
CLIMATE RECORD PERIOD 1923 TO 2018

WEATHER         OBSERVED          NORMAL  DEPART  LAST YEAR`S
                 VALUE   DATE(S)  VALUE   FROM    VALUE
                                          NORMAL
................................................................
TEMPERATURE (F)
SUMMER RECORDS
 HOTTEST         83.5   1998
 COOLEST         77.5   1928
DAILY RECORD
 HIGH             102   07/15/1981
                        06/24/1944
 LOW               52   06/02/1984

SUMMER 2018
HIGHEST            94   08/09                         95
                        08/08
                        06/23
LOWEST             69   06/08                         69
AVG. MAXIMUM     89.3              89.4    -0.1     89.8
AVG. MINIMUM     73.6              72.6     1.0     74.8
MEAN             81.5              81.0     0.5     82.3
DAYS MAX >= 90     43              38.2     4.8       55
DAYS MAX <= 32      0               0.0     0.0        0
DAYS MIN <= 32      0               0.0     0.0        0
DAYS MIN <= 0       0               0.0     0.0        0

PRECIPITATION (INCHES)
SUMMER RECORDS
 MAXIMUM        33.50   2004
 MINIMUM         7.63   2016

SUMMER 2018
TOTALS          23.23             18.06    5.17    21.44
DAYS >= .01        49              40.1     8.9       49
DAYS >= .10        40              27.2    12.8       35
DAYS >= .50        14              12.4     1.6       17
DAYS >= 1.00        8               4.8     3.2        6
GREATEST
 24 HR. TOTAL    2.39   08/12 TO 08/12

SNOWFALL (INCHES)
TOTALS            0.0               0.0     0.0      0.0
SINCE 7/1         0.0               0.0     0.0      0.0
SNOWDEPTH AVG.      0                                  0
DAYS >= TRACE       0                                  0

DEGREE_DAYS
HEATING TOTAL       0                 0       0        0
COOLING TOTAL    1540              1473      67     1610
.................................................................

WIND (MPH)
AVERAGE WIND SPEED              4.9
HIGHEST WIND SPEED/DIRECTION    32/340    DATE  07/22
HIGHEST GUST SPEED/DIRECTION    46/330    DATE  07/22

SKY COVER
POSSIBLE SUNSHINE (PERCENT)   MM
AVERAGE SKY COVER           0.50
NUMBER OF DAYS FAIR           16
NUMBER OF DAYS PC             74
NUMBER OF DAYS CLOUDY          2

AVERAGE RH (PERCENT)     82

WEATHER CONDITIONS. NUMBER OF DAYS WITH
THUNDERSTORM             70     MIXED PRECIP                0
HEAVY RAIN               31     RAIN                       24
LIGHT RAIN               20     FREEZING RAIN               0
LT FREEZING RAIN          0     HAIL                        0
HEAVY SNOW                0     SNOW                        0
LIGHT SNOW                0     SLEET                       0
FOG                      52     FOG W/VIS <= 1/4 MILE       0
HAZE                      9

-  INDICATES NEGATIVE NUMBERS.
R  INDICATES RECORD WAS SET OR TIED.
MM INDICATES DATA IS MISSING.
T  INDICATES TRACE AMOUNT.

$$
