000
CXUS52 KMLB 011915
CLMDAB

CLIMATE REPORT...UPDATED TO INCLUDE FALL SUMMARY
NATIONAL WEATHER SERVICE MELBOURNE FL
212 PM EST SAT DEC 1 2018

...................................

...THE DAYTONA BEACH CLIMATE SUMMARY FOR THE MONTH OF NOVEMBER
2018...

CLIMATE NORMAL PERIOD 1981 TO 2010
CLIMATE RECORD PERIOD 1923 TO 2018

WEATHER         OBSERVED          NORMAL  DEPART  LAST YEAR`S
                 VALUE   DATE(S)  VALUE   FROM    VALUE
                                          NORMAL
.............................................................
TEMPERATURE (F)
MONTHLY RECORD
 HOTTEST         73.4   2015
 COLDEST         60.5   1976
DAILY RECORD
 HIGH              90   11/02/2015
 LOW               25   11/17/1940
NOVEMBER 2018
HIGHEST            87   11/13                         83
                        11/09
LOWEST             38   11/28                 9       48
AVG. MAXIMUM     77.4              76.0     1.4     77.2
AVG. MINIMUM     59.7              57.3     2.4     60.7
MEAN             68.5              66.6     1.9     68.9
DAYS MAX >= 90      0               0.0     0.0        0
DAYS MAX <= 32      0               0.0     0.0        0
DAYS MIN <= 32      0               0.0     0.0        0
DAYS MIN <= 0       0               0.0     0.0        0

PRECIPITATION (INCHES)
MONTHLY RECORD
 MAXIMUM        12.91   1994
 MINIMUM            T   1967
DAILY RECORD
 MAXIMUM         8.99   11/16/1994
NOVEMBER 2018
TOTALS           2.82              2.69    0.13     1.64
DAYS >= .01         9               7.7     1.3        6
DAYS >= .10         5               4.1     0.9        3
DAYS >= .50         3               1.4     1.6        1
DAYS >= 1.00        0               0.5    -0.5        1
GREATEST
 24 HR. TOTAL    0.87   11/04 TO 11/04

SNOWFALL (INCHES)
TOTALS            0.0               0.0     0.0      0.0
SINCE 7/1         0.0               0.0     0.0      0.0
DAYS >= TRACE       0                                  0

DEGREE_DAYS
HEATING TOTAL      69                66       3       12
 SINCE 7/1         70                74      -4       34
COOLING TOTAL     183               116      67      138
 SINCE 1/1       3334              2912     422     3409
..............................................................

WIND (MPH)
AVERAGE WIND SPEED              6.1
HIGHEST WIND SPEED/DIRECTION    29/280    DATE  11/02
HIGHEST GUST SPEED/DIRECTION    36/270    DATE  11/02

SKY COVER
POSSIBLE SUNSHINE (PERCENT)   MM
AVERAGE SKY COVER           0.60
NUMBER OF DAYS FAIR            6
NUMBER OF DAYS PC             19
NUMBER OF DAYS CLOUDY          5

AVERAGE RH (PERCENT)     81

WEATHER CONDITIONS. NUMBER OF DAYS WITH
THUNDERSTORM              4     MIXED PRECIP                0
HEAVY RAIN                5     RAIN                        3
LIGHT RAIN               13     FREEZING RAIN               0
LT FREEZING RAIN          0     HAIL                        0
HEAVY SNOW                0     SNOW                        0
LIGHT SNOW                0     SLEET                       0
FOG                      18     FOG W/VIS <= 1/4 MILE       2
HAZE                      3

-  INDICATES NEGATIVE NUMBERS.
R  INDICATES RECORD WAS SET OR TIED.
MM INDICATES DATA IS MISSING.
T  INDICATES TRACE AMOUNT.

=================================================================
...THE DAYTONA BEACH CLIMATE SUMMARY FOR THE FALL SEASON, FROM
9/1/2018 TO 11/30/2018...

CLIMATE NORMAL PERIOD 1981 TO 2010
CLIMATE RECORD PERIOD 1923 TO 2018

WEATHER         OBSERVED          NORMAL  DEPART  LAST YEAR`S
                 VALUE   DATE(S)  VALUE   FROM    VALUE  DATE(S)
                                          NORMAL
................................................................
TEMPERATURE (F)
FALL RECORDS
 WARMEST         76.2   2015
 COOLEST         69.7   1976
DAILY RECORD
 HIGH              99   09/05/1944
 LOW               25   11/17/1940
FALL 2018
HIGHEST            94   09/16                         95
                        09/14
                        09/15
LOWEST             38   11/28                         44
AVG. MAXIMUM     83.6              81.6     2.0     82.4
AVG. MINIMUM     68.1              65.1     3.0     67.9
MEAN             75.8              73.4     2.4     75.1
DAYS MAX >= 90     17               5.1    11.9        6
DAYS MAX <= 32      0               0.0     0.0        0
DAYS MIN <= 32      0               0.0     0.0        0
DAYS MIN <= 0       0               0.0     0.0        0

PRECIPITATION (INCHES)
FALL RECORDS
 MAXIMUM        39.22   1924
 MINIMUM         4.62   2010

FALL 2018
TOTALS          10.04             13.86   -3.82    19.11
DAYS >= .01        32              31.8     0.2       32
DAYS >= .10        17              19.0    -2.0       16
DAYS >= .50         6               8.1    -2.1       12
DAYS >= 1.00        2               4.2    -2.2        8
GREATEST
 24 HR. TOTAL    2.91   10/25 TO 10/25

SNOWFALL (INCHES)
TOTALS            0.0               0.0     0.0      0.0
SINCE 7/1         0.0               0.0     0.0      0.0
SNOWDEPTH AVG.      0                                  0
DAYS >= TRACE       0                                  0

DEGREE_DAYS
HEATING TOTAL      70                74      -4       34
COOLING TOTAL    1085               838     247      982
.................................................................

WIND (MPH)
AVERAGE WIND SPEED              6.3
HIGHEST WIND SPEED/DIRECTION    29/280    DATE  11/02
HIGHEST GUST SPEED/DIRECTION    40/210    DATE  10/10

SKY COVER
POSSIBLE SUNSHINE (PERCENT)   MM
AVERAGE SKY COVER           0.50
NUMBER OF DAYS FAIR           25
NUMBER OF DAYS PC             56
NUMBER OF DAYS CLOUDY         10

AVERAGE RH (PERCENT)     81

WEATHER CONDITIONS. NUMBER OF DAYS WITH
THUNDERSTORM             16     MIXED PRECIP                0
HEAVY RAIN               14     RAIN                       15
LIGHT RAIN               39     FREEZING RAIN               0
LT FREEZING RAIN          0     HAIL                        0
HEAVY SNOW                0     SNOW                        0
LIGHT SNOW                0     SLEET                       0
FOG                      55     FOG W/VIS <= 1/4 MILE       3
HAZE                      3

-  INDICATES NEGATIVE NUMBERS.
R  INDICATES RECORD WAS SET OR TIED.
MM INDICATES DATA IS MISSING.
T  INDICATES TRACE AMOUNT.

$$
