860
CXUS52 KMLB 011639
CLMDAB

CLIMATE REPORT
NATIONAL WEATHER SERVICE MELBOURNE FL
1239 PM EDT SAT JUN 01 2024

...................................

...THE DAYTONA BEACH CLIMATE SUMMARY FOR THE MONTH OF MAY 2024...

CLIMATE NORMAL PERIOD 1991 TO 2020
CLIMATE RECORD PERIOD 1923 TO 2024

WEATHER         OBSERVED          NORMAL  DEPART   LAST YEAR`S
                VALUE   DATE(S)   VALUE   FROM     VALUE
                                          NORMAL
..............................................................
TEMPERATURE (F)
RECORD
 HIGH            100   05/26/1953
 LOW              40   05/05/1940
HIGHEST           97   05/09                          93
LOWEST            64   05/21                          56
AVG. MAXIMUM    88.3               85.0     3.3     84.8
AVG. MINIMUM    69.4               66.2     3.2     66.8
MEAN            78.9               75.6     3.3     75.8
DAYS MAX >= 90    12                6.6     5.4        1
DAYS MAX <= 32     0                0.0     0.0        0
DAYS MIN <= 32     0                0.0     0.0        0
DAYS MIN <= 0      0                0.0     0.0        0

PRECIPITATION (INCHES)
RECORD
 MAXIMUM       22.33   2009
 MINIMUM        0.08   1965
TOTALS          1.65               3.69   -2.04     4.14
DAYS >= .01        9                7.4     1.6        9
DAYS >= .10        5                4.7     0.3        5
DAYS >= .50        0                2.1    -2.1        2
DAYS >= 1.00       0                1.1    -1.1        1
GREATEST
 24 HR. TOTAL   0.46   05/15 TO 05/15

SNOWFALL (INCHES)
TOTALS           0.0                 MM      MM      0.0
SINCE 7/1        0.0                 MM      MM       MM
DAYS >= TRACE      0                                   0

DEGREE DAYS
HEATING TOTAL      0                  1      -1        0
 SINCE 7/1       533                707    -174       MM
COOLING TOTAL    438                330     108      343
 SINCE 1/1       828                671     157       MM
..............................................................

WIND (MPH)
AVERAGE WIND SPEED              6.6
HIGHEST WIND SPEED/DIRECTION    31/240    DATE  05/14
HIGHEST GUST SPEED/DIRECTION    45/240    DATE  05/14

SKY COVER
POSSIBLE SUNSHINE (PERCENT)    0
AVERAGE SKY COVER           0.40
NUMBER OF DAYS FAIR           14
NUMBER OF DAYS PC             16
NUMBER OF DAYS CLOUDY          1

AVERAGE RH (PERCENT)     74

WEATHER CONDITIONS. NUMBER OF DAYS WITH
THUNDERSTORM              8     MIXED PRECIP               0
HEAVY RAIN                5     RAIN                       6
LIGHT RAIN               11     LT FREEZING RAIN           0
HAIL                      0     LIGHT SNOW                 0
SLEET                     0     FOG                       13
FOG W/VIS <= 1/4 MILE     0     HAZE                       2

-  INDICATES NEGATIVE NUMBERS.
R  INDICATES RECORD WAS SET OR TIED.
MM INDICATES DATA IS MISSING.
T  INDICATES TRACE AMOUNT.

$$