000
CXUS52 KMLB 011617
CLMDAB

CLIMATE REPORT
NATIONAL WEATHER SERVICE MELBOURNE FL
1216 PM EDT FRI JUN 1 2018

...................................

...THE DAYTONA BEACH CLIMATE SUMMARY FOR THE MONTH OF MAY 2018...

CLIMATE NORMAL PERIOD 1981 TO 2010
CLIMATE RECORD PERIOD 1923 TO 2018

WEATHER         OBSERVED          NORMAL  DEPART  LAST YEAR`S
                 VALUE   DATE(S)  VALUE   FROM    VALUE
                                          NORMAL
.............................................................
TEMPERATURE (F)
MONTHLY RECORD
 WARMEST         79.0   1995
 COOLEST         69.7   1940
DAILY RECORD
 HIGH             100   05/26/1953
 LOW               40   05/05/1940
MAY 2018
HIGHEST            90   05/11                         94
LOWEST             60   05/09                         51
                        05/01
AVG. MAXIMUM     81.9              84.7    -2.8     86.7
AVG. MINIMUM     67.8              65.4     2.4     65.6
MEAN             74.9              75.0    -0.1     76.1
DAYS MAX >= 90      1               5.1    -4.1       10
DAYS MAX <= 32      0               0.0     0.0        0
DAYS MIN <= 32      0               0.0     0.0        0
DAYS MIN <= 0       0               0.0     0.0        0

PRECIPITATION (INCHES)
MONTHLY RECORD
 MAXIMUM        22.33   2009
 MINIMUM         0.08   1965
DAILY RECORD
 MAXIMUM         6.37   05/20/2009
MAY 2018
TOTALS          12.89              3.13    9.76     1.93
DAYS >= .01        17               6.8    10.2        7
DAYS >= .10        14               4.3     9.7        3
DAYS >= .50         9               1.8     7.2        3
DAYS >= 1.00        4               0.8     3.2        0
GREATEST
 24 HR. TOTAL    2.27   05/30 TO 05/30

SNOWFALL (INCHES)
TOTALS            0.0               0.0     0.0      0.0
SINCE 7/1           T               0.0     0.0      0.0
DAYS >= TRACE       0                                  0

DEGREE_DAYS
HEATING TOTAL       0                 2      -2        0
 SINCE 7/1        645               809    -164      401
COOLING TOTAL     312               314      -2      351
 SINCE 1/1        712               601     111      817
..............................................................

WIND (MPH)
AVERAGE WIND SPEED              6.1
HIGHEST WIND SPEED/DIRECTION    21/190    DATE  05/30
HIGHEST GUST SPEED/DIRECTION    29/190    DATE  05/30

SKY COVER
POSSIBLE SUNSHINE (PERCENT)   MM
AVERAGE SKY COVER           0.60
NUMBER OF DAYS FAIR            6
NUMBER OF DAYS PC             10
NUMBER OF DAYS CLOUDY         15

AVERAGE RH (PERCENT)     82

WEATHER CONDITIONS. NUMBER OF DAYS WITH
THUNDERSTORM             11     MIXED PRECIP                0
HEAVY RAIN               14     RAIN                       13
LIGHT RAIN               19     FREEZING RAIN               0
LT FREEZING RAIN          0     HAIL                        0
HEAVY SNOW                0     SNOW                        0
LIGHT SNOW                0     SLEET                       0
FOG                      26     FOG W/VIS <= 1/4 MILE       0
HAZE                      2


-  INDICATES NEGATIVE NUMBERS.
R  INDICATES RECORD WAS SET OR TIED.
MM INDICATES DATA IS MISSING.
T  INDICATES TRACE AMOUNT.

$$

..................................

...THE DAYTONA BEACH CLIMATE SUMMARY FOR THE SPRING SEASON, FROM
3/1/2018 TO 5/31/2018...

CLIMATE NORMAL PERIOD 1981 TO 2010
CLIMATE RECORD PERIOD 1923 TO 2018

WEATHER         OBSERVED          NORMAL  DEPART  LAST YEAR`S
                 VALUE   DATE(S)  VALUE   FROM    VALUE  DATE(S)
                                          NORMAL
................................................................
TEMPERATURE (F)
SPRING RECORDS
 WARMEST         73.8   2015
 COOLEST         65.6   1983
DAILY RECORD
 HIGH             100   05/26/1953
 LOW               26   03/03/1980
SPRING 2018
HIGHEST            90   05/11                         94
LOWEST             35   03/09                         37
AVG. MAXIMUM     78.4              79.5    -1.1     81.7
AVG. MINIMUM     59.9              59.4     0.5     61.0
MEAN             69.1              69.4    -0.3     71.3
DAYS MAX >= 90      1               6.0    -5.0       13
DAYS MAX <= 32      0               0.0     0.0        0
DAYS MIN <= 32      0               0.1    -0.1        0
DAYS MIN <= 0       0               0.0     0.0        0

PRECIPITATION (INCHES)
SPRING RECORD
 MAXIMUM        25.19   2009
 MINIMUM         1.04   1967
SPRING 2018
TOTALS          18.59              9.55    9.04     4.22
DAYS >= .01        32              20.8    11.2       20
DAYS >= .10        25              13.1    11.9       11
DAYS >= .50        14               5.9     8.1        4
DAYS >= 1.00        5               2.9     2.1        0
GREATEST
 24 HR. TOTAL    2.27   05/30 TO 05/30

SNOWFALL (INCHES)
TOTALS              TR              0.0     0.0      0.0
SINCE 7/1           T               0.0     0.0      0.0
SNOWDEPTH AVG.      0                                  0
DAYS >= TRACE       1                                  0

DEGREE_DAYS
HEATING TOTAL     148               127      21       95
COOLING TOTAL     550               535      15      697
.................................................................

WIND (MPH)
AVERAGE WIND SPEED              7.3
HIGHEST WIND SPEED/DIRECTION    31/230    DATE  04/15
HIGHEST GUST SPEED/DIRECTION    39/230    DATE  04/15

SKY COVER
POSSIBLE SUNSHINE (PERCENT)   MM
AVERAGE SKY COVER           0.50
NUMBER OF DAYS FAIR           35
NUMBER OF DAYS PC             33
NUMBER OF DAYS CLOUDY         23

AVERAGE RH (PERCENT)     75

WEATHER CONDITIONS. NUMBER OF DAYS WITH
THUNDERSTORM             19     MIXED PRECIP                0
HEAVY RAIN               24     RAIN                       22
LIGHT RAIN               39     FREEZING RAIN               0
LT FREEZING RAIN          0     HAIL                        1
HEAVY SNOW                0     SNOW                        0
LIGHT SNOW                0     SLEET                       1
FOG                      59     FOG W/VIS <= 1/4 MILE       0
HAZE                      9

-  INDICATES NEGATIVE NUMBERS.
R  INDICATES RECORD WAS SET OR TIED.
MM INDICATES DATA IS MISSING.
T  INDICATES TRACE AMOUNT.

$$

RODRIGUEZ
