000
CXUS54 KEPZ 041751
CLMELP


CLIMATE REPORT...CORRECTED
NATIONAL WEATHER SERVICE EL PASO, TX
1047 AM MST FRI JAN 4 2019

...................................

...THE EL PASO CLIMATE SUMMARY FOR THE MONTH OF DECEMBER 2018...

CLIMATE NORMAL PERIOD 1981 TO 2010
CLIMATE RECORD PERIOD 1879 TO 2019

WEATHER         OBSERVED          NORMAL  DEPART  LAST YEAR`S
                 VALUE   DATE(S)  VALUE   FROM    VALUE  DATE(S)
                                          NORMAL
................................................................
TEMPERATURE (F)
RECORD
 HIGH              80   12/02/1973
 LOW               -5   12/31/1880
HIGHEST            71   12/22        61      10       74  12/03
LOWEST             25   12/30        29      -4       24  12/08
AVG. MAXIMUM     57.2              57.1     0.1     61.0
AVG. MINIMUM     37.8              32.5     5.3     36.0
MEAN             47.5              44.8     2.7     48.5
DAYS MAX >= 90      0               0.0     0.0        0
DAYS MAX <= 32      0               0.1    -0.1        0
DAYS MIN <= 32      7              14.6    -7.6       11
DAYS MIN <= 0       0               0.0     0.0        0

PRECIPITATION (INCHES)
RECORD
 MAXIMUM         3.94
 MINIMUM         0.00
TOTALS           0.43              0.78   -0.35     0.68
DAYS >= .01         6                                  4
DAYS >= .10         1                                  3
DAYS >= .50         0                                  0
DAYS >= 1.00        0                                  0
GREATEST
 24 HR. TOTAL    0.15   12/07 TO 12/08
 STORM TOTAL       MM
 (MM/DD(HH))            MM

SNOWFALL (INCHES)
TOTALS            0.4                                0.1
SNOWDEPTH AVG.      0                                  0
DAYS >= TRACE       2                                  3
GREATEST
 SNOW DEPTH         T   12/29
 24 HR TOTAL      0.4   12/29 TO 12/29
 STORM TOTAL       MM
 (MM/DD(HH))            MM

DEGREE_DAYS
HEATING TOTAL     534               626     -92      504
 SINCE 7/1        961              1068    -107      667
COOLING TOTAL       0                 0       0        0
 SINCE 1/1       3174              2331     843     2917

FREEZE DATES
RECORD
 EARLIEST     10/16/1880
 LATEST       05/02/1967
EARLIEST                        12/06
LATEST                          02/07
.................................................................

WIND (MPH)
AVERAGE WIND SPEED              7.9
HIGHEST WIND SPEED/DIRECTION    44/260    DATE  12/26
HIGHEST GUST SPEED/DIRECTION    57/250    DATE  12/26

SKY COVER
POSSIBLE SUNSHINE (PERCENT)   MM
AVERAGE SKY COVER           0.50
NUMBER OF DAYS FAIR           10
NUMBER OF DAYS PC             14
NUMBER OF DAYS CLOUDY          7

AVERAGE RH (PERCENT)     50

WEATHER CONDITIONS. NUMBER OF DAYS WITH
THUNDERSTORM              1     MIXED PRECIP               0
HEAVY RAIN                0     RAIN                       0
LIGHT RAIN                8     FREEZING RAIN              0
LT FREEZING RAIN          0     HAIL                       0
HEAVY SNOW                0     SNOW                       1
LIGHT SNOW                2     SLEET                      0
FOG                       6     FOG W/VIS <= 1/4 MILE      1
HAZE                      0

-  INDICATES NEGATIVE NUMBERS.
R  INDICATES RECORD WAS SET OR TIED.
MM INDICATES DATA IS MISSING.
T  INDICATES TRACE AMOUNT.

$$
