000
CXUS52 KMLB 011600
CLMVRB


CLIMATE REPORT
NATIONAL WEATHER SERVICE MELBOURNE FL
1035 AM EDT SUN APR 1 2018

...................................

...THE VERO BEACH CLIMATE SUMMARY FOR THE MONTH OF MARCH 2018...

CLIMATE NORMAL PERIOD 1981 TO 2010
CLIMATE RECORD PERIOD 1942 TO 2018

WEATHER         OBSERVED          NORMAL  DEPART  LAST YEAR`S
                 VALUE   DATE(S)  VALUE   FROM    VALUE  DATE(S)
                                          NORMAL
................................................................
TEMPERATURE (F)
MONTHLY RECORD
 HOTTEST         74.0   1997
 COLDEST         61.2   2010
DAILY RECORD
 HIGH              93   03/20/2003
 LOW               26   03/03/1980
MARCH 2018
HIGHEST            90   03/20                         89
LOWEST             33   03/16                         39
AVG. MAXIMUM     77.7              77.2     0.5     79.0
AVG. MINIMUM     51.6              57.6    -6.0     58.1
MEAN             64.6              67.4    -2.8     68.6
DAYS MAX >= 90      1               0.1     0.9        0
DAYS MAX <= 32      0               0.0     0.0        0
DAYS MIN <= 32      0               0.0     0.0        0
DAYS MIN <= 0       0               0.0     0.0        0

PRECIPITATION (INCHES)
MONTHLY RECORD
 MAXIMUM        12.78   1993
 MINIMUM         0.09   1956
DAILY RECORD
 MAXIMUM         6.80   03/21/1993
MARCH 2018
TOTALS           0.32              4.12   -3.80     1.62
DAYS >= .01         2               8.0    -6.0        6
DAYS >= .10         1               5.0    -4.0        3
DAYS >= .50         0               2.6    -2.6        1
DAYS >= 1.00        0               1.0    -1.0        0
GREATEST
 24 HR. TOTAL    0.25   03/20 TO 03/20

SNOWFALL (INCHES)
TOTALS            0.0               0.0     0.0      0.0
SINCE 7/1         0.0               0.0     0.0      0.0
DAYS >= TRACE       0                                  0

DEGREE_DAYS
HEATING TOTAL      96                55      41       39
 SINCE 7/1        363               440     -77      182
COOLING TOTAL      92               129     -37      157
 SINCE 1/1        381               268     113      358
.................................................................

WIND (MPH)
AVERAGE WIND SPEED              9.4
HIGHEST WIND SPEED/DIRECTION    30/270    DATE  03/12
HIGHEST GUST SPEED/DIRECTION    42/270    DATE  03/12

SKY COVER
POSSIBLE SUNSHINE (PERCENT)   MM
AVERAGE SKY COVER           0.20
NUMBER OF DAYS FAIR           23
NUMBER OF DAYS PC              8
NUMBER OF DAYS CLOUDY          0

AVERAGE RH (PERCENT)     64

WEATHER CONDITIONS. NUMBER OF DAYS WITH
THUNDERSTORM              2     MIXED PRECIP                   0
HEAVY RAIN                1     RAIN                           0
LIGHT RAIN                3     LT FREEZING RAIN               0
HAIL                      0     LIGHT SNOW                     0
SLEET                     0     FOG                            9
FOG W/VIS <= 1/4 MILE     1     HAZE                           5

-  INDICATES NEGATIVE NUMBERS.
R  INDICATES RECORD WAS SET OR TIED.
MM INDICATES DATA IS MISSING.
T  INDICATES TRACE AMOUNT.

$$
