801
CXUS52 KMLB 021313
CLMVRB

CLIMATE REPORT
NATIONAL WEATHER SERVICE MELBOURNE FL
913 AM EDT THU MAY 02 2024

...................................

...THE VERO BEACH CLIMATE SUMMARY FOR THE MONTH OF APRIL 2024...

CLIMATE NORMAL PERIOD 1991 TO 2020
CLIMATE RECORD PERIOD 1942 TO 2024

WEATHER         OBSERVED          NORMAL  DEPART   LAST YEAR`S
                VALUE   DATE(S)   VALUE   FROM     VALUE
                                          NORMAL
..............................................................
TEMPERATURE (F)
RECORD
 HIGH             97   04/13/2020
 LOW              36   04/05/1987
HIGHEST           92   04/11                          91
LOWEST            46   04/14                          56
AVG. MAXIMUM    82.8               81.9     0.9     85.1
AVG. MINIMUM    60.6               62.4    -1.8     67.7
MEAN            71.7               72.1    -0.4     76.4
DAYS MAX >= 90     2                1.6     0.4        2
DAYS MAX <= 32     0                0.0     0.0        0
DAYS MIN <= 32     0                0.0     0.0        0
DAYS MIN <= 0      0                0.0     0.0        0

PRECIPITATION (INCHES)
RECORD
 MAXIMUM       10.45   1997
 MINIMUM        0.02   1946
TOTALS          0.45               3.06   -2.61     3.78
DAYS >= .01        5                6.7    -1.7       14
DAYS >= .10        3                4.6    -1.6        9
DAYS >= .50        0                1.7    -1.7        4
DAYS >= 1.00       0                0.9    -0.9        0
GREATEST
 24 HR. TOTAL   0.16   04/30 TO 04/30

SNOWFALL (INCHES)
TOTALS           0.0                0.0     0.0      0.0
SINCE 7/1        0.0                0.0     0.0       MM
DAYS >= TRACE      0                                   0

DEGREE DAYS
HEATING TOTAL      3                 10      -7        0
 SINCE 7/1       252                394    -142       MM
COOLING TOTAL    211                225     -14      349
 SINCE 1/1       564                522      42       MM
..............................................................

WIND (MPH)
AVERAGE WIND SPEED              10.0
HIGHEST WIND SPEED/DIRECTION    32/200    DATE  04/11
HIGHEST GUST SPEED/DIRECTION    49/210    DATE  04/11

SKY COVER
POSSIBLE SUNSHINE (PERCENT)   MM
AVERAGE SKY COVER           0.22
NUMBER OF DAYS FAIR           23
NUMBER OF DAYS PC              7
NUMBER OF DAYS CLOUDY          0

AVERAGE RH (PERCENT)     66

WEATHER CONDITIONS. NUMBER OF DAYS WITH
THUNDERSTORM              2     MIXED PRECIP               0
HEAVY RAIN                3     RAIN                       2
LIGHT RAIN                5     LT FREEZING RAIN           0
HAIL                      0     LIGHT SNOW                 0
SLEET                     0     FOG                        7
FOG W/VIS <= 1/4 MILE     0     HAZE                       1

-  INDICATES NEGATIVE NUMBERS.
R  INDICATES RECORD WAS SET OR TIED.
MM INDICATES DATA IS MISSING.
T  INDICATES TRACE AMOUNT.

$$