000
CXUS52 KTAE 010800
CF6ECP
PRELIMINARY LOCAL CLIMATOLOGICAL DATA (WS FORM: F-6)
STATION: PANAMA CITY NW
MONTH: APRIL
YEAR: 2023
LATITUDE: 30 21 N
LONGITUDE: 85 48 W
TEMPERATURE IN F: :PCPN: SNOW: WIND :SUNSHINE: SKY :PK WND
================================================================================
1 2 3 4 5 6A 6B 7 8 9 10 11 12 13 14 15 16 17 18
12Z AVG MX 2MIN
DY MAX MIN AVG DEP HDD CDD WTR SNW DPTH SPD SPD DIR MIN PSBL S-S WX SPD DR
================================================================================
1 82 69 76 12 0 11 T 0.0 0 12.4 25 220 M M 9 12 32 220
2 83 57 70 6 0 5 0.00 0.0 0 3.4 10 10 M M 1 12 14 20
3 81 64 73 9 0 8 0.00 0.0 0 11.2 23 190 M M 9 1 32 180
4 84 68 76 11 0 11 0.00 0.0 0 9.2 18 170 M M 6 1 23 150
5 85 66 76 11 0 11 0.00 0.0 0 7.9 20 140 M M 3 128 25 160
6 85 64 75 10 0 10 0.00 0.0 0 4.8 14 160 M M 3 12 21 210
7 85 61 73 8 0 8 0.00 0.0 0 4.2 14 170 M M 8 128 16 170
8 74 56 65 -1 0 0 1.13 0.0 0 6.3 22 300 M M 10 13 26 300
9 62 51 57 -9 8 0 0.01 0.0 0 12.7 22 20 M M 10 1 28 20
10 67 57 62 -4 3 0 0.01 0.0 0 9.0 18 20 M M 10 18 23 10
11 78 56 67 1 0 2 0.00 0.0 0 8.9 18 30 M M 4 24 30
12 76 61 69 3 0 4 0.04 M M 10.7 20 70 M M 4 29 40
13 77 63 70 4 0 5 0.28 M M 13.0 26 130 M M 5 138 38 130
14 79 59 69 2 0 4 0.28 0.0 0 6.7 20 220 M M 4 13 27 220
15 84 54 69 2 0 4 0.93 0.0 0 4.7 36 240 M M 3 123 46 230
16 81 63 72 5 0 7 0.01 0.0 0 7.3 18 240 M M 4 3 26 210
17 76 50 63 -4 2 0 0.00 0.0 0 8.1 18 310 M M 0 26 320
18 81 42 62 -6 3 0 0.00 0.0 0 3.9 15 210 M M 0 18 200
19 83 49 66 -2 0 1 0.00 0.0 0 8.8 16 170 M M 0 21 180
20 82 57 70 2 0 5 0.00 0.0 M 9.2 15 190 M M 1 M M
21 82 59 71 3 0 6 0.00 0.0 M 9.6 21 180 M M 3 25 200
22 83 54 69 1 0 4 0.00 0.0 M 8.2 18 320 M M 3 1 23 310
23 84 48 66 -3 0 1 0.00 0.0 0 5.4 16 20 M M 0 22 20
24 81 61 71 2 0 6 0.00 0.0 M 10.1 20 20 M M 3 8 25 20
25 82 59 71 2 0 6 T 0.0 0 5.0 13 50 M M 4 3 17 50
26 84 62 73 4 0 8 0.00 0.0 0 5.8 17 200 M M 2 3 22 190
27 73 62 68 -2 0 3 3.94 0.0 0 6.2 36 280 M M 7 13 44 280
28 84 69 77 7 0 12 0.00 0.0 0 7.6 18 210 M M 5 24 200
29 76 62 69 -1 0 4 0.94 M M 4.8 23 220 M M 8 1238 31 210
30 78 61 70 0 0 5 0.40 0.0 0 12.0 25 230 M M 2 13 32 270
================================================================================
SM 2392 1764 16 151 7.97 0.0 237.1 M 131
================================================================================
AV 79.7 58.8 7.9 FASTST M M 4 MAX(MPH)
MISC ----> # 36 240 46 230
================================================================================
NOTES:
# LAST OF SEVERAL OCCURRENCES
COLUMN 17 PEAK WIND IN M.P.H.
PRELIMINARY LOCAL CLIMATOLOGICAL DATA (WS FORM: F-6) , PAGE 2
STATION: PANAMA CITY NW
MONTH: APRIL
YEAR: 2023
LATITUDE: 30 21 N
LONGITUDE: 85 48 W
[TEMPERATURE DATA] [PRECIPITATION DATA] SYMBOLS USED IN COLUMN 16
AVERAGE MONTHLY: 69.3 TOTAL FOR MONTH: 7.97 1 = FOG OR MIST
DPTR FM NORMAL: 2.2 DPTR FM NORMAL: 3.03 2 = FOG REDUCING VISIBILITY
HIGHEST: 85 ON 7, 6 GRTST 24HR 3.94 ON 27-27 TO 1/4 MILE OR LESS
LOWEST: 42 ON 18 3 = THUNDER
SNOW, ICE PELLETS, HAIL 4 = ICE PELLETS
TOTAL MONTH: 0.0 INCH 5 = HAIL
GRTST 24HR 0.0 6 = FREEZING RAIN OR DRIZZLE
GRTST DEPTH: 0 7 = DUSTSTORM OR SANDSTORM:
VSBY 1/2 MILE OR LESS
8 = SMOKE OR HAZE
[NO. OF DAYS WITH] [WEATHER - DAYS WITH] 9 = BLOWING SNOW
X = TORNADO
MAX 32 OR BELOW: 0 0.01 INCH OR MORE: 11
MAX 90 OR ABOVE: 0 0.10 INCH OR MORE: 7
MIN 32 OR BELOW: 0 0.50 INCH OR MORE: 4
MIN 0 OR BELOW: 0 1.00 INCH OR MORE: 2
[HDD (BASE 65) ]
TOTAL THIS MO. 16 CLEAR (SCALE 0-3) 11
DPTR FM NORMAL -25 PTCLDY (SCALE 4-7) 13
TOTAL FM JUL 1 965 CLOUDY (SCALE 8-10) 6
DPTR FM NORMAL -439
[CDD (BASE 65) ]
TOTAL THIS MO. 151
DPTR FM NORMAL 47 [PRESSURE DATA]
TOTAL FM JAN 1 408 HIGHEST SLP M ON M
DPTR FM NORMAL 246 LOWEST SLP 29.60 ON 30
[REMARKS]
#FINAL-04-23#