000
CXUS54 KHUN 010810
CF6HSV
PRELIMINARY LOCAL CLIMATOLOGICAL DATA (WS FORM: F-6)
STATION: HUNTSVILLE
MONTH: SEPTEMBER
YEAR: 2023
LATITUDE: 34 39 N
LONGITUDE: 86 46 W
TEMPERATURE IN F: :PCPN: SNOW: WIND :SUNSHINE: SKY :PK WND
================================================================================
1 2 3 4 5 6A 6B 7 8 9 10 11 12 13 14 15 16 17 18
12Z AVG MX 2MIN
DY MAX MIN AVG DEP HDD CDD WTR SNW DPTH SPD SPD DIR MIN PSBL S-S WX SPD DR
================================================================================
1 87 67 77 -2 0 12 0.00 0.0 0 8.8 18 110 M M 7 25 120
2 84 67 76 -2 0 11 0.49 0.0 0 5.8 13 160 M M 6 1 18 150
3 89 67 78 0 0 13 0.00 0.0 0 4.1 8 190 M M 3 11 190
4 91 69 80 2 0 15 0.00 0.0 0 3.8 12 170 M M 3 16 160
5 91 74 83 5 0 18 0.01 0.0 0 2.4 8 150 M M 7 13 11 270
6 90 69 80 2 0 15 0.04 0.0 0 3.7 28 230 M M 6 13 40 230
7 86 62 74 -4 0 9 T 0.0 0 4.4 13 270 M M 3 18 260
8 86 59 73 -4 0 8 0.00 0.0 0 4.8 12 50 M M 3 18 16 300
9 90 65 78 1 0 13 0.32 0.0 0 6.6 31 60 M M 3 3 43 50
10 86 65 76 -1 0 11 0.00 0.0 0 4.9 12 350 M M 4 1 21 340
11 90 64 77 1 0 12 0.00 0.0 0 2.2 9 300 M M 2 1 15 250
12 89 66 78 2 0 13 0.00 0.0 0 5.2 14 360 M M 5 1 20 350
13 85 68 77 1 0 12 0.00 0.0 0 8.3 15 40 M M 7 20 20
14 87 62 75 -1 0 10 0.00 0.0 0 6.2 13 350 M M 6 19 350
15 85 63 74 -1 0 9 0.03 0.0 0 5.3 13 130 M M 7 1 17 140
16 80 68 74 -1 0 9 0.30 0.0 0 4.0 9 210 M M 9 1 14 220
17 84 59 72 -3 0 7 0.00 0.0 0 4.0 14 320 M M 5 12 21 350
18 83 56 70 -4 0 5 0.00 0.0 0 4.6 14 20 M M 1 1 20 320
19 83 54 69 -5 0 4 0.00 0.0 0 3.1 10 240 M M 2 18 16 230
20 86 60 73 -1 0 8 0.00 0.0 0 6.3 15 170 M M 4 22 190
21 87 61 74 0 0 9 0.00 0.0 0 5.6 13 80 M M 4 16 80
22 88 59 74 1 0 9 0.00 0.0 0 4.5 13 140 M M 2 17 110
23 90 55 73 0 0 8 0.00 0.0 0 4.4 14 330 M M 2 12 21 350
24 90 53 72 0 0 7 0.00 0.0 0 2.7 9 20 M M 4 1 15 270
25 91 58 75 3 0 10 0.00 0.0 0 3.1 9 40 M M 4 16 20
26 93 58 76 4 0 11 0.00 0.0 0 3.3 10 130 M M 2 13 110
27 88 63 76 5 0 11 0.00 0.0 0 6.3 15 130 M M 3 8 21 120
28 86 61 74 3 0 9 0.00 0.0 0 5.4 13 110 M M 1 8 18 100
29 83 60 72 1 0 7 T 0.0 0 2.2 9 360 M M 4 13 310
30 91 58 75 5 0 10 0.00 0.0 0 3.4 10 50 M M 1 12 14 30
================================================================================
SM 2619 1870 0 305 1.19 0.0 139.4 M 120
================================================================================
AV 87.3 62.3 4.6 FASTST M M 4 MAX(MPH)
MISC ----> 31 60 43 50
================================================================================
NOTES:
# LAST OF SEVERAL OCCURRENCES
COLUMN 17 PEAK WIND IN M.P.H.
PRELIMINARY LOCAL CLIMATOLOGICAL DATA (WS FORM: F-6) , PAGE 2
STATION: HUNTSVILLE
MONTH: SEPTEMBER
YEAR: 2023
LATITUDE: 34 39 N
LONGITUDE: 86 46 W
[TEMPERATURE DATA] [PRECIPITATION DATA] SYMBOLS USED IN COLUMN 16
AVERAGE MONTHLY: 74.8 TOTAL FOR MONTH: 1.19 1 = FOG OR MIST
DPTR FM NORMAL: -0.1 DPTR FM NORMAL: -2.30 2 = FOG REDUCING VISIBILITY
HIGHEST: 93 ON 26 GRTST 24HR 0.49 ON 2- 2 TO 1/4 MILE OR LESS
LOWEST: 53 ON 24 3 = THUNDER
SNOW, ICE PELLETS, HAIL 4 = ICE PELLETS
TOTAL MONTH: 0.0 INCH 5 = HAIL
GRTST 24HR 0.0 6 = FREEZING RAIN OR DRIZZLE
GRTST DEPTH: 0 7 = DUSTSTORM OR SANDSTORM:
VSBY 1/2 MILE OR LESS
8 = SMOKE OR HAZE
[NO. OF DAYS WITH] [WEATHER - DAYS WITH] 9 = BLOWING SNOW
X = TORNADO
MAX 32 OR BELOW: 0 0.01 INCH OR MORE: 6
MAX 90 OR ABOVE: 10 0.10 INCH OR MORE: 3
MIN 32 OR BELOW: 0 0.50 INCH OR MORE: 0
MIN 0 OR BELOW: 0 1.00 INCH OR MORE: 0
[HDD (BASE 65) ]
TOTAL THIS MO. 0 CLEAR (SCALE 0-3) 13
DPTR FM NORMAL -8 PTCLDY (SCALE 4-7) 16
TOTAL FM JUL 1 0 CLOUDY (SCALE 8-10) 1
DPTR FM NORMAL -5
[CDD (BASE 65) ]
TOTAL THIS MO. 305
DPTR FM NORMAL -1 [PRESSURE DATA]
TOTAL FM JAN 1 1920 HIGHEST SLP M ON M
DPTR FM NORMAL -86 LOWEST SLP 29.85 ON 7
[REMARKS]
#FINAL-09-23#