000
CXUS56 KHNX 021519
CF6MCE
PRELIMINARY LOCAL CLIMATOLOGICAL DATA (WS FORM: F-6)
STATION: MERCED CA AIRPORT
MONTH: MARCH
YEAR: 2022
LATITUDE: 37 16 N
LONGITUDE: 120 36 W
TEMPERATURE IN F: :PCPN: SNOW: WIND :SUNSHINE: SKY :PK WND
================================================================================
1 2 3 4 5 6A 6B 7 8 9 10 11 12 13 14 15 16 17 18
12Z AVG MX 2MIN
DY MAX MIN AVG DEP HDD CDD WTR SNW DPTH SPD SPD DIR MIN PSBL S-S WX SPD DR
================================================================================
1 78 36 57 4 8 0 0.00 0.0 0 3.0 12 130 M M 0 13 120
2 78 38 58 4 7 0 0.00 0.0 0 4.4 10 330 M M 0 12 320
3 72 44 58 4 7 0 0.00 0.0 0 6.8 16 330 M M 0 21 340
4 65 37 51 -3 14 0 0.00 0.0 0 8.4 17 270 M M 7 25 240
5 57 37 47 -7 18 0 0.01 0.0 0 5.4 18 330 M M 5 29 310
6 64 31 48 -6 17 0 0.00 0.0 0 4.6 13 350 M M 0 17 330
7 65 33 49 -5 16 0 0.00 0.0 0 3.6 13 340 M M 0 16 310
8 70 33 52 -2 13 0 0.00 0.0 0 4.0 12 150 M M 0 16 140
9 74 38 56 1 9 0 0.00 0.0 0 4.6 14 330 M M 0 17 320
10 70 36 53 -2 12 0 0.00 0.0 0 12.7 29 320 M M 0 35 310
11 72 31 52 -3 13 0 0.00 0.0 0 3.3 10 170 M M 0 14 230
12 78 33 56 1 9 0 0.00 0.0 0 4.8 18 340 M M 0 22 340
13 71 46 59 4 6 0 0.00 0.0 0 8.3 22 340 M M 1 27 340
14 74 37 56 1 9 0 0.00 0.0 0 2.5 8 330 M M 0 10 320
15 72 44 58 3 7 0 0.03 0.0 0 6.2 15 350 M M 5 18 350
16 74 46 60 5 5 0 0.00 0.0 0 10.8 23 330 M M 0 29 340
17 76 40 58 3 7 0 0.00 0.0 0 4.6 10 340 M M 0 14 310
18 76 39 58 2 7 0 0.00 0.0 0 3.3 9 350 M M 0 12 340
19 62 49 56 0 9 0 0.40 0.0 0 6.0 21 330 M M 5 12 26 330
20 71 46 59 3 6 0 0.00 0.0 0 12.8 24 310 M M 1 12 32 340
21 77 41 59 3 6 0 0.00 0.0 0 4.5 14 340 M M 0 18 350
22 80 44 62 6 3 0 0.00 0.0 0 3.4 9 150 M M 0 13 160
23 86 47 67 11 0 2 0.00 0.0 0 5.4 9 330 M M 0 12 360
24 87 52 70 14 0 5 0.00 0.0 0 4.9 12 350 M M 0 16 360
25 85 50 68 12 0 3 0.00 0.0 0 6.5 13 340 M M 0 16 330
26 85 48 67 11 0 2 0.00 0.0 0 6.4 13 330 M M 0 15 300
27 82 51 67 11 0 2 T 0.0 0 6.9 22 220 M M 0 30 220
28 62 48 55 -1 10 0 0.38 0.0 0 9.3 24 130 M M 8 30 140
29 69 47 58 2 7 0 0.00 0.0 0 4.4 10 360 M M 4 12 14 360
30 70 46 58 1 7 0 0.00 0.0 0 4.3 15 340 M M 0 17 330
31 71 46 59 2 6 0 0.00 0.0 0 5.6 14 10 M M 3 18 330
================================================================================
SM 2273 1294 238 14 0.82 0.0 181.7 M 39
================================================================================
AV 73.3 41.7 5.9 FASTST M M 1 MAX(MPH)
MISC ----> 29 320 35 310
================================================================================
NOTES:
# LAST OF SEVERAL OCCURRENCES
COLUMN 17 PEAK WIND IN M.P.H.
PRELIMINARY LOCAL CLIMATOLOGICAL DATA (WS FORM: F-6) , PAGE 2
STATION: MERCED CA AIRPORT
MONTH: MARCH
YEAR: 2022
LATITUDE: 37 16 N
LONGITUDE: 120 36 W
[TEMPERATURE DATA] [PRECIPITATION DATA] SYMBOLS USED IN COLUMN 16
AVERAGE MONTHLY: 57.5 TOTAL FOR MONTH: 0.82 1 = FOG OR MIST
DPTR FM NORMAL: 2.3 DPTR FM NORMAL: -1.00 2 = FOG REDUCING VISIBILITY
HIGHEST: 87 ON 24 GRTST 24HR 0.40 ON 19-19 TO 1/4 MILE OR LESS
LOWEST: 31 ON 11, 6 3 = THUNDER
SNOW, ICE PELLETS, HAIL 4 = ICE PELLETS
TOTAL MONTH: 0.0 INCH 5 = HAIL
GRTST 24HR 0.0 6 = FREEZING RAIN OR DRIZZLE
GRTST DEPTH: 0 7 = DUSTSTORM OR SANDSTORM:
VSBY 1/2 MILE OR LESS
8 = SMOKE OR HAZE
[NO. OF DAYS WITH] [WEATHER - DAYS WITH] 9 = BLOWING SNOW
X = TORNADO
MAX 32 OR BELOW: 0 0.01 INCH OR MORE: 4
MAX 90 OR ABOVE: 0 0.10 INCH OR MORE: 2
MIN 32 OR BELOW: 2 0.50 INCH OR MORE: 0
MIN 0 OR BELOW: 0 1.00 INCH OR MORE: 0
[HDD (BASE 65) ]
TOTAL THIS MO. 238 CLEAR (SCALE 0-3) 25
DPTR FM NORMAL -67 PTCLDY (SCALE 4-7) 6
TOTAL FM JUL 1 2125 CLOUDY (SCALE 8-10) 0
DPTR FM NORMAL -195
[CDD (BASE 65) ]
TOTAL THIS MO. 14
DPTR FM NORMAL 13 [PRESSURE DATA]
TOTAL FM JAN 1 14 HIGHEST SLP 29.87 ON 31
DPTR FM NORMAL 13 LOWEST SLP 29.83 ON 31
[REMARKS]
#FINAL-03-22#