000
CXUS56 KHNX 021551
CF6MCE
PRELIMINARY LOCAL CLIMATOLOGICAL DATA (WS FORM: F-6)
STATION: MERCED CA AIRPORT
MONTH: NOVEMBER
YEAR: 2021
LATITUDE: 37 16 N
LONGITUDE: 120 36 W
TEMPERATURE IN F: :PCPN: SNOW: WIND :SUNSHINE: SKY :PK WND
================================================================================
1 2 3 4 5 6A 6B 7 8 9 10 11 12 13 14 15 16 17 18
12Z AVG MX 2MIN
DY MAX MIN AVG DEP HDD CDD WTR SNW DPTH SPD SPD DIR MIN PSBL S-S WX SPD DR
================================================================================
1 69 55 62 3 3 0 T 0.0 0 4.7 13 140 M M 5 18 16 130
2 75 57 66 8 0 1 0.01 0.0 0 5.3 12 310 M M 2 18 14 20
3 75 50 63 5 2 0 0.00 0.0 0 2.9 7 280 M M 2 128 9 310
4 72 49 61 3 4 0 0.00 0.0 0 6.9 18 350 M M 3 18 23 350
5 72 44 58 1 7 0 0.00 0.0 0 3.4 13 350 M M 1 12 17 350
6 71 48 60 3 5 0 0.00 0.0 0 6.4 17 340 M M 0 1 21 320
7 65 40 53 -3 12 0 0.00 0.0 0 9.8 20 330 M M 1 24 330
8 66 36 51 -5 14 0 0.02 0.0 0 5.8 17 120 M M 2 8 23 120
9 66 52 59 3 6 0 0.23 0.0 0 9.1 21 150 M M 7 1 28 160
10 67 45 56 1 9 0 0.00 0.0 0 4.6 13 340 M M 4 128 16 340
11 65 50 58 3 7 0 0.00 0.0 0 1.8 7 120 M M 6 18 10 130
12 68 44 56 1 9 0 0.00 0.0 0 1.4 9 350 M M 4 128 10 350
13 58 52 55 1 10 0 0.00 0.0 0 1.8 7 130 M M 10 12 9 130
14 60 53 57 3 8 0 0.00 0.0 0 2.1 7 140 M M 9 128 9 150
15 60 51 56 2 9 0 0.00 0.0 0 3.3 8 310 M M 7 128 11 310
16 58 50 54 1 11 0 0.00 0.0 0 3.6 12 320 M M 10 128 16 350
17 63 45 54 1 11 0 0.00 0.0 0 1.2 7 270 M M 6 18 9 160
18 63 41 52 0 13 0 0.00 0.0 0 3.1 12 130 M M 4 128 13 120
19 70 48 59 7 6 0 0.00 0.0 0 4.6 13 330 M M 3 128 16 330
20 65 44 55 3 10 0 0.00 0.0 0 4.4 10 10 M M 5 1 15 360
21 68 38 53 2 12 0 0.00 0.0 0 0.9 7 350 M M 2 128 11 300
22 65 39 52 1 13 0 0.00 0.0 0 1.9 7 170 M M 5 128 8 140
23 66 38 52 1 13 0 0.00 0.0 0 4.7 17 340 M M 4 128 22 320
24 57 37 47 -3 18 0 0.00 0.0 0 3.5 9 350 M M 3 128 12 360
25 64 32 48 -2 17 0 0.00 0.0 0 1.5 7 120 M M 3 128 8 160
26 65 36 51 1 14 0 0.00 0.0 0 2.1 8 270 M M 2 128 11 280
27 68 38 53 4 12 0 0.00 0.0 0 2.2 6 230 M M 0 18 9 70
28 70 38 54 5 11 0 0.00 0.0 0 1.9 7 340 M M 0 18 9 300
29 70 37 54 5 11 0 0.00 0.0 0 1.3 12 330 M M 0 18 14 340
30 70 40 55 7 10 0 0.00 0.0 0 1.4 6 110 M M 0 18 8 150
================================================================================
SM 1991 1327 287 1 0.26 0.0 107.6 M 110
================================================================================
AV 66.4 44.2 3.6 FASTST M M 4 MAX(MPH)
MISC ----> 21 150 28 160
================================================================================
NOTES:
# LAST OF SEVERAL OCCURRENCES
COLUMN 17 PEAK WIND IN M.P.H.
PRELIMINARY LOCAL CLIMATOLOGICAL DATA (WS FORM: F-6) , PAGE 2
STATION: MERCED CA AIRPORT
MONTH: NOVEMBER
YEAR: 2021
LATITUDE: 37 16 N
LONGITUDE: 120 36 W
[TEMPERATURE DATA] [PRECIPITATION DATA] SYMBOLS USED IN COLUMN 16
AVERAGE MONTHLY: 55.3 TOTAL FOR MONTH: 0.26 1 = FOG OR MIST
DPTR FM NORMAL: 1.8 DPTR FM NORMAL: -0.76 2 = FOG REDUCING VISIBILITY
HIGHEST: 75 ON 3, 2 GRTST 24HR 0.25 ON 8- 9 TO 1/4 MILE OR LESS
LOWEST: 32 ON 25 3 = THUNDER
SNOW, ICE PELLETS, HAIL 4 = ICE PELLETS
TOTAL MONTH: 0.0 INCH 5 = HAIL
GRTST 24HR 0.0 6 = FREEZING RAIN OR DRIZZLE
GRTST DEPTH: 0 7 = DUSTSTORM OR SANDSTORM:
VSBY 1/2 MILE OR LESS
8 = SMOKE OR HAZE
[NO. OF DAYS WITH] [WEATHER - DAYS WITH] 9 = BLOWING SNOW
X = TORNADO
MAX 32 OR BELOW: 0 0.01 INCH OR MORE: 3
MAX 90 OR ABOVE: 0 0.10 INCH OR MORE: 1
MIN 32 OR BELOW: 1 0.50 INCH OR MORE: 0
MIN 0 OR BELOW: 0 1.00 INCH OR MORE: 0
[HDD (BASE 65) ]
TOTAL THIS MO. 287 CLEAR (SCALE 0-3) 14
DPTR FM NORMAL -61 PTCLDY (SCALE 4-7) 13
TOTAL FM JUL 1 383 CLOUDY (SCALE 8-10) 3
DPTR FM NORMAL -57
[CDD (BASE 65) ]
TOTAL THIS MO. 1
DPTR FM NORMAL 0 [PRESSURE DATA]
TOTAL FM JAN 1 1981 HIGHEST SLP 30.42 ON 25
DPTR FM NORMAL 398 LOWEST SLP 29.98 ON 23
[REMARKS]
#FINAL-11-21#