000
CXUS52 KMLB 010727
CF6VRB
PRELIMINARY LOCAL CLIMATOLOGICAL DATA (WS FORM: F-6)
STATION: VERO BEACH
MONTH: FEBRUARY
YEAR: 2024
LATITUDE: 27 39 N
LONGITUDE: 80 25 W
TEMPERATURE IN F: :PCPN: SNOW: WIND :SUNSHINE: SKY :PK WND
================================================================================
1 2 3 4 5 6A 6B 7 8 9 10 11 12 13 14 15 16 17 18
12Z AVG MX 2MIN
DY MAX MIN AVG DEP HDD CDD WTR SNW DPTH SPD SPD DIR MIN PSBL S-S WX SPD DR
================================================================================
1 71 49 60 -3 5 0 0.00 0.0 0 7.7 15 20 M M 0 21 50
2 76 49 63 -1 2 0 0.00 0.0 0 3.3 12 110 M M 1 1 17 240
3 76 51 64 0 1 0 0.00 0.0 0 5.9 15 100 M M 3 8 22 100
4 73 60 67 3 0 2 0.14 0.0 0 10.2 32 110 M M 4 1 43 120
5 69 51 60 -4 5 0 0.13 0.0 0 5.6 20 350 M M 5 1 27 350
6 69 54 62 -2 3 0 0.00 0.0 0 18.3 32 340 M M 7 48 320
7 70 51 61 -3 4 0 0.00 0.0 0 14.5 25 360 M M 7 34 340
8 75 52 64 0 1 0 T 0.0 0 5.2 13 40 M M 7 18 16 30
9 75 59 67 3 0 2 0.00 0.0 0 6.1 16 130 M M 10 12 21 130
10 80 66 73 9 0 8 0.00 0.0 0 8.8 21 130 M M 7 25 140
11 84 67 76 11 0 11 0.02 0.0 0 10.3 21 180 M M 7 1 27 160
12 86 67 77 12 0 12 0.00 0.0 0 13.4 25 210 M M 3 35 170
13 76 55 66 1 0 1 T 0.0 0 10.4 20 290 M M 3 1 29 230
14 72 48 60 -5 5 0 0.00 0.0 0 8.9 17 20 M M 0 24 20
15 76 55 66 1 0 1 0.00 0.0 0 7.7 16 120 M M 1 1 23 100
16 80 55 68 3 0 3 0.00 0.0 0 5.3 14 200 M M 3 1 19 190
17 74 57 66 1 0 1 T 0.0 0 8.1 25 30 M M 6 1 32 30
18 65 61 63 -3 2 0 1.70 0.0 0 12.5 24 20 M M 10 1 33 300
19 63 44 54 -12 11 0 0.06 0.0 0 12.2 22 340 M M 7 18 34 320
20 69 42 56 -10 9 0 0.00 0.0 0 7.6 20 360 M M 0 24 360
21 70 47 59 -7 6 0 0.00 0.0 0 11.4 23 340 M M 0 33 10
22 74 48 61 -5 4 0 0.00 0.0 0 6.9 15 260 M M 1 18 270
23 79 47 63 -3 2 0 0.03 0.0 0 11.5 26 210 M M 4 1 39 220
24 76 50 63 -3 2 0 0.00 0.0 0 10.7 22 260 M M 1 1 30 250
25 74 44 59 -7 6 0 0.00 0.0 0 5.5 16 20 M M 0 20 30
26 76 46 61 -5 4 0 0.00 0.0 0 6.1 16 120 M M 0 1 22 100
27 77 49 63 -3 2 0 0.00 0.0 0 6.7 18 110 M M 0 1 25 130
28 84 53 69 3 0 4 0.00 0.0 0 7.4 18 170 M M 0 27 170
29 79 58 69 2 0 4 0.00 0.0 0 6.0 16 20 M M 3 12 22 20
================================================================================
SM 2168 1535 74 49 2.08 0.0 254.2 M 100
================================================================================
AV 74.8 52.9 8.8 FASTST M M 3 MAX(MPH)
MISC ----> # 32 110 48 320
================================================================================
NOTES:
# LAST OF SEVERAL OCCURRENCES
COLUMN 17 PEAK WIND IN M.P.H.
PRELIMINARY LOCAL CLIMATOLOGICAL DATA (WS FORM: F-6) , PAGE 2
STATION: VERO BEACH
MONTH: FEBRUARY
YEAR: 2024
LATITUDE: 27 39 N
LONGITUDE: 80 25 W
[TEMPERATURE DATA] [PRECIPITATION DATA] SYMBOLS USED IN COLUMN 16
AVERAGE MONTHLY: 63.8 TOTAL FOR MONTH: 2.08 1 = FOG OR MIST
DPTR FM NORMAL: -1.2 DPTR FM NORMAL: -0.12 2 = FOG REDUCING VISIBILITY
HIGHEST: 86 ON 12 GRTST 24HR 1.70 ON 17-18 TO 1/4 MILE OR LESS
LOWEST: 42 ON 20 3 = THUNDER
SNOW, ICE PELLETS, HAIL 4 = ICE PELLETS
TOTAL MONTH: 0.0 INCH 5 = HAIL
GRTST 24HR 0.0 6 = FREEZING RAIN OR DRIZZLE
GRTST DEPTH: 0 7 = DUSTSTORM OR SANDSTORM:
VSBY 1/2 MILE OR LESS
8 = SMOKE OR HAZE
[NO. OF DAYS WITH] [WEATHER - DAYS WITH] 9 = BLOWING SNOW
X = TORNADO
MAX 32 OR BELOW: 0 0.01 INCH OR MORE: 6
MAX 90 OR ABOVE: 0 0.10 INCH OR MORE: 3
MIN 32 OR BELOW: 0 0.50 INCH OR MORE: 1
MIN 0 OR BELOW: 0 1.00 INCH OR MORE: 1
[HDD (BASE 65) ]
TOTAL THIS MO. 74 CLEAR (SCALE 0-3) 15
DPTR FM NORMAL -11 PTCLDY (SCALE 4-7) 12
TOTAL FM JUL 1 241 CLOUDY (SCALE 8-10) 2
DPTR FM NORMAL -103
[CDD (BASE 65) ]
TOTAL THIS MO. 49
DPTR FM NORMAL -37 [PRESSURE DATA]
TOTAL FM JAN 1 145 HIGHEST SLP 30.29 ON 9
DPTR FM NORMAL -9 LOWEST SLP 29.50 ON 5
[REMARKS]
#FINAL-02-24#