000
CDUS41 KPHI 152131
CLIILG

CLIMATE REPORT
NATIONAL WEATHER SERVICE MOUNT HOLLY NJ
431 PM EST SAT JAN 15 2022

...................................

...THE WILMINGTON DE CLIMATE SUMMARY FOR JANUARY 15 2022...
VALID TODAY AS OF 0400 PM LOCAL TIME.

CLIMATE NORMAL PERIOD: 1991 TO 2020
CLIMATE RECORD PERIOD: 1894 TO 2022


WEATHER ITEM   OBSERVED TIME   RECORD YEAR NORMAL DEPARTURE LAST
                VALUE   (LST)  VALUE       VALUE  FROM      YEAR
                                                  NORMAL
...................................................................
TEMPERATURE (F)
 TODAY
  MAXIMUM         26   2:42 PM  71    1932  41    -15       55
  MINIMUM         17   7:55 AM   1    1964  25     -8       29
  AVERAGE         22                        33    -11       42

PRECIPITATION (IN)
  TODAY            0.00          1.04 1999   0.10  -0.10     0.22
  MONTH TO DATE    1.17                      1.56  -0.39     1.42
  SINCE DEC 1      2.28                      5.41  -3.13     6.58
  SINCE JAN 1      1.17                      1.56  -0.39     1.42

SNOWFALL (IN)
  TODAY            0.0           5.0  1927   0.3   -0.3      0.0
                                      1957
  MONTH TO DATE    4.2                       2.4    1.8      0.0
  SINCE DEC 1      4.3                       5.3   -1.0      2.8
  SINCE JUL 1      4.3                       5.5   -1.2      2.8
  SNOW DEPTH       0

DEGREE DAYS
 HEATING
  TODAY           43                        32     11       23
  MONTH TO DATE  472                       466      6      419
  SINCE DEC 1   1144                      1298   -154     1259
  SINCE JUL 1   1880                      2154   -274     1951

 COOLING
  TODAY            0                         0      0        0
  MONTH TO DATE    0                         0      0        0
  SINCE DEC 1      0                         0      0        0
  SINCE JAN 1      0                         0      0        0
...................................................................


WIND (MPH)
  HIGHEST WIND SPEED    23   HIGHEST WIND DIRECTION     N (340)
  HIGHEST GUST SPEED    29   HIGHEST GUST DIRECTION     N (350)
  AVERAGE WIND SPEED    13.9


SKY COVER
  POSSIBLE SUNSHINE  MM
  AVERAGE SKY COVER 0.0


WEATHER CONDITIONS
THE FOLLOWING WEATHER WAS RECORDED TODAY.
  NO SIGNIFICANT WEATHER WAS OBSERVED.


RELATIVE HUMIDITY (PERCENT)
 HIGHEST    47          12:00 AM
 LOWEST     21           2:00 PM
 AVERAGE    34

..........................................................


THE WILMINGTON DE CLIMATE NORMALS FOR TOMORROW
                         NORMAL    RECORD    YEAR
 MAXIMUM TEMPERATURE (F)   41        69      1932
 MINIMUM TEMPERATURE (F)   25         1      1977


SUNRISE AND SUNSET
JANUARY 15 2022.......SUNRISE   7:21 AM EST   SUNSET   5:03 PM EST
JANUARY 16 2022.......SUNRISE   7:21 AM EST   SUNSET   5:04 PM EST


-  INDICATES NEGATIVE NUMBERS.
R  INDICATES RECORD WAS SET OR TIED.
MM INDICATES DATA IS MISSING.
T  INDICATES TRACE AMOUNT.




$$
