000
CXUS51 KALY 021355
CLSALB

CLIMATE REPORT
NATIONAL WEATHER SERVICE ALBANY NY
953 AM EDT MON SEP 2 2019

...................................

...THE ALBANY NY CLIMATE SUMMARY FOR THE SEASON, FROM
6/1/2019 TO 8/31/2019...

CLIMATE NORMAL PERIOD 1981 TO 2010
CLIMATE RECORD PERIOD 1874 TO 2019

WEATHER         OBSERVED          NORMAL  DEPART  LAST YEAR`S
                 VALUE   DATE(S)  VALUE   FROM    VALUE  DATE(S)
                                          NORMAL
................................................................
TEMPERATURE (F)
RECORD
 HIGH             104   07/04/1911
 LOW               34   08/29/1982
HIGHEST            95   07/20                         97  07/02
                                                          07/01
                                                          06/18
LOWEST             44   06/03                         48  06/26
                                                          06/06
                                                          06/05
AVG. MAXIMUM     82.6              80.2     2.4     83.3
AVG. MINIMUM     61.3              59.3     2.0     63.0
MEAN             72.0              69.7     2.3     73.2
DAYS MAX >= 90     12               6.4     5.6       16
DAYS MAX <= 32      0               0.0     0.0        0
DAYS MIN <= 32      0               0.0     0.0        0
DAYS MIN <= 0       0               0.0     0.0        0

PRECIPITATION (INCHES)
RECORD
 MAXIMUM        27.21   1871
 MINIMUM         4.29   1929
TOTALS          13.26             11.37    1.89    11.92
DAILY AVG.       0.14              0.12    0.02     0.13
DAYS >= .01        40              33.7     6.3       37
DAYS >= .10        24              21.3     2.7       25
DAYS >= .50        11               7.6     3.4        9
DAYS >= 1.00        1               2.5    -1.5        1
GREATEST
 24 HR. TOTAL    1.59   07/22 TO 07/22

DEGREE_DAYS
HEATING TOTAL      29                75     -46
 SINCE 7/1          2                23     -21
COOLING TOTAL     701               512     189
 SINCE 1/1        723               543     180

FREEZE DATES
RECORD
 EARLIEST     09/24/1963
 LATEST       05/27/1969
EARLIEST                        10/10
LATEST                          04/28
.................................................................

WIND (MPH)
AVERAGE WIND SPEED              5.9
HIGHEST WIND SPEED/DIRECTION    33/320    DATE  08/17
HIGHEST GUST SPEED/DIRECTION    44/330    DATE  07/20


WEATHER CONDITIONS. NUMBER OF DAYS WITH
THUNDERSTORM             23     MIXED PRECIP               0
HEAVY RAIN               14     RAIN                      16
LIGHT RAIN               49     FREEZING RAIN              0
LT FREEZING RAIN          0     HAIL                       0
HEAVY SNOW                0     SNOW                       0
LIGHT SNOW                0     SLEET                      0
FOG                      34     FOG W/VIS <= 1/4 MILE      2
HAZE                      2

-  INDICATES NEGATIVE NUMBERS.
R  INDICATES RECORD WAS SET OR TIED.
MM INDICATES DATA IS MISSING.
T  INDICATES TRACE AMOUNT.

$$
