000
CXUS51 KALY 011320
CLSALB

ALBCLSALB 000
TTAA00 ALY 010947

CLIMATE REPORT
NATIONAL WEATHER SERVICE ALBANY NY
547 AM EDT MON JUN 01 2020

...................................

...THE ALBANY NY CLIMATE SUMMARY FOR THE SEASON, FROM
3/1/2020 TO 5/31/2020...

CLIMATE NORMAL PERIOD: 1981 TO 2010
CLIMATE RECORD PERIOD: 1874 TO 2020

WEATHER         OBSERVED          NORMAL  DEPART   LAST YEAR`S
                VALUE   DATE(S)   VALUE   FROM     VALUE DATE(S)
                                          NORMAL
................................................................
TEMPERATURE (F)
RECORD
 HIGH             97   05/22/1911
 LOW             -21   03/06/1948
HIGHEST           90   05/26                          86  05/26
                                                          05/19
LOWEST            17   03/01                           4  03/07
AVG. MAXIMUM    59.7               57.4     2.3     57.5
AVG. MINIMUM    39.5               36.7     2.8     38.1
MEAN            49.6               47.0     2.6     47.8
DAYS MAX >= 90     1                0.4     0.6        0
DAYS MAX <= 32     0                3.7    -3.7        3
DAYS MIN <= 32    24               31.4    -7.4       32
DAYS MIN <= 0      0                0.3    -0.3        0

PRECIPITATION (INCHES)
RECORD
 MAXIMUM       19.54   1983
 MINIMUM        3.46   1860
TOTALS          7.57               9.99   -2.42     8.75
DAILY AVG.      0.08                                0.10
DAYS >= .01       22               37.1   -15.1       43
DAYS >= .10       15               21.2    -6.2       26
DAYS >= .50        2                6.8    -4.8        3
DAYS >= 1.00       0                1.6    -1.6        1
GREATEST
 24 HR. TOTAL   0.75   03/28 TO 03/29

SNOWFALL (INCHES)
RECORDS
 24 HR TOTAL    30.4   03/12/1888 TO 03/12/1888
 SNOW DEPTH       28   03/28/1993
TOTALS           7.4               13.4    -6.0      8.7
SNOWDEPTH AVG.     T
DAYS >= TRACE     13                6.9     6.1
DAYS >= 1.0        0                3.0    -3.0
GREATEST
 SNOW DEPTH        5                                   6  03/04
 24 HR TOTAL     1.0

DEGREE DAYS
HEATING TOTAL   1470               1684    -214     1580
 SINCE 7/1      5816               6627    -811       MM
COOLING TOTAL     77                 30      47       22
 SINCE 1/1        77                 30      47       22
................................................................

WIND (MPH)
AVERAGE WIND SPEED              9.2
HIGHEST WIND SPEED/DIRECTION    38/290    DATE  05/15
HIGHEST GUST SPEED/DIRECTION    58/310    DATE  05/15


WEATHER CONDITIONS. NUMBER OF DAYS WITH
THUNDERSTORM              3     MIXED PRECIP               0
HEAVY RAIN                3     RAIN                       9
LIGHT RAIN               45     FREEZING RAIN              0
LT FREEZING RAIN          0     HAIL                       1
HEAVY SNOW                1     SNOW                       1
LIGHT SNOW               17     SLEET                      2
FOG                      19     FOG W/VIS <= 1/4 MILE      1
HAZE                      2

-  INDICATES NEGATIVE NUMBERS.
R  INDICATES RECORD WAS SET OR TIED.
MM INDICATES DATA IS MISSING.
T  INDICATES TRACE AMOUNT.

$$
