000
CXUS55 KPUB 021755
CLSALS

CLIMATE REPORT
NATIONAL WEATHER SERVICE
1154 AM MDT WED SEP 02 2020

...................................

...THE ALAMOSA CO CLIMATE SUMMARY FOR THE SEASON, FROM
6/1/2020 TO 8/31/2020...

CLIMATE NORMAL PERIOD: 1981 TO 2010
CLIMATE RECORD PERIOD: 1932 TO 2020

WEATHER         OBSERVED          NORMAL  DEPART   LAST YEAR`S
                VALUE   DATE(S)   VALUE   FROM     VALUE DATE(S)
                                          NORMAL
................................................................
TEMPERATURE (F)
RECORD
 HIGH             96   07/05/1989
 LOW              23   06/03/1936

HIGHEST           93   07/11                          88  07/21
                                                          07/19
                                                          07/20
LOWEST            28   06/10                          33  06/24
                       07/01
AVG. MAXIMUM    84.2               80.1     4.1     81.5
AVG. MINIMUM    44.2               44.5    -0.3     44.3
MEAN            64.3               62.3     2.0     62.9

DAYS MAX >= 90    10                1.6     8.4
DAYS MAX <= 32     0                0.0     0.0
DAYS MIN <= 32     4                1.8     2.2
DAYS MIN <= 0      0                0.0     0.0

PRECIPITATION (INCHES)
RECORD
 MAXIMUM        6.04   2001
 MINIMUM        0.75   1980

TOTALS          2.08               2.73   -0.65     1.36
DAILY AVG.      0.02               0.03   -0.01
DAYS >= .01       17               23.2    -6.2
DAYS >= .10        8                8.1    -0.1
DAYS >= .50        0                0.9    -0.9
DAYS >= 1.00       0                0.1    -0.1

GREATEST
 24 HR. TOTAL   0.42   07/26 TO 07/27

SNOWFALL (INCHES)
RECORDS
 MAXIMUM         1.2   1950

TOTALS             T                0.0     0.0      0.0
SINCE 7/1        0.0                0.0     0.0       MM
SNOWDEPTH AVG.     0
DAYS >= 1.0        0                0.0     0.0
GREATEST
 SNOW DEPTH        0                                   0
 24 HR TOTAL       T   06/09 TO 06/09                0.0

DEGREE DAYS
HEATING TOTAL    131                297    -166      236
 SINCE 7/1        37                129     -92       63
COOLING TOTAL     90                 51      39       66
 SINCE 1/1        91                 51      40       66
................................................................

WIND (MPH)
AVERAGE WIND SPEED              7.8
HIGHEST WIND SPEED/DIRECTION    48/240    DATE  06/13
HIGHEST GUST SPEED/DIRECTION    67/240    DATE  06/13

SKY COVER
POSSIBLE SUNSHINE (PERCENT)   MM
AVERAGE SKY COVER           0.15
NUMBER OF DAYS FAIR           81
NUMBER OF DAYS PC              8
NUMBER OF DAYS CLOUDY          3

AVERAGE RH (PERCENT)     45

WEATHER CONDITIONS. NUMBER OF DAYS WITH
THUNDERSTORM             22     MIXED PRECIP               0
HEAVY RAIN                9     RAIN                      10
LIGHT RAIN               38     FREEZING RAIN              0
LT FREEZING RAIN          0     HAIL                       0
HEAVY SNOW                0     SNOW                       0
LIGHT SNOW                1     SLEET                      0
FOG                      13     FOG W/VIS <= 1/4 MILE      4
HAZE                     15

-  INDICATES NEGATIVE NUMBERS.
R  INDICATES RECORD WAS SET OR TIED.
MM INDICATES DATA IS MISSING.
T  INDICATES TRACE AMOUNT.

$$
