000
CXUS55 KPUB 101911
CLSALS

CLIMATE REPORT
NATIONAL WEATHER SERVICE
1211 PM MST TUE DEC 10 2019

...................................

...THE ALAMOSA CO CLIMATE SUMMARY FOR THE SEASON, FROM
9/1/2019 TO 11/30/2019...

CLIMATE NORMAL PERIOD: 1981 TO 2010
CLIMATE RECORD PERIOD: 1932 TO 2019

WEATHER         OBSERVED          NORMAL  DEPART   LAST YEAR`S
                VALUE   DATE(S)   VALUE   FROM     VALUE DATE(S)
                                          NORMAL
................................................................
TEMPERATURE (F)
RECORD
 HIGH             88   09/03/2019
 LOW             -30   11/27/1952

HIGHEST           88R  09/03                          84  09/18
                                                          09/16
LOWEST            -4   10/31                          -2  11/13

AVG. MAXIMUM    62.7               60.6     2.1     61.4
AVG. MINIMUM    22.0               24.5    -2.5     25.1
MEAN            42.4               42.5    -0.1     43.2

DAYS MAX >= 90     0                0.0     0.0
DAYS MAX <= 32     3                3.0     0.0
DAYS MIN <= 32    63               63.0     0.0
DAYS MIN <= 0      4                3.3     0.7

PRECIPITATION (INCHES)
RECORD
 MAXIMUM        5.14   2013
 MINIMUM        0.23   1955

TOTALS          1.25               2.01   -0.76     2.34
DAILY AVG.      0.01               0.02   -0.01

DAYS >= .01       11               15.4    -4.4
DAYS >= .10        5                6.3    -1.3
DAYS >= .50        0                0.7    -0.7
DAYS >= 1.00       0                0.0     0.0

GREATEST
 24 HR. TOTAL   0.33   09/15 TO 09/16               0.56  9/5 TO 9/5

SNOWFALL (INCHES)
RECORDS
 MAXIMUM         34.1   1972
 MINIMUM           T    2012

TOTALS           4.5                5.8    -1.3      8.2
SINCE 7/1        4.5                5.8    -1.3      8.2

SNOWDEPTH AVG.     T
DAYS >= 1.0        2                1.8     0.2

GREATEST
 SNOW DEPTH        2   11/29                           6  10/31
                       11/28
 24 HR TOTAL     2.1   11/29 TO 11/29                5.5  10/31 TO 10/31

DEGREE DAYS
HEATING TOTAL   2047               2046       1     1959
 SINCE 7/1      2110               2175     -65     2033
COOLING TOTAL      6                  0       6        0
 SINCE 1/1        72                 51      21      104
................................................................

WIND (MPH)
AVERAGE WIND SPEED              7.3
HIGHEST WIND SPEED/DIRECTION    46/240    DATE  11/29
HIGHEST GUST SPEED/DIRECTION    68/260    DATE  11/29

SKY COVER
POSSIBLE SUNSHINE (PERCENT)   MM
AVERAGE SKY COVER           0.13
NUMBER OF DAYS FAIR           79
NUMBER OF DAYS PC             12
NUMBER OF DAYS CLOUDY          0

AVERAGE RH (PERCENT)     47

WEATHER CONDITIONS. NUMBER OF DAYS WITH
THUNDERSTORM              7     MIXED PRECIP               0
HEAVY RAIN                2     RAIN                       6
LIGHT RAIN               17     FREEZING RAIN              0
LT FREEZING RAIN          0     HAIL                       0
HEAVY SNOW                2     SNOW                       4
LIGHT SNOW               10     SLEET                      0
FOG                      12     FOG W/VIS <= 1/4 MILE      2
HAZE                      9

-  INDICATES NEGATIVE NUMBERS.
R  INDICATES RECORD WAS SET OR TIED.
MM INDICATES DATA IS MISSING.
T  INDICATES TRACE AMOUNT.

$$
