000
CXUS55 KPUB 031231
CLSALS

CLIMATE REPORT
NATIONAL WEATHER SERVICE PUEBLO
630 AM MDT TUE SEP 3 2019

...................................

...THE ALAMOSA CO CLIMATE SUMMARY FOR THE SEASON, FROM
6/1/2019 TO 8/31/2019...

CLIMATE NORMAL PERIOD 1981 TO 2010
CLIMATE RECORD PERIOD 1932 TO 2019

WEATHER         OBSERVED          NORMAL  DEPART  LAST YEAR`S
                 VALUE   DATE(S)  VALUE   FROM    VALUE  DATE(S)
                                          NORMAL
................................................................
TEMPERATURE (F)
RECORD
 HIGH              96   07/05/1989
 LOW               23   06/03/1936

HIGHEST            88   07/19                         91  06/28
                        07/20                             07/19
                        07/21                             07/22
LOWEST             33   06/24                         29  06/02

AVG. MAXIMUM     81.5              80.1     1.4     83.4
AVG. MINIMUM     44.3              44.5    -0.2     45.1
MEAN             62.9              62.3     0.6     64.3

DAYS MAX >= 90      0               1.6    -1.6
DAYS MAX <= 32      0               0.0     0.0
DAYS MIN <= 32      0               1.8    -1.8
DAYS MIN <= 0       0               0.0     0.0

PRECIPITATION (INCHES)
RECORD
 MAXIMUM         6.04   2001
 MINIMUM         0.75   1980

TOTALS           1.36              2.73   -1.37     2.31

DAILY AVG.       0.01              0.03   -0.02
DAYS >= .01        15              23.2    -8.2
DAYS >= .10         4               8.1    -4.1
DAYS >= .50         1               0.9     0.1
DAYS >= 1.00        0               0.1    -0.1

GREATEST
 24 HR. TOTAL    0.64   06/10 TO 06/11

SNOWFALL (INCHES)
RECORDS
 TOTAL            1.2   1950

TOTALS            0.0               0.0     0.0      0.0
SINCE 7/1         0.0               0.0     0.0      0.0
SNOWDEPTH AVG.      0

DAYS >= 1.0         0               0.0     0.0
GREATEST
 SNOW DEPTH         0   MM                             0
 24 HR TOTAL      0.0   MM                           0.0

DEGREE_DAYS
HEATING TOTAL     236               297     -61      151
 SINCE 7/1         63               129     -66       74

COOLING TOTAL      66                51      15      104
 SINCE 1/1         66                51      15      104

.................................................................

WIND (MPH)
AVERAGE WIND SPEED              7.5
HIGHEST WIND SPEED/DIRECTION    39/280    DATE  06/18
HIGHEST GUST SPEED/DIRECTION    55/260    DATE  06/18

SKY COVER
POSSIBLE SUNSHINE (PERCENT)   MM
AVERAGE SKY COVER           0.10
NUMBER OF DAYS FAIR           85
NUMBER OF DAYS PC              7
NUMBER OF DAYS CLOUDY          0

AVERAGE RH (PERCENT)     51

WEATHER CONDITIONS. NUMBER OF DAYS WITH
THUNDERSTORM             28   MIXED PRECIP               0
HEAVY RAIN                7   RAIN                       6
LIGHT RAIN               45   FREEZING RAIN              0
LT FREEZING RAIN          0   HAIL                       0
HEAVY SNOW                0   SNOW                       0
LIGHT SNOW                0   SLEET                      0
FOG                       8   FOG W/VIS <= 1/4 MILE      5
HAZE                      5

-  INDICATES NEGATIVE NUMBERS.
R  INDICATES RECORD WAS SET OR TIED.
MM INDICATES DATA IS MISSING.
T  INDICATES TRACE AMOUNT.

$$
