000
CXUS51 KCTP 110704
CLSAOO

CLIMATE REPORT
NATIONAL WEATHER SERVICE STATE COLLEGE PA
0300 AM EDT WED SEP 11 2019
CORRECTION
...................................

...THE ALTOONA CLIMATE SUMMARY FOR THE SEASON, FROM
6/1/2019 TO 8/31/2019...

CLIMATE NORMAL PERIOD 1981 TO 2010
CLIMATE RECORD PERIOD 1948 TO 2019

WEATHER         OBSERVED          NORMAL  DEPART  LAST YEAR`S
                 VALUE   DATE(S)  VALUE   FROM    VALUE  DATE(S)
                                          NORMAL
................................................................
TEMPERATURE (F)
RECORD
 HIGH             103   07/22/2011
 LOW               32   06/01/1966
HIGHEST            92   07/21        MM      MM       95  07/02
                        07/19
LOWEST             41   06/04        MM      MM       47  06/07
AVG. MAXIMUM     80.7              79.5     1.2     81.1
AVG. MINIMUM     60.4              58.2     2.2     63.1
MEAN             70.6              68.9     1.7     72.1
DAYS MAX >= 90      5                MM      MM        8
DAYS MAX <= 32      0                MM      MM        0
DAYS MIN <= 32      0                MM      MM        0
DAYS MIN <= 0       0                MM      MM        0

PRECIPITATION (INCHES)
RECORD
 MAXIMUM        17.77   1972
 MINIMUM         5.05   1966
TOTALS           9.60              9.75   -0.15    16.39
DAILY AVG.       0.10              0.11   -0.01     0.18
DAYS >= .01        38                MM      MM       41
DAYS >= .10        28                MM      MM       33
DAYS >= .50         4                MM      MM       11
DAYS >= 1.00        1                MM      MM        3
GREATEST
 24 HR. TOTAL    1.42   MM

 STORM TOTAL       MM   MM
 (MM/DD(HH))

DEGREE_DAYS
HEATING TOTAL      47                90     -43       24
 SINCE 7/1          9                32     -23        0
COOLING TOTAL     576               446     130      698
 SINCE 1/1        645               479     166      862

FREEZE DATES
RECORD
 EARLIEST     09/21/1956
 LATEST       06/01/1966
EARLIEST                        MM
LATEST                          MM
.................................................................

WIND (MPH)
AVERAGE WIND SPEED              5.3
RESULTANT WIND SPEED/DIRECTION   2/245
HIGHEST WIND SPEED/DIRECTION    30/350    DATE  06/01
HIGHEST GUST SPEED/DIRECTION    41/200    DATE  07/21

SKY COVER
POSSIBLE SUNSHINE (PERCENT)   MM
AVERAGE SKY COVER           0.40
NUMBER OF DAYS FAIR           53
NUMBER OF DAYS PC             31
NUMBER OF DAYS CLOUDY          8


WEATHER CONDITIONS. NUMBER OF DAYS WITH
THUNDERSTORM             24     MIXED PRECIP                0
HEAVY RAIN               22     RAIN                       21
LIGHT RAIN               47     FREEZING RAIN               0
LT FREEZING RAIN          0     HAIL                        0
HEAVY SNOW                0     SNOW                        0
LIGHT SNOW                0     SLEET                       0
FOG                      63     FOG W/VIS <= 1/4 MILE      16
HAZE                     21


-  INDICATES NEGATIVE NUMBERS.
R  INDICATES RECORD WAS SET OR TIED.
MM INDICATES DATA IS MISSING.
T  INDICATES TRACE AMOUNT.

$$
