000
CXUS53 KGRB 040240 RRA
CLSAUW

CLIMATE REPORT
NATIONAL WEATHER SERVICE GREEN BAY
940 PM CDT TUE SEP 3 2019

...TIED 45TH COOLEST SUMMER ON RECORD...
...31ST WETTEST SUMMER ON RECORD...
...39TH LEAST COOLEST DEGREE DAYS ON RECORD...

...THE WAUSAU WI SUMMER CLIMATE SUMMARY FROM 6/1/2019 TO 8/31/2019...

CLIMATE NORMAL PERIOD 1981 TO 2010
CLIMATE RECORD PERIOD 1896 TO 2019

WEATHER         OBSERVED          NORMAL  DEPART  LAST YEAR`S
                 VALUE   DATE(S)  VALUE   FROM    VALUE  DATE(S)
                                          NORMAL
................................................................
TEMPERATURE (F)
RECORD
 HIGH             107   07/13/1936
 LOW               29   06/01/1897
HIGHEST            90   07/19        94      -4       95  06/29
LOWEST             42   06/03        40       2       48  06/06
                                                          06/04
AVG. MAXIMUM     77.1              77.9    -0.8     79.8
AVG. MINIMUM     56.3              56.5    -0.2     58.8
MEAN             66.7              67.2    -0.5     69.3
DAYS MAX >= 90      1               3.9    -2.9        4
DAYS MAX <= 32      0               0.0     0.0        0
DAYS MIN <= 32      0               0.0     0.0        0
DAYS MIN <= 0       0               0.0     0.0        0

PRECIPITATION (INCHES)
RECORD
 MAXIMUM        20.60   1995
 MINIMUM         5.58   1976
TOTALS          13.98             12.30    1.68    14.11
DAILY AVG.       0.15              0.13    0.02     0.16
DAYS >= .01        38              34.5     3.5       25
DAYS >= .10        22              21.8     0.2       16
DAYS >= .50        12               8.0     4.0       11
DAYS >= 1.00        5               3.1     1.9        6

SNOWFALL (INCHES)
RECORDS
 TOTAL            0.0
 24 HR TOTAL      0.0
TOTALS            0.0               0.0     0.0      0.0
SINCE 7/1         0.0               0.0     0.0      0.0
DAYS >= TRACE       0               0.0     0.0        0
DAYS >= 1.0         0               0.0     0.0        0
GREATEST
 SNOW DEPTH         0                                  0
 24 HR TOTAL      0.0

DEGREE_DAYS
HEATING TOTAL     133               154     -21       50
 SINCE 7/1         48                66     -18       20
COOLING TOTAL     318               356     -38      479
 SINCE 1/1        323               375     -52      564

FREEZE DATES
RECORD
 EARLIEST     08/30/1915
 LATEST       06/12/1903
EARLIEST                        10/02
LATEST                          05/05
.................................................................

WIND (MPH)
AVERAGE WIND SPEED              6.4
RESULTANT WIND SPEED/DIRECTION   1/235
HIGHEST WIND SPEED/DIRECTION    51/270    DATE  07/20
HIGHEST GUST SPEED/DIRECTION    73/280    DATE  07/20

SKY COVER
POSSIBLE SUNSHINE (PERCENT)   MM
AVERAGE SKY COVER           0.30
NUMBER OF DAYS FAIR           54
NUMBER OF DAYS PC             30
NUMBER OF DAYS CLOUDY          8

AVERAGE RH (PERCENT)     72

-  INDICATES NEGATIVE NUMBERS.
R  INDICATES RECORD WAS SET OR TIED.
MM INDICATES DATA IS MISSING.
T  INDICATES TRACE AMOUNT.

$$
ECKBERG
