000
CXUS53 KGRB 061646 RRA
CLSAUW

CLIMATE REPORT
NATIONAL WEATHER SERVICE GREEN BAY
1045 AM CST FRI DEC 6 2019

...THE WAUSAU WI FALL CLIMATE SUMMARY FROM 9/1/2019 TO 11/30/2019...

CLIMATE NORMAL PERIOD 1981 TO 2010
CLIMATE RECORD PERIOD 1896 TO 2019

WEATHER         OBSERVED          NORMAL  DEPART  LAST YEAR`S
                 VALUE   DATE(S)  VALUE   FROM    VALUE  DATE(S)
                                          NORMAL
................................................................
TEMPERATURE (F)
RECORD
 HIGH              99   09/10/1931
 LOW              -15   11/25/1950
HIGHEST            81   09/17        84      -3       87  09/17
LOWEST              2   11/12         6      -4        6  11/18
AVG. MAXIMUM     51.6              54.7    -3.1     51.0
AVG. MINIMUM     37.2              36.5     0.7     35.7
MEAN             44.4              45.6    -1.2     43.3
DAYS MAX >= 90      0               0.0     0.0        0
DAYS MAX <= 32     13               7.1     5.9       18
DAYS MIN <= 32     42              33.8     8.2       42
DAYS MIN <= 0       0               0.3    -0.3        0

PRECIPITATION (INCHES)
RECORD
 MAXIMUM        19.70   1900
 MINIMUM         1.40   1976
TOTALS          14.25              8.84    5.41    13.44
DAILY AVG.       0.16              0.10    0.06     0.14
DAYS >= .01        38              33.7     4.3       35
DAYS >= .10        22              18.5     3.5       19
DAYS >= .50         8               5.3     2.7        9
DAYS >= 1.00        6               1.7     4.3        5

SNOWFALL (INCHES)
RECORDS
 TOTAL           22.6   1991
 24 HR TOTAL       MM
TOTALS            9.6               8.3     1.3      6.6
SINCE 7/1         9.6               8.3     1.3      6.6
DAYS >= TRACE      19               6.6    12.4       19
DAYS >= 1.0         3               2.4     0.6        1
GREATEST
 SNOW DEPTH         8   11/30                          4  11/12
                                                          11/10
                                                          11/11
 24 HR TOTAL      3.4   11/27

DEGREE_DAYS
HEATING TOTAL    1888              1793      95     2014
 SINCE 7/1       1936              1859      77     2034
COOLING TOTAL      40                32       8       64
 SINCE 1/1        363               407     -44      628

FREEZE DATES
RECORD
 EARLIEST     08/30/1915
 LATEST       06/12/1903
EARLIEST                        10/02
LATEST                          05/05
.................................................................

WIND (MPH)
AVERAGE WIND SPEED              8.2
RESULTANT WIND SPEED/DIRECTION   2/246
HIGHEST WIND SPEED/DIRECTION    30/100    DATE  11/30
HIGHEST GUST SPEED/DIRECTION    46/260    DATE  09/24

SKY COVER
POSSIBLE SUNSHINE (PERCENT)   MM
AVERAGE SKY COVER           0.60
NUMBER OF DAYS FAIR           22
NUMBER OF DAYS PC             32
NUMBER OF DAYS CLOUDY         37

AVERAGE RH (PERCENT)     77

-  INDICATES NEGATIVE NUMBERS.
R  INDICATES RECORD WAS SET OR TIED.
MM INDICATES DATA IS MISSING.
T  INDICATES TRACE AMOUNT.

$$
ECKBERG
