000
CXUS51 KBGM 011023 RRB
CLSAVP

CLIMATE REPORT
NATIONAL WEATHER SERVICE BINGHAMTON NY
608 AM EDT SUN SEP 1 2019

...................................

...THE AVOCA PA CLIMATE SUMMARY FOR THE SEASON, FROM
6/1/2019 TO 8/31/2019...

CLIMATE NORMAL PERIOD 1981 TO 2010
CLIMATE RECORD PERIOD 1901 TO 2019

WEATHER         OBSERVED          NORMAL  DEPART  LAST YEAR`S
                 VALUE   DATE(S)  VALUE   FROM    VALUE  DATE(S)
                                          NORMAL
................................................................
TEMPERATURE (F)
RECORD
 HIGH             101   07/16/1988
                        07/03/1966
 LOW               34   06/11/1972
HIGHEST            94   07/20        80      14       96  07/02
LOWEST             41   06/04        59     -18       48  06/12
AVG. MAXIMUM     82.5              79.8     2.7     81.6
AVG. MINIMUM     61.2              59.0     2.2     61.9
MEAN             71.8              69.4     2.4     71.8
DAYS MAX >= 90     11               5.5     5.5       MM
DAYS MAX <= 32      0               0.0     0.0       MM
DAYS MIN <= 32      0               0.0     0.0       MM
DAYS MIN <= 0       0               0.0     0.0       MM

PRECIPITATION (INCHES)
RECORD
 MAXIMUM        19.72   2018
 MINIMUM         5.56   1995
TOTALS          18.87             11.23    7.64    19.72
DAILY AVG.       0.21              0.12    0.09     0.21
DAYS >= .01        42              35.3     6.7       MM
DAYS >= .10        30              22.2     7.8       MM
DAYS >= .50        11               7.2     3.8       MM
DAYS >= 1.00        5               2.2     2.8       MM
GREATEST
 24 HR. TOTAL    2.79   07/08 TO 07/08

SNOWFALL (INCHES)
RECORDS
 TOTAL            0.0   MM
 24 HR TOTAL      0.0   MM
TOTALS            0.0               0.0     0.0      0.0
SINCE 7/1         0.0               0.0     0.0      0.0
DAYS >= TRACE       0               0.0     0.0       MM
DAYS >= 1.0         0               0.0     0.0       MM
GREATEST
 24 HR TOTAL      0.0   MM

DEGREE_DAYS
HEATING TOTAL      33                80     -47       26
 SINCE 7/1          1                26     -25        0
COOLING TOTAL     689               487     202      677
 SINCE 1/1        739               524     215      762

FREEZE DATES
RECORD
 EARLIEST     09/21/1956
 LATEST       05/25/1956
EARLIEST                        10/15
LATEST                          04/26
.................................................................

WIND (MPH)
AVERAGE WIND SPEED              5.0
RESULTANT WIND SPEED/DIRECTION   1/247
HIGHEST WIND SPEED/DIRECTION    32/320    DATE  08/18
HIGHEST GUST SPEED/DIRECTION    43/320    DATE  08/18

SKY COVER
POSSIBLE SUNSHINE (PERCENT)   MM
AVERAGE SKY COVER           0.30
NUMBER OF DAYS FAIR           49
NUMBER OF DAYS PC             33
NUMBER OF DAYS CLOUDY         10

AVERAGE RH (PERCENT)     70

WEATHER CONDITIONS. NUMBER OF DAYS WITH
THUNDERSTORM             22     MIXED PRECIP                0
HEAVY RAIN               26     RAIN                       25
LIGHT RAIN               47     FREEZING RAIN               0
LT FREEZING RAIN          0     HAIL                        0
HEAVY SNOW                0     SNOW                        0
LIGHT SNOW                0     SLEET                       0
FOG                      54     FOG W/VIS <= 1/4 MILE       7
HAZE                     11

-  INDICATES NEGATIVE NUMBERS.
R  INDICATES RECORD WAS SET OR TIED.
MM INDICATES DATA IS MISSING.
T  INDICATES TRACE AMOUNT.
&&
TIED 14TH WARMEST JUNE TO AUGUST
4TH WETTEST JUNE TO AUGUST
$$
TAC
