000
CXUS53 KGRR 012221
CLSAZO

WRKCLMAZO 000
TTAA00 KGRR 012205


CLIMATE REPORT
NATIONAL WEATHER SERVICE GRAND RAPIDS, MI
558 PM EDT SUN SEP 1 2019

...................................

...THE KALAMAZOO CLIMATE SUMMARY FOR THE SEASON, FROM
6/1/2019 TO 8/31/2019...

CLIMATE NORMAL PERIOD 1981 TO 2010
CLIMATE RECORD PERIOD 1998 TO 2019

WEATHER         OBSERVED          NORMAL  DEPART  LAST YEAR`S
                 VALUE   DATE(S)  VALUE   FROM    VALUE  DATE(S)
                                          NORMAL
................................................................
TEMPERATURE (F)
RECORD
 HIGH             109   MM
 LOW               40   06/03/2013
HIGHEST            95   07/20        MM      MM       94  06/18
                                                          06/17
LOWEST             44   06/03        MM      MM       48  06/06
AVG. MAXIMUM     82.4              81.1     1.3     82.3
AVG. MINIMUM     61.3              59.9     1.4     62.7
MEAN             71.8              70.5     1.3     72.5
DAYS MAX >= 90     10               6.3     3.7       13
DAYS MAX <= 32      0               0.0     0.0        0
DAYS MIN <= 32      0               0.0     0.0        0
DAYS MIN <= 0       0               0.0     0.0        0

PRECIPITATION (INCHES)
RECORD
 MAXIMUM           MM   MM
TOTALS          10.17             11.15   -0.98    12.35
DAILY AVG.       0.11              0.12   -0.01     0.13
DAYS >= .01        35                MM      MM       32
DAYS >= .10        20                MM      MM       22
DAYS >= .50         4                MM      MM       10
DAYS >= 1.00        3                MM      MM        4
GREATEST
 24 HR. TOTAL    1.89   06/20 TO 06/20

 DEGREE_DAYS
HEATING TOTAL      43                64     -21        9
 SINCE 7/1          3                16     -13        2
COOLING TOTAL     701               570     131      725
 SINCE 1/1        716               611     105      855

.................................................................

WIND (MPH)
AVERAGE WIND SPEED              5.9
RESULTANT WIND SPEED/DIRECTION   2/247
HIGHEST WIND SPEED/DIRECTION    39/340    DATE  07/20
HIGHEST GUST SPEED/DIRECTION    58/320    DATE  07/20

SKY COVER
POSSIBLE SUNSHINE (PERCENT)   MM
AVERAGE SKY COVER           0.30
NUMBER OF DAYS FAIR           53
NUMBER OF DAYS PC             31
NUMBER OF DAYS CLOUDY          8

AVERAGE RH (PERCENT)     67


-  INDICATES NEGATIVE NUMBERS.
R  INDICATES RECORD WAS SET OR TIED.
MM INDICATES DATA IS MISSING.
T  INDICATES TRACE AMOUNT.

$$
