000
CXUS51 KOKX 011335
CLSBDR

CLIMATE REPORT
NATIONAL WEATHER SERVICE NEW YORK NY
835 AM EST SUN DEC 1 2019

...................................

...THE BRIDGEPORT CT CLIMATE SUMMARY FOR THE SEASON, FROM
9/1/2019 TO 11/30/2019...

CLIMATE NORMAL PERIOD 1981 TO 2010
CLIMATE RECORD PERIOD 1948 TO 2019

WEATHER         OBSERVED          NORMAL  DEPART  LAST YEAR`S
                 VALUE   DATE(S)  VALUE   FROM    VALUE
                                          NORMAL
.............................................................
TEMPERATURE (F)
RECORD
 HIGH              99   09/02/1953
 LOW               13   11/23/2018
HIGHEST            87   10/02        MM      MM
LOWEST             22   11/13        MM      MM
                        11/09
AVG. MAXIMUM     63.9              63.5     0.4
AVG. MINIMUM     48.2              47.6     0.6
MEAN             56.1              55.5     0.6
DAYS MAX >= 90      0               0.3    -0.3
DAYS MAX <= 32      0               0.1    -0.1
DAYS MIN <= 32     12               7.2     4.8
DAYS MIN <= 0       0               0.0     0.0

PRECIPITATION (INCHES)
RECORD
 MAXIMUM        22.19   2018
 MINIMUM         3.68   1964
TOTALS           8.08             10.51   -2.43    22.19
DAILY AVG.       0.09              0.12   -0.03
DAYS >= .01        31              27.0     4.0
DAYS >= .10        17              17.2    -0.2
DAYS >= .50         2               7.7    -5.7
DAYS >= 1.00        2               2.4    -0.4
GREATEST
 24 HR. TOTAL    2.12   MM
 STORM TOTAL       MM
 (MM/DD(HH))            MM

SNOWFALL (INCHES)
RECORDS
 TOTAL            8.4   2012
 24 HR TOTAL      6.0   MM
TOTALS              T               0.7    -0.7
 LIQUID EQUIV       T              0.10   -0.10
SINCE 7/1           T               0.7    -0.7
 LIQUID 7/1        MM
DAYS >= TRACE       1               0.5     0.5
DAYS >= 1.0         0               0.2    -0.2
GREATEST
 SNOW DEPTH         0   MM
 24 HR TOTAL      0.0   MM
 STORM TOTAL       MM
 (MM/DD(HH))            MM

DEGREE_DAYS
HEATING TOTAL     925               970     -45
 SINCE 7/1        925               974     -49
COOLING TOTAL     137               108      29
 SINCE 1/1       1040               825     215
..............................................................

WIND (MPH)
AVERAGE WIND SPEED              9.1
HIGHEST WIND SPEED/DIRECTION    43/200    DATE  11/01
HIGHEST GUST SPEED/DIRECTION    58/200    DATE  11/01

SKY COVER
POSSIBLE SUNSHINE (PERCENT)   MM
AVERAGE SKY COVER           0.30
NUMBER OF DAYS FAIR           46
NUMBER OF DAYS PC             30
NUMBER OF DAYS CLOUDY         15

AVERAGE RH (PERCENT)     67

WEATHER CONDITIONS. NUMBER OF DAYS WITH
  0
 14
  0
  0
  0
  0
  1
HAZE                      2

-  INDICATES NEGATIVE NUMBERS.
R  INDICATES RECORD WAS SET OR TIED.
MM INDICATES DATA IS MISSING.
T  INDICATES TRACE AMOUNT.

$$
