000
CXUS51 KOKX 011441
CLSBDR

CLIMATE REPORT
NATIONAL WEATHER SERVICE NEW YORK NY
1036 AM EDT SUN SEP 1 2019

...................................

...THE BRIDGEPORT CT CLIMATE SUMMARY FOR THE SEASON, FROM
6/1/2019 TO 8/31/2019...

CLIMATE NORMAL PERIOD 1981 TO 2010
CLIMATE RECORD PERIOD 1948 TO 2019

WEATHER         OBSERVED          NORMAL  DEPART  LAST YEAR`S
                 VALUE   DATE(S)  VALUE   FROM    VALUE
                                          NORMAL
.............................................................
TEMPERATURE (F)
RECORD
 HIGH             103   07/22/2011
                        07/22/1957
                        07/22/1957
 LOW               41   06/01/1967
HIGHEST            99   07/21        MM      MM
LOWEST             47   06/04        MM      MM
AVG. MAXIMUM     81.9              80.0     1.9
AVG. MINIMUM     66.1              64.2     1.9
MEAN             74.0              72.1     1.9
DAYS MAX >= 90     13               5.9     7.1
DAYS MAX <= 32      0               0.0     0.0
DAYS MIN <= 32      0               0.0     0.0
DAYS MIN <= 0       0               0.0     0.0

PRECIPITATION (INCHES)
RECORD
 MAXIMUM        20.23   1972
 MINIMUM         4.13   1995
TOTALS          13.79             11.03    2.76    11.09
DAILY AVG.       0.15              0.12    0.03
DAYS >= .01        31              28.9     2.1
DAYS >= .10        19              18.5     0.5
DAYS >= .50        10               7.1     2.9
DAYS >= 1.00        3               2.9     0.1
GREATEST
 24 HR. TOTAL    2.74   MM
 STORM TOTAL       MM
 (MM/DD(HH))            MM

SNOWFALL (INCHES)
RECORDS
 TOTAL              T   2008
                        1992
                        1991
 24 HR TOTAL       MM
TOTALS            0.0               0.0     0.0
 LIQUID EQUIV    0.00              0.00    0.00
SINCE 7/1         0.0               0.0     0.0
 LIQUID 7/1      0.00
DAYS >= TRACE       0               0.0     0.0
DAYS >= 1.0         0               0.0     0.0
GREATEST
 SNOW DEPTH         0   MM
 24 HR TOTAL      0.0   MM
 STORM TOTAL       MM
 (MM/DD(HH))            MM

DEGREE_DAYS
HEATING TOTAL      19                36     -17
 SINCE 7/1          0                 4      -4
COOLING TOTAL     876               694     182
 SINCE 1/1        903               718     185
..............................................................

WIND (MPH)
AVERAGE WIND SPEED              7.1
HIGHEST WIND SPEED/DIRECTION    32/340    DATE  06/30
HIGHEST GUST SPEED/DIRECTION    45/320    DATE  06/30

SKY COVER
POSSIBLE SUNSHINE (PERCENT)   MM
AVERAGE SKY COVER           0.30
NUMBER OF DAYS FAIR           58
NUMBER OF DAYS PC             25
NUMBER OF DAYS CLOUDY          9

AVERAGE RH (PERCENT)     69

WEATHER CONDITIONS. NUMBER OF DAYS WITH
  0
 17
  0
  0
  0
  0
  6
HAZE                      9

-  INDICATES NEGATIVE NUMBERS.
R  INDICATES RECORD WAS SET OR TIED.
MM INDICATES DATA IS MISSING.
T  INDICATES TRACE AMOUNT.

$$
