000
CXUS51 KCTP 010846
CLSBFD

CLIMATE REPORT
NATIONAL WEATHER SERVICE STATE COLLEGE PA
346 AM EST SUN MAR 01 2020

...................................

...THE BRADFORD CLIMATE SUMMARY FOR THE SEASON, FROM
12/1/2019 TO 2/29/2020...

CLIMATE NORMAL PERIOD 1981 TO 2010
CLIMATE RECORD PERIOD 1957 TO 2020

WEATHER         OBSERVED          NORMAL  DEPART   LAST YEAR`S
                VALUE   DATE(S)   VALUE   FROM     VALUE DATE(S)
                                          NORMAL
................................................................
TEMPERATURE (F)
RECORD
 HIGH             75   12/01/2010
 LOW             -30   02/11/1979
HIGHEST           63   01/11                          56  02/04
                                                          01/01
LOWEST           -12   02/15                         -13  02/01
                                                          01/31
AVG. MAXIMUM    36.2               31.4     4.8     33.4
AVG. MINIMUM    21.4               15.6     5.8     17.9
MEAN            28.8               23.5     5.3     25.6
DAYS MAX >= 90     0                 MM      MM        0
DAYS MAX <= 32    35                 MM      MM       44
DAYS MIN <= 32    82                 MM      MM       84
DAYS MIN <= 0      3                 MM      MM       10

PRECIPITATION (INCHES)
RECORD
 MAXIMUM       15.38   1993
 MINIMUM        3.73   2000
TOTALS          8.20               9.04   -0.84     9.23
DAILY AVG.      0.09                NAN     NAN     0.10
DAYS >= .01       50                 MM      MM       46
DAYS >= .10       28                 MM      MM       20
DAYS >= .50        3                 MM      MM        6
DAYS >= 1.00       1                 MM      MM        0

DEGREE DAYS
HEATING TOTAL   3273               3735    -462     3523
 SINCE 7/1      4902               5479    -577     5231
COOLING TOTAL      0                  0       0        0
 SINCE 1/1         0                  0       0        0

FREEZE DATES
RECORD
 EARLIEST     08/05/1972
 LATEST       06/30/1961
EARLIEST                        10/10
LATEST                          06/04
................................................................

WIND (MPH)
AVERAGE WIND SPEED              7.7
RESULTANT WIND SPEED/DIRECTION   3/260
HIGHEST WIND SPEED/DIRECTION    31/280    DATE  02/27
HIGHEST GUST SPEED/DIRECTION    47/230    DATE  01/12

SKY COVER
POSSIBLE SUNSHINE (PERCENT)   MM
AVERAGE SKY COVER           0.71
NUMBER OF DAYS FAIR           17
NUMBER OF DAYS PC             20
NUMBER OF DAYS CLOUDY         54

AVERAGE RH (PERCENT)     73

WEATHER CONDITIONS. NUMBER OF DAYS WITH
THUNDERSTORM              0     MIXED PRECIP               0
HEAVY RAIN                1     RAIN                       7
LIGHT RAIN               24     FREEZING RAIN              1
LT FREEZING RAIN         13     HAIL                       0
HEAVY SNOW                9     SNOW                      15
LIGHT SNOW               52     SLEET                      0
FOG                      73     FOG W/VIS <= 1/4 MILE     16
HAZE                     50

-  INDICATES NEGATIVE NUMBERS.
R  INDICATES RECORD WAS SET OR TIED.
MM INDICATES DATA IS MISSING.
T  INDICATES TRACE AMOUNT.

&&

6TH WARMEST ON RECORD

$$
