000
CXUS51 KCTP 110712
CLSBFD

CLIMATE REPORT
NATIONAL WEATHER SERVICE STATE COLLEGE PA
0310 AM EDT WED SEP 11 2019
CORRECTION
...................................

...THE BRADFORD CLIMATE SUMMARY FOR THE SEASON, FROM
6/1/2019 TO 8/31/2019...

CLIMATE NORMAL PERIOD 1981 TO 2010
CLIMATE RECORD PERIOD 1957 TO 2019

WEATHER         OBSERVED          NORMAL  DEPART  LAST YEAR`S
                 VALUE   DATE(S)  VALUE   FROM    VALUE  DATE(S)
                                          NORMAL
................................................................
TEMPERATURE (F)
RECORD
 HIGH              97   07/22/2011
                        07/16/1988
 LOW               25   08/29/1986
                        06/11/1972
HIGHEST            87   07/19        MM      MM       88  07/01
                                                          06/30
LOWEST             31   06/04        MM      MM       37  06/07
AVG. MAXIMUM     76.7              75.5     1.2     76.9
AVG. MINIMUM     53.9              51.6     2.3     55.7
MEAN             65.3              63.5     1.8     66.3
DAYS MAX >= 90      0                MM      MM        0
DAYS MAX <= 32      0                MM      MM        0
DAYS MIN <= 32      1                MM      MM        0
DAYS MIN <= 0       0                MM      MM        0

PRECIPITATION (INCHES)
RECORD
 MAXIMUM        21.21   1994
 MINIMUM         5.77   1966
TOTALS          13.78             13.21    0.57    12.54
DAILY AVG.       0.15              0.14    0.01     0.14
DAYS >= .01        41                MM      MM       39
DAYS >= .10        30                MM      MM       23
DAYS >= .50        10                MM      MM       10
DAYS >= 1.00        1                MM      MM        3
GREATEST
 24 HR. TOTAL    1.12   MM
 STORM TOTAL       MM   MM
 (MM/DD(HH))

DEGREE_DAYS
HEATING TOTAL     195               298    -103      148
 SINCE 7/1         73               153     -80       50
COOLING TOTAL     246               167      79      291
 SINCE 1/1        253               177      76      342

FREEZE DATES
RECORD
 EARLIEST     08/05/1972
 LATEST       06/30/1961
EARLIEST                        MM
LATEST                          MM
.................................................................

WIND (MPH)
AVERAGE WIND SPEED              5.0
RESULTANT WIND SPEED/DIRECTION   1/277
HIGHEST WIND SPEED/DIRECTION    38/310    DATE  08/17
HIGHEST GUST SPEED/DIRECTION    54/290    DATE  08/17

SKY COVER
POSSIBLE SUNSHINE (PERCENT)   MM
AVERAGE SKY COVER           0.40
NUMBER OF DAYS FAIR           46
NUMBER OF DAYS PC             34
NUMBER OF DAYS CLOUDY         12

AVERAGE RH (PERCENT)     75

WEATHER CONDITIONS. NUMBER OF DAYS WITH
THUNDERSTORM             21     MIXED PRECIP                0
HEAVY RAIN               21     RAIN                       25
LIGHT RAIN               50     FREEZING RAIN               0
LT FREEZING RAIN          0     HAIL                        0
HEAVY SNOW                0     SNOW                        0
LIGHT SNOW                0     SLEET                       0
FOG                      80     FOG W/VIS <= 1/4 MILE      28
HAZE                     11


-  INDICATES NEGATIVE NUMBERS.
R  INDICATES RECORD WAS SET OR TIED.
MM INDICATES DATA IS MISSING.
T  INDICATES TRACE AMOUNT.

$$
