094
CXUS51 KBGM 011022
CLSBGM

CLIMATE REPORT
NATIONAL WEATHER SERVICE BINGHAMTON NY
608 AM EDT SUN SEP 1 2019

...................................

...THE BINGHAMTON NY CLIMATE SUMMARY FOR THE SEASON, FROM
6/1/2019 TO 8/31/2019...

CLIMATE NORMAL PERIOD 1981 TO 2010
CLIMATE RECORD PERIOD 1951 TO 2019

WEATHER         OBSERVED          NORMAL  DEPART  LAST YEAR`S
                 VALUE   DATE(S)  VALUE   FROM    VALUE  DATE(S)
                                          NORMAL
................................................................
TEMPERATURE (F)
RECORD
 HIGH              98   07/16/1988
 LOW               33   06/09/1980
HIGHEST            89   07/19        76      13       90  07/02
                                                          07/01
                                                          06/18
LOWEST             40   06/04        57     -17       48  06/26
                        06/03                             06/07
                                                          06/22
AVG. MAXIMUM     76.5              76.0     0.5     76.5
AVG. MINIMUM     58.0              57.7     0.3     59.4
MEAN             67.2              66.8     0.4     68.0
DAYS MAX >= 90      0               1.1    -1.1        3
DAYS MAX <= 32      0               0.0     0.0        0
DAYS MIN <= 32      0               0.0     0.0        0
DAYS MIN <= 0       0               0.0     0.0        0

PRECIPITATION (INCHES)
RECORD
 MAXIMUM        23.50   2006
 MINIMUM         4.87   1979
TOTALS          12.07             11.46    0.61    18.82
DAILY AVG.       0.13              0.12    0.01     0.21
DAYS >= .01        38              35.0     3.0       38
DAYS >= .10        23              22.2     0.8       27
DAYS >= .50         9               7.7     1.3       18
DAYS >= 1.00        4               2.5     1.5        6
GREATEST
 24 HR. TOTAL    1.20   06/15 TO 06/16

SNOWFALL (INCHES)
RECORDS
 TOTAL              T   2014
                        2008
                        2004
 24 HR TOTAL        T   08/10/2008 TO 08/10/2008
 SNOW DEPTH         T   08/10/2008
TOTALS            0.0               0.0     0.0      0.0
SINCE 7/1         0.0               0.0     0.0      0.0
SNOWDEPTH AVG.      0                MM      MM        0
DAYS >= TRACE       0               0.0     0.0        0
DAYS >= 1.0         0               0.0     0.0        0
GREATEST
 SNOW DEPTH         0   MM                             0  MM
 24 HR TOTAL      0.0   MM

DEGREE_DAYS
HEATING TOTAL     131               153     -22       92
 SINCE 7/1         37                63     -26       12
COOLING TOTAL     355               326      29      391
 SINCE 1/1        362               348      14      437

FREEZE DATES
RECORD
 EARLIEST     09/20/1993
 LATEST       05/25/1956
EARLIEST                        10/08
LATEST                          05/02
.................................................................

WIND (MPH)
AVERAGE WIND SPEED              6.5
RESULTANT WIND SPEED/DIRECTION   2/269
HIGHEST WIND SPEED/DIRECTION    32/290    DATE  08/08
HIGHEST GUST SPEED/DIRECTION    47/330    DATE  08/08

SKY COVER
POSSIBLE SUNSHINE (PERCENT)   MM
AVERAGE SKY COVER           0.40
NUMBER OF DAYS FAIR           43
NUMBER OF DAYS PC             37
NUMBER OF DAYS CLOUDY         11

AVERAGE RH (PERCENT)     72

WEATHER CONDITIONS. NUMBER OF DAYS WITH
THUNDERSTORM             20     MIXED PRECIP                0
HEAVY RAIN               20     RAIN                       17
LIGHT RAIN               42     FREEZING RAIN               0
LT FREEZING RAIN          0     HAIL                        0
HEAVY SNOW                0     SNOW                        0
LIGHT SNOW                0     SLEET                       0
FOG                      48     FOG W/VIS <= 1/4 MILE      14
HAZE                      2

-  INDICATES NEGATIVE NUMBERS.
R  INDICATES RECORD WAS SET OR TIED.
MM INDICATES DATA IS MISSING.
T  INDICATES TRACE AMOUNT.

$$
TAC
