000
CXUS51 KBGM 022106
CLSBGM


CLIMATE REPORT
NATIONAL WEATHER SERVICE BINGHAMTON NY
346 PM EST MON DEC 2 2019

...................................

...THE BINGHAMTON NY CLIMATE SUMMARY FOR THE SEASON, FROM
9/1/2019 TO 11/30/2019...

CLIMATE NORMAL PERIOD 1981 TO 2010
CLIMATE RECORD PERIOD 1951 TO 2019

WEATHER         OBSERVED          NORMAL  DEPART  LAST YEAR`S
                 VALUE   DATE(S)  VALUE   FROM    VALUE  DATE(S)
                                          NORMAL
................................................................
TEMPERATURE (F)
RECORD
 HIGH              96   09/03/1953
                        09/02/1953
 LOW                0   11/23/2018
HIGHEST            83   09/22        56      27       87  09/05
                        09/11
LOWEST             12   11/13        40     -28        0  11/23
AVG. MAXIMUM     56.4              56.8    -0.4     54.5
AVG. MINIMUM     40.0              40.7    -0.7     41.5
MEAN             48.2              48.8    -0.6     48.0
DAYS MAX >= 90      0               0.0     0.0        0
DAYS MAX <= 32      6               3.2     2.8        8
DAYS MIN <= 32     25              21.9     3.1       30
DAYS MIN <= 0       0               0.0     0.0        1

PRECIPITATION (INCHES)
RECORD
 MAXIMUM        23.75   2011
 MINIMUM         3.62   1964
TOTALS          11.37             10.26    1.11    19.91
DAILY AVG.       0.12              0.11    0.01     0.22
DAYS >= .01        36              38.2    -2.2       50
DAYS >= .10        20              20.0     0.0       31
DAYS >= .50         7               6.4     0.6       10
DAYS >= 1.00        4               2.1     1.9        6
GREATEST
 24 HR. TOTAL    1.92   10/30 TO 10/31

SNOWFALL (INCHES)
RECORDS
 TOTAL           33.9   1995
 24 HR TOTAL     12.9   11/20/2016 TO 11/21/2016
 SNOW DEPTH        15   11/22/2016
TOTALS            6.6               6.8    -0.2     26.2
SINCE 7/1         6.6               6.8    -0.2     26.2
SNOWDEPTH AVG.      0                MM      MM        1
DAYS >= TRACE      13               6.9     6.1       21
DAYS >= 1.0         3               2.4     0.6        8
GREATEST
 SNOW DEPTH         2   11/24                         10  11/20
                        11/14                             11/16
                        11/15
 24 HR TOTAL      2.6   11/24 TO 11/24

DEGREE_DAYS
HEATING TOTAL    1536              1512      24     1620
 SINCE 7/1       1573              1575      -2     1632
COOLING TOTAL      27                33      -6       99
 SINCE 1/1        389               381       8      536

FREEZE DATES
RECORD
 EARLIEST     09/20/1993
 LATEST       05/25/1956
EARLIEST                        10/08
LATEST                          05/02
.................................................................

WIND (MPH)
AVERAGE WIND SPEED              7.8
RESULTANT WIND SPEED/DIRECTION   2/242
HIGHEST WIND SPEED/DIRECTION    32/250    DATE  11/01
HIGHEST GUST SPEED/DIRECTION    42/240    DATE  11/01

SKY COVER
POSSIBLE SUNSHINE (PERCENT)   MM
AVERAGE SKY COVER           0.50
NUMBER OF DAYS FAIR           28
NUMBER OF DAYS PC             34
NUMBER OF DAYS CLOUDY         29

AVERAGE RH (PERCENT)     74

WEATHER CONDITIONS. NUMBER OF DAYS WITH
THUNDERSTORM              5     MIXED PRECIP                0
HEAVY RAIN                9     RAIN                       17
LIGHT RAIN               39     FREEZING RAIN               1
LT FREEZING RAIN          3     HAIL                        0
HEAVY SNOW                1     SNOW                        2
LIGHT SNOW               13     SLEET                       0
FOG                      57     FOG W/VIS <= 1/4 MILE      18
HAZE                      5

-  INDICATES NEGATIVE NUMBERS.
R  INDICATES RECORD WAS SET OR TIED.
MM INDICATES DATA IS MISSING.
T  INDICATES TRACE AMOUNT.

$$

TAC
