000
CXUS51 KBGM 012227 CCB
CLSBGM

CLIMATE REPORT...CORRECTED
NATIONAL WEATHER SERVICE BINGHAMTON NY
627 PM EDT TUE SEP 1 2020

...................................

...THE BINGHAMTON NY CLIMATE SUMMARY FOR THE SEASON, FROM
6/1/2020 TO 8/31/2020...

CLIMATE NORMAL PERIOD 1981 TO 2010
CLIMATE RECORD PERIOD 1951 TO 2020

WEATHER         OBSERVED          NORMAL  DEPART  LAST YEAR`S
                 VALUE   DATE(S)  VALUE   FROM    VALUE  DATE(S)
                                          NORMAL
................................................................
TEMPERATURE (F)
RECORD
 HIGH              98   07/16/1988
 LOW               33   06/09/1980
HIGHEST            93   07/27        76      17       89  07/19
LOWEST             39   06/14        57     -18       40  06/04
                        06/01                             06/03
AVG. MAXIMUM     79.1              76.0     3.1     76.5
AVG. MINIMUM     59.3              57.7     1.6     58.0
MEAN             69.2              66.8     2.4     67.2
DAYS MAX >= 90      2               1.1     0.9        0
DAYS MAX <= 32      0               0.0     0.0        0
DAYS MIN <= 32      0               0.0     0.0        0
DAYS MIN <= 0       0               0.0     0.0        0

PRECIPITATION (INCHES)
RECORD
 MAXIMUM        23.50   2006
 MINIMUM         4.87   1979
TOTALS          12.33             11.46    0.87    12.07
DAILY AVG.       0.13              0.12    0.01     0.13
DAYS >= .01        39              35.0     4.0       38
DAYS >= .10        21              22.2    -1.2       23
DAYS >= .50         7               7.7    -0.7        9
DAYS >= 1.00        4               2.5     1.5        4
GREATEST
 24 HR. TOTAL    2.03   08/26 TO 08/27

SNOWFALL (INCHES)
RECORDS
 TOTAL              T   2014
                        2008
                        2004
 24 HR TOTAL        T   08/10/2008 TO 08/10/2008
 SNOW DEPTH         T   08/10/2008
TOTALS            0.0               0.0     0.0      0.0
SINCE 7/1         0.0               0.0     0.0      0.0
SNOWDEPTH AVG.      0                MM      MM        0
DAYS >= TRACE       0               0.0     0.0        0
DAYS >= 1.0         0               0.0     0.0        0
GREATEST
 SNOW DEPTH         0   MM
 24 HR TOTAL      0.0   MM

DEGREE_DAYS
HEATING TOTAL      95               153     -58      131
 SINCE 7/1         17                63     -46       37
COOLING TOTAL     508               326     182      355
 SINCE 1/1        535               348     187      362

FREEZE DATES
RECORD
 EARLIEST     09/20/1993
 LATEST       05/25/1956
EARLIEST                        10/08
LATEST                          05/02
.................................................................

WIND (MPH)
AVERAGE WIND SPEED              6.7
RESULTANT WIND SPEED/DIRECTION   2/264
HIGHEST WIND SPEED/DIRECTION    39/280    DATE  07/19
HIGHEST GUST SPEED/DIRECTION    50/280    DATE  07/19

SKY COVER
POSSIBLE SUNSHINE (PERCENT)   MM
AVERAGE SKY COVER           0.40
NUMBER OF DAYS FAIR           51
NUMBER OF DAYS PC             34
NUMBER OF DAYS CLOUDY          7

AVERAGE RH (PERCENT)     70

WEATHER CONDITIONS. NUMBER OF DAYS WITH
THUNDERSTORM             21     MIXED PRECIP                0
HEAVY RAIN               20     RAIN                       13
LIGHT RAIN               45     FREEZING RAIN               0
LT FREEZING RAIN          0     HAIL                        0
HEAVY SNOW                0     SNOW                        0
LIGHT SNOW                0     SLEET                       0
FOG                      40     FOG W/VIS <= 1/4 MILE      13
HAZE                      3

-  INDICATES NEGATIVE NUMBERS.
R  INDICATES RECORD WAS SET OR TIED.
MM INDICATES DATA IS MISSING.
T  INDICATES TRACE AMOUNT.

&&
CORRECTED 24 HOUR GREATEST PRECIPITATION
6TH WARMEST JUNE TO AUGUST   RECORD 71.0F IN 2005

$$

TAC
