000
CXUS53 KBIS 041727
CLSBIS

CLIMATE REPORT
NATIONAL WEATHER SERVICE BISMARCK ND
1218 PM CDT WED SEP 4 2019

...................................

...THE BISMARCK ND CLIMATE SUMMARY FOR THE SEASON, FROM
6/1/2019 TO 8/31/2019...

CLIMATE NORMAL PERIOD 1981 TO 2010
CLIMATE RECORD PERIOD 1875 TO 2019

WEATHER         OBSERVED          NORMAL  DEPART  LAST YEAR`S
                 VALUE   DATE(S)  VALUE   FROM    VALUE  DATE(S)
                                          NORMAL
................................................................
TEMPERATURE (F)
RECORD
 HIGH             114   07/06/1936
 LOW               30   06/02/1969
HIGHEST            94   08/06        MM      MM       MM  MM
LOWEST             43   06/01        MM      MM       MM  MM
AVG. MAXIMUM     80.5              81.9    -1.4       MM
AVG. MINIMUM     57.7              55.0     2.7       MM
MEAN             69.1              68.5     0.6       MM
DAYS MAX >= 90      6              18.1   -12.1       MM
DAYS MAX <= 32      0               0.0     0.0       MM
DAYS MIN <= 32      0               0.0     0.0       MM
DAYS MIN <= 0       0               0.0     0.0       MM

PRECIPITATION (INCHES)
RECORD
 MAXIMUM        14.22   2001
 MINIMUM         4.48   2012
TOTALS          11.66              8.34    3.32       MM
DAILY AVG.       0.12              0.09    0.03       MM
DAYS >= .01        34              29.1     4.9       MM
DAYS >= .10        22              16.1     5.9       MM
DAYS >= .50         7               5.2     1.8       MM
DAYS >= 1.00        2               1.7     0.3       MM
GREATEST
 24 HR. TOTAL    2.33   MM                            MM
 STORM TOTAL       MM                                 MM
 (MM/DD(HH))       MM                                 MM

SNOWFALL (INCHES)
RECORDS
 TOTAL              T   2017
                        2009
                        2008
TOTALS              TR              0.0

DEGREE_DAYS
HEATING TOTAL      79
COOLING TOTAL     477
.................................................................

WIND (MPH)
HIGHEST WIND SPEED/DIRECTION    52/320    DATE  08/06
HIGHEST GUST SPEED/DIRECTION    71/320    DATE  08/06



-  INDICATES NEGATIVE NUMBERS.
R  INDICATES RECORD WAS SET OR TIED.
MM INDICATES DATA IS MISSING.
T  INDICATES TRACE AMOUNT.
...................................
