000
CXUS53 KGRR 022315 RRA
CLSBIV

WRKCLMBIV 000
TTAA00 KGRR 022310


CLIMATE REPORT
NATIONAL WEATHER SERVICE GRAND RAPIDS, MI
547 PM EST MON DEC 2 2019

...................................

...THE HOLLAND/TULIP CITY MI CLIMATE SUMMARY FOR THE SEASON, FROM
9/1/2019 TO 11/30/2019...

CLIMATE NORMAL PERIOD 1981 TO 2010
CLIMATE RECORD PERIOD 1996 TO 2019

WEATHER         OBSERVED          NORMAL  DEPART  LAST YEAR`S
                 VALUE   DATE(S)  VALUE   FROM    VALUE  DATE(S)
                                          NORMAL
................................................................
TEMPERATURE (F)
HIGHEST            88   09/11        MM      MM       88  09/16
                                                          09/04
LOWEST             14R  11/13        MM      MM       23  11/22
AVG. MAXIMUM     58.0              61.3    -3.3     58.3
AVG. MINIMUM     44.3              43.8     0.5     43.7
MEAN             51.2              52.5    -1.3     51.0
DAYS MAX >= 90      0               0.3    -0.3        0
DAYS MAX <= 32      4               1.1     2.9        5
DAYS MIN <= 32     17              13.0     4.0       24
DAYS MIN <= 0       0               0.0     0.0        0

PRECIPITATION (INCHES)
TOTALS          17.02             10.95    6.07       MM
DAILY AVG.       0.19              0.12    0.07       MM
DAYS >= .01        45                MM      MM       MM
DAYS >= .10        26                MM      MM       MM
DAYS >= .50        11                MM      MM       MM
DAYS >= 1.00        7                MM      MM       MM
GREATEST
 24 HR. TOTAL    2.48   09/22 TO 09/22

DEGREE_DAYS
HEATING TOTAL    1353              1207     146     1405
 SINCE 7/1       1362              1223     139     1408
COOLING TOTAL     117                74      43      146
 SINCE 1/1        689               693      -4      891

FREEZE DATES
EARLIEST                        MM
LATEST                          MM
.................................................................

WIND (MPH)
AVERAGE WIND SPEED              8.6
RESULTANT WIND SPEED/DIRECTION   3/224
HIGHEST WIND SPEED/DIRECTION    43/250    DATE  11/27
HIGHEST GUST SPEED/DIRECTION    61/270    DATE  11/27

SKY COVER
POSSIBLE SUNSHINE (PERCENT)   MM
AVERAGE SKY COVER           0.60
NUMBER OF DAYS FAIR           24
NUMBER OF DAYS PC             30
NUMBER OF DAYS CLOUDY         36

AVERAGE RH (PERCENT)     79

-  INDICATES NEGATIVE NUMBERS.
R  INDICATES RECORD WAS SET OR TIED.
MM INDICATES DATA IS MISSING.
T  INDICATES TRACE AMOUNT.

$$
