391
CXUS53 KGRR 012224
CLSBIV

WRKCLMBIV 000
TTAA00 KGRR 012205


CLIMATE REPORT
NATIONAL WEATHER SERVICE GRAND RAPIDS, MI
558 PM EDT SUN SEP 1 2019

...................................

...THE HOLLAND/TULIP CITY MI CLIMATE SUMMARY FOR THE SEASON, FROM
6/1/2019 TO 8/31/2019...

CLIMATE NORMAL PERIOD 1981 TO 2010
CLIMATE RECORD PERIOD 1996 TO 2019

WEATHER         OBSERVED          NORMAL  DEPART  LAST YEAR`S
                 VALUE   DATE(S)  VALUE   FROM    VALUE  DATE(S)
                                          NORMAL
................................................................
TEMPERATURE (F)
HIGHEST            92   07/19        MM      MM       93  07/01
                                                          06/30
LOWEST             43   06/03        MM      MM       48  06/06
AVG. MAXIMUM     80.1              80.5    -0.4     81.3
AVG. MINIMUM     60.5              60.7    -0.2     62.0
MEAN             70.3              70.6    -0.3     71.6
DAYS MAX >= 90      4               5.7    -1.7        8
DAYS MAX <= 32      0               0.0     0.0        0
DAYS MIN <= 32      0               0.0     0.0        0
DAYS MIN <= 0       0               0.0     0.0        0

PRECIPITATION (INCHES)
TOTALS           7.22             10.62   -3.40     9.56
DAILY AVG.       0.08              0.12   -0.04     0.10
DAYS >= .01        31                MM      MM       26
DAYS >= .10        18                MM      MM       17
DAYS >= .50         5                MM      MM        5
DAYS >= 1.00        1                MM      MM        2
GREATEST
 24 HR. TOTAL    1.24   06/09 TO 06/09

DEGREE_DAYS
HEATING TOTAL      56                62      -6       14
 SINCE 7/1          9                15      -6        3
COOLING TOTAL     568               576      -8      652
 SINCE 1/1        572               618     -46      745

 .................................................................

WIND (MPH)
AVERAGE WIND SPEED              6.7
RESULTANT WIND SPEED/DIRECTION   2/242
HIGHEST WIND SPEED/DIRECTION    35/250    DATE  06/25
HIGHEST GUST SPEED/DIRECTION    48/250    DATE  06/14

SKY COVER
POSSIBLE SUNSHINE (PERCENT)   MM
AVERAGE SKY COVER           0.30
NUMBER OF DAYS FAIR           62
NUMBER OF DAYS PC             23
NUMBER OF DAYS CLOUDY          7

AVERAGE RH (PERCENT)     73


-  INDICATES NEGATIVE NUMBERS.
R  INDICATES RECORD WAS SET OR TIED.
MM INDICATES DATA IS MISSING.
T  INDICATES TRACE AMOUNT.

$$
