000
CXUS51 KRLX 011539
CLSBKW


CLIMATE REPORT
NATIONAL WEATHER SERVICE CHARLESTON WV
1137 AM EDT SUN SEP 1 2019

...................................

...THE BECKLEY WV CLIMATE SUMMARY FOR THE SEASON, FROM
6/1/2019 TO 8/31/2019...

CLIMATE NORMAL PERIOD 1981 TO 2010
CLIMATE RECORD PERIOD 1893 TO 2019

WEATHER         OBSERVED          NORMAL  DEPART  LAST YEAR`S
                 VALUE   DATE(S)  VALUE   FROM    VALUE
                                          NORMAL
.............................................................
TEMPERATURE (F)
RECORD
 HIGH             103   08/11/1926
                        07/21/1926
 LOW               32   06/11/1972
                        06/01/1955
                        06/15/1933
HIGHEST            90   07/20                         89
LOWEST             43   06/14                         47
AVG. MAXIMUM     80.3              78.7     1.6     80.3
AVG. MINIMUM     60.8              59.8     1.0     61.5
MEAN             70.5              69.3     1.2     70.9
DAYS MAX >= 90      1               0.9     0.1        0
DAYS MAX <= 32      0               0.0     0.0        0
DAYS MIN <= 32      0               0.0     0.0        0
DAYS MIN <= 0       0               0.0     0.0        0

PRECIPITATION (INCHES)
RECORD
 MAXIMUM        23.74   1940
 MINIMUM         7.34   1964
TOTALS          11.38             12.50   -1.12    12.38
DAILY AVG.       0.13              0.14   -0.01     0.14
DAYS >= .01        37              37.0     0.0       39
DAYS >= .10        21              24.0    -3.0       26
DAYS >= .50         6               8.4    -2.4       11
DAYS >= 1.00        4               2.6     1.4        1
GREATEST
 24 HR. TOTAL    1.66   MM

SNOWFALL (INCHES)
RECORDS
 TOTAL             MM   5
 24 HR TOTAL       MM
TOTALS            0.0               0.0     0.0      0.0
SINCE 7/1         0.0               0.0     0.0      0.0
DAYS >= TRACE       0               0.0     0.0        0
DAYS >= 1.0         0               0.0     0.0        0
GREATEST
 24 HR TOTAL      0.0   MM

DEGREE_DAYS
HEATING TOTAL      42                60     -18       11
 SINCE 7/1          9                21     -12        5
COOLING TOTAL     574               453     121      575
 SINCE 1/1        694               493     201      711
..............................................................

WIND (MPH)
AVERAGE WIND SPEED              5.7
HIGHEST WIND SPEED/DIRECTION    28/260    DATE  06/13
HIGHEST GUST SPEED/DIRECTION    40/270    DATE  06/13

SKY COVER
POSSIBLE SUNSHINE (PERCENT)   MM
AVERAGE SKY COVER           0.30
NUMBER OF DAYS FAIR           56
NUMBER OF DAYS PC             26
NUMBER OF DAYS CLOUDY         10

AVERAGE RH (PERCENT)     71

-  INDICATES NEGATIVE NUMBERS.
R  INDICATES RECORD WAS SET OR TIED.
MM INDICATES DATA IS MISSING.
T  INDICATES TRACE AMOUNT.

$$
