000
CXUS51 KRNK 011352 CCA
CLSBLF

CLIMATE REPORT...CORRECTED
NATIONAL WEATHER SERVICE BLACKSBURG VA
832 AM EST SUN DEC 1 2019

...................................

...THE BLUEFIELD WV CLIMATE SUMMARY FOR THE SEASON, FROM
9/1/2019 TO 11/30/2019...

CLIMATE NORMAL PERIOD 1981 TO 2010
CLIMATE RECORD PERIOD 1909 TO 2019

WEATHER         OBSERVED          NORMAL  DEPART  LAST YEAR`S
                 VALUE   DATE(S)  VALUE   FROM    VALUE
                                          NORMAL
.............................................................
TEMPERATURE (F)
RECORD
 HIGH              99   09/11/2019
 LOW                6   11/13/2019
HIGHEST            92   09/12                         84
LOWEST              6R  11/13                         12
AVG. MAXIMUM     65.4              65.2     0.2     61.2
AVG. MINIMUM     45.6              47.7    -2.1     46.4
MEAN             55.5              56.4    -0.9     53.8
DAYS MAX >= 90      2               0.3     1.7       MM
DAYS MAX <= 32      0               0.8    -0.8       MM
DAYS MIN <= 32     19               9.5     9.5       MM
DAYS MIN <= 0       0               0.0     0.0       MM

PRECIPITATION (INCHES)
RECORD
 MAXIMUM        17.65   2018
 MINIMUM         2.14   2008
TOTALS           9.40              8.33    1.07    17.65
DAILY AVG.       0.10              0.09    0.01     0.20
DAYS >= .01        23              29.9    -6.9       MM
DAYS >= .10        18              16.6     1.4       MM
DAYS >= .50         8               5.4     2.6       MM
DAYS >= 1.00        3               1.4     1.6       MM
GREATEST
 24 HR. TOTAL    1.31                               1.95

SNOWFALL (INCHES)
TOTALS            1.2                                2.9
DAYS >= TRACE       6                                 MM
DAYS >= 1.0         1                                 MM
GREATEST
 24 HR TOTAL      1.2                                1.7

DEGREE_DAYS
HEATING TOTAL    1054               898     156     1165
COOLING TOTAL     214               119      95      170
..............................................................

WIND (MPH)
AVERAGE WIND SPEED              5.7
HIGHEST WIND SPEED/DIRECTION    41/250    DATE  11/27
HIGHEST GUST SPEED/DIRECTION    55/240    DATE  11/27

SKY COVER
AVERAGE SKY COVER           0.40

AVERAGE RH (PERCENT)     69

WEATHER CONDITIONS. NUMBER OF DAYS WITH:

THUNDERSTORM              4     MIXED PRECIP                 0
HEAVY RAIN               11     RAIN                        18
LIGHT RAIN               31     FREEZING RAIN                0
LIGHT FREEZING RAIN       0     HAIL                         0
HEAVY SNOW                0     SNOW                         0
LIGHT SNOW                6     SLEET                        0
FOG                      31     FOG W/VIS <= 1/4 MILE        9
HAZE                      0

-  INDICATES NEGATIVE NUMBERS.
R  INDICATES RECORD WAS SET OR TIED.
MM INDICATES DATA IS MISSING.
T  INDICATES TRACE AMOUNT.

REMARKS:
DUE TO MISSING TEMPERATURES ON MAY 10 AND JULY 11-12, ALL
TEMPERATURE AND COOLING DEGREE DAY INFORMATION WILL BE CALCULATED
WITHOUT DATA FROM THESE DATES.

$$

RAB
