000
CXUS51 KRNK 030259 CCA
CLSBLF

CLIMATE REPORT...CORRECTED
NATIONAL WEATHER SERVICE BLACKSBURG VA
913 AM EDT SUN SEP 1 2019

...................................

...THE BLUEFIELD WV CLIMATE SUMMARY FOR THE SEASON, FROM
6/1/2019 TO 8/31/2019...

CLIMATE NORMAL PERIOD 1981 TO 2010
CLIMATE RECORD PERIOD 1909 TO 2019

WEATHER         OBSERVED          NORMAL  DEPART  LAST YEAR`S
                 VALUE   DATE(S)  VALUE   FROM    VALUE
                                          NORMAL
.............................................................
TEMPERATURE (F)
RECORD
 HIGH              99   08/09/1957
                        07/28/1952
 LOW               31   06/17/1917
HIGHEST            87   08/20                         86
                        08/18
                        07/21
LOWEST             45   06/14                         49
AVG. MAXIMUM     77.6              80.2    -2.6     78.4
AVG. MINIMUM     60.5              63.2    -2.7     61.2
MEAN             69.1              71.7    -2.6     69.8
DAYS MAX >= 90      0               2.9    -2.9        0
DAYS MAX <= 32      0               0.0     0.0        0
DAYS MIN <= 32      0               0.0     0.0        0
DAYS MIN <= 0       0               0.0     0.0        0

PRECIPITATION (INCHES)
RECORD
 MAXIMUM        19.16   2006
 MINIMUM         6.12   1997
TOTALS           7.96             11.57   -3.61     8.63
DAILY AVG.       0.09              0.13   -0.04     0.09
DAYS >= .01        32              36.7    -4.7       39
DAYS >= .10        17              22.9    -5.9       19
DAYS >= .50         6               8.0    -2.0        6
DAYS >= 1.00        0               2.3    -2.3        1
GREATEST
 24 HR. TOTAL    0.92                               1.09

SNOWFALL (INCHES)
TOTALS            0.0                                0.0
DAYS >= TRACE       0                                  0
DAYS >= 1.0         0                                  0
GREATEST
 24 HR TOTAL      0.0                                0.0

DEGREE_DAYS
HEATING TOTAL      68                29      39       19
COOLING TOTAL     455               644    -189      484
..............................................................

WIND (MPH)
AVERAGE WIND SPEED              5.2
HIGHEST WIND SPEED/DIRECTION    31/280    DATE  07/15
HIGHEST GUST SPEED/DIRECTION    44/270    DATE  07/15

SKY COVER
AVERAGE SKY COVER           0.40

AVERAGE RH (PERCENT)     72

WEATHER CONDITIONS. NUMBER OF DAYS WITH:
THUNDERSTORM             26     MIXED PRECIP                 0
HEAVY RAIN               12     RAIN                        18
LIGHT RAIN               43     FREEZING RAIN                0
LIGHT FREEZING RAIN       0     HAIL                         0
HEAVY SNOW                0     SNOW                         0
LIGHT SNOW                0     SLEET                        0
FOG                      44     FOG W/VIS <= 1/4 MILE       14
HAZE                      3


-  INDICATES NEGATIVE NUMBERS.
R  INDICATES RECORD WAS SET OR TIED.
MM INDICATES DATA IS MISSING.
T  INDICATES TRACE AMOUNT.

REMARKS:
DUE TO MISSING TEMPERATURES ON MAY 10 AND JULY 11-12, ALL
TEMPERATURE AND COOLING DEGREE DAY INFORMATION WILL BE CALCULATED
WITHOUT DATA FROM THESE DATES.

$$

RAB
