000
CXUS53 KDVN 011155
CLSBRL


CLIMATE REPORT
NATIONAL WEATHER SERVICE QUAD CITIES IA IL
643 AM CDT SUN SEP 1 2019

...................................

...THE BURLINGTON IA CLIMATE SUMMARY FOR THE SEASON, FROM
6/1/2019 TO 8/31/2019...

CLIMATE NORMAL PERIOD 1981 TO 2010
CLIMATE RECORD PERIOD 1897 TO 2019

WEATHER         OBSERVED          NORMAL  DEPART
                 VALUE   DATE(S)  VALUE   FROM
                                          NORMAL
................................................
TEMPERATURE (F)
RECORD
 HIGH             111   07/15/1936
                        07/14/1936
 LOW               39   06/08/1913
HIGHEST            94   07/20        87       7
                        07/19
LOWEST             52   06/13        58      -6
AVG. MAXIMUM     84.1              85.2    -1.1
AVG. MINIMUM     65.2              65.0     0.2
MEAN             74.7              75.1    -0.4
DAYS MAX >= 90     19
DAYS MAX <= 32      0
DAYS MIN <= 32      0
DAYS MIN <= 0       0

PRECIPITATION (INCHES)
TOTALS           9.24             12.99   -3.75
DAILY AVG.       0.10              0.14   -0.04
DAYS >= .01        27
DAYS >= .10        15
DAYS >= .50         8
DAYS >= 1.00        2
GREATEST
 24 HR. TOTAL    1.61   08/25 TO 08/26

DEGREE_DAYS
HEATING TOTAL       4                16     -12
 SINCE 7/1          0                 4      -4
COOLING TOTAL     916               941     -25
 SINCE 1/1        990              1043     -53
.................................................

WIND (MPH)
AVERAGE WIND SPEED              6.8
HIGHEST WIND SPEED/DIRECTION    44/030    DATE  06/30
HIGHEST GUST SPEED/DIRECTION    58/030    DATE  06/30

SKY COVER
AVERAGE SKY COVER           0.30
NUMBER OF DAYS FAIR           64
NUMBER OF DAYS PC             25
NUMBER OF DAYS CLOUDY          3

AVERAGE RH (PERCENT)     70

WEATHER CONDITIONS. NUMBER OF DAYS WITH
THUNDERSTORM             19     HAIL                       0
SLEET                     0     FOG                       41
FOG W/VIS <= 1/4 MILE     2     HAZE                      33

-  INDICATES NEGATIVE NUMBERS.
R  INDICATES RECORD WAS SET OR TIED.
MM INDICATES DATA IS MISSING.
T  INDICATES TRACE AMOUNT.

$$
