000
CXUS53 KDVN 011005
CLSBRL

CLIMATE REPORT
NATIONAL WEATHER SERVICE QUAD CITIES IA IL
505 AM CDT TUE SEP 01 2020

...................................

...THE BURLINGTON IA CLIMATE SUMMARY FOR THE SEASON, FROM
6/1/2020 TO 8/31/2020...

CLIMATE NORMAL PERIOD 1981 TO 2010
CLIMATE RECORD PERIOD 1897 TO 2020

WEATHER         OBSERVED          NORMAL  DEPART   LAST YEAR`S
                VALUE   DATE(S)   VALUE   FROM     VALUE
                                          NORMAL
..............................................................
TEMPERATURE (F)
RECORD
 HIGH            111   07/15/1936
                       07/14/1936
 LOW              39   06/08/1913
HIGHEST           97   08/24         87      10
LOWEST            52   08/05         58      -6
AVG. MAXIMUM    85.8               85.2     0.6
AVG. MINIMUM    65.0               65.0    -0.0
MEAN            75.4               75.1     0.3
DAYS MAX >= 90    22
DAYS MAX <= 32     0
DAYS MIN <= 32     0
DAYS MIN <= 0      0

PRECIPITATION (INCHES)
TOTALS          9.12              12.99   -3.87
DAILY AVG.      0.10               0.14   -0.04
DAYS >= .01       25
DAYS >= .10       14
DAYS >= .50        7
DAYS >= 1.00       3
GREATEST
 24 HR. TOTAL   2.91   06/21 TO 06/22


DEGREE DAYS
HEATING TOTAL      0                 16     -16
 SINCE 7/1         0                  1      -1
COOLING TOTAL    976                941      35
 SINCE 1/1      1025               1043     -18
..............................................................

WIND (MPH)
AVERAGE WIND SPEED              6.5
HIGHEST WIND SPEED/DIRECTION    35/320    DATE  08/10
HIGHEST GUST SPEED/DIRECTION    60/330    DATE  08/10

SKY COVER
POSSIBLE SUNSHINE (PERCENT)   MM
AVERAGE SKY COVER           0.19
NUMBER OF DAYS FAIR           71
NUMBER OF DAYS PC             21
NUMBER OF DAYS CLOUDY          0

AVERAGE RH (PERCENT)     71

WEATHER CONDITIONS. NUMBER OF DAYS WITH
THUNDERSTORM             19     HAIL                       0
SLEET                     0     FOG                       44
FOG W/VIS <= 1/4 MILE     7     HAZE                      34

-  INDICATES NEGATIVE NUMBERS.
R  INDICATES RECORD WAS SET OR TIED.
MM INDICATES DATA IS MISSING.
T  INDICATES TRACE AMOUNT.

$$
