000
CXUS53 KDVN 011246
CLSBRL


CLIMATE REPORT
NATIONAL WEATHER SERVICE QUAD CITIES IA IL
645 AM CST SUN DEC 1 2019

...................................

...THE BURLINGTON IA CLIMATE SUMMARY FOR THE SEASON, FROM
9/1/2019 TO 11/30/2019...

CLIMATE NORMAL PERIOD 1981 TO 2010
CLIMATE RECORD PERIOD 1897 TO 2019

WEATHER         OBSERVED          NORMAL  DEPART
                 VALUE   DATE(S)  VALUE   FROM
                                          NORMAL
................................................
TEMPERATURE (F)
RECORD
 HIGH             103   09/01/1913
                        09/05/1899
 LOW               -2   11/08/1991
                        11/26/1977
                        11/29/1976
HIGHEST            91   09/12        83       8
LOWEST              5   11/12        26     -21
AVG. MAXIMUM     62.4              65.4    -3.0
AVG. MINIMUM     44.1              44.7    -0.6
MEAN             53.2              55.1    -1.9
DAYS MAX >= 90      3
DAYS MAX <= 32      2
DAYS MIN <= 32     25
DAYS MIN <= 0       0

PRECIPITATION (INCHES)
TOTALS          11.64              9.14    2.50
DAILY AVG.       0.13              0.10    0.03
DAYS >= .01        29
DAYS >= .10        19
DAYS >= .50         6
DAYS >= 1.00        4
GREATEST
 24 HR. TOTAL    2.57   09/27 TO 09/28

DEGREE_DAYS
HEATING TOTAL    1301              1070     231
 SINCE 7/1       1301              1073     228
COOLING TOTAL     246               164      82
 SINCE 1/1       1236              1207      29
.................................................

WIND (MPH)
AVERAGE WIND SPEED              8.1
HIGHEST WIND SPEED/DIRECTION    38/240    DATE  11/26
HIGHEST GUST SPEED/DIRECTION    57/210    DATE  11/26

SKY COVER
POSSIBLE SUNSHINE (PERCENT)   MM
AVERAGE SKY COVER           0.40
NUMBER OF DAYS FAIR           49
NUMBER OF DAYS PC             25
NUMBER OF DAYS CLOUDY         17

AVERAGE RH (PERCENT)     72

WEATHER CONDITIONS. NUMBER OF DAYS WITH
THUNDERSTORM             13     HAIL                     0
SLEET                     0     FOG                     45
FOG W/VIS <= 1/4 MILE     7     HAZE                    21


-  INDICATES NEGATIVE NUMBERS.
R  INDICATES RECORD WAS SET OR TIED.
MM INDICATES DATA IS MISSING.
T  INDICATES TRACE AMOUNT.

$$


NOTE: SUPPLEMENTAL CLIMATE DATA WAS USED FROM A NEARBY
CLIMATOLOGICALLY REPRESENTATIVE STATION.
