000
CXUS53 KGRR 012222
CLSBTL

WRKCLMBTL 000
TTAA00 KGRR 012205


CLIMATE REPORT
NATIONAL WEATHER SERVICE GRAND RAPIDS, MI
558 PM EDT SUN SEP 1 2019

...................................

...THE BATTLE CREEK MI CLIMATE SUMMARY FOR THE SEASON, FROM
6/1/2019 TO 8/31/2019...

CLIMATE NORMAL PERIOD 1981 TO 2010
CLIMATE RECORD PERIOD 1998 TO 2019

WEATHER         OBSERVED          NORMAL  DEPART  LAST YEAR`S
                 VALUE   DATE(S)  VALUE   FROM    VALUE  DATE(S)
                                          NORMAL
................................................................
TEMPERATURE (F)
HIGHEST            94   07/20        MM      MM       93  08/05
                                                          07/15
                                                          07/01
LOWEST             41   06/03        MM      MM       48  06/06
AVG. MAXIMUM     81.4              80.9     0.5     82.1
AVG. MINIMUM     60.9              57.4     3.5     62.8
MEAN             71.1              69.1     2.0     72.4
DAYS MAX >= 90      9               6.3     2.7       13
DAYS MAX <= 32      0               0.0     0.0        0
DAYS MIN <= 32      0               0.1    -0.1        0
DAYS MIN <= 0       0               0.0     0.0        0

PRECIPITATION (INCHES)
TOTALS          10.96             10.06    0.90     7.03
DAILY AVG.       0.12              0.11    0.01     0.12
DAYS >= .01        35              29.1     5.9       27
DAYS >= .10        26              18.6     7.4       18
DAYS >= .50         8               7.0     1.0        4
DAYS >= 1.00        1               2.3    -1.3        2
GREATEST
 24 HR. TOTAL    1.20   06/13 TO 06/13

DEGREE_DAYS
HEATING TOTAL      53                97     -44       11
 SINCE 7/1          7                41     -34        2
COOLING TOTAL     641               481     160      710
 SINCE 1/1        657               518     139      824

.................................................................

WIND (MPH)
AVERAGE WIND SPEED              7.0
RESULTANT WIND SPEED/DIRECTION   2/239
HIGHEST WIND SPEED/DIRECTION    37/270    DATE  07/20
HIGHEST GUST SPEED/DIRECTION    57/270    DATE  07/20

SKY COVER
POSSIBLE SUNSHINE (PERCENT)   MM
AVERAGE SKY COVER           0.30
NUMBER OF DAYS FAIR           54
NUMBER OF DAYS PC             30
NUMBER OF DAYS CLOUDY          8

AVERAGE RH (PERCENT)     72


-  INDICATES NEGATIVE NUMBERS.
R  INDICATES RECORD WAS SET OR TIED.
MM INDICATES DATA IS MISSING.
T  INDICATES TRACE AMOUNT.

$$
