000
CXUS53 KGRR 022314 RRA
CLSBTL

WRKCLMBTL 000
TTAA00 KGRR 022310


CLIMATE REPORT
NATIONAL WEATHER SERVICE GRAND RAPIDS, MI
547 PM EST MON DEC 2 2019

...................................

...THE BATTLE CREEK MI CLIMATE SUMMARY FOR THE SEASON, FROM
9/1/2019 TO 11/30/2019...

CLIMATE NORMAL PERIOD 1981 TO 2010
CLIMATE RECORD PERIOD 1998 TO 2019

WEATHER         OBSERVED          NORMAL  DEPART  LAST YEAR`S
                 VALUE   DATE(S)  VALUE   FROM    VALUE  DATE(S)
                                          NORMAL
................................................................
TEMPERATURE (F)
HIGHEST            90   09/11        MM      MM       90  09/17
                                                          09/04
LOWEST              8R  11/13        MM      MM       22  11/30
                                                          11/28
                                                          11/29
AVG. MAXIMUM     59.2              60.8    -1.6     59.0
AVG. MINIMUM     42.9              39.9     3.0     43.4
MEAN             51.0              50.3     0.7     51.2
DAYS MAX >= 90      1               0.2     0.8        2
DAYS MAX <= 32      3               1.6     1.4        6
DAYS MIN <= 32     23              25.3    -2.3       23
DAYS MIN <= 0       0               0.0     0.0        0

PRECIPITATION (INCHES)
TOTALS          11.54              9.62    1.92       MM
DAILY AVG.       0.13              0.11    0.02       MM
DAYS >= .01        35              33.1     1.9       MM
DAYS >= .10        21              18.5     2.5       MM
DAYS >= .50         9               6.2     2.8       MM
DAYS >= 1.00        2               2.5    -0.5       MM
GREATEST
 24 HR. TOTAL    1.33   10/26 TO 10/26

DEGREE_DAYS
HEATING TOTAL    1378              1396     -18     1359
 SINCE 7/1       1385              1438     -53     1361
COOLING TOTAL     126                60      66      183
 SINCE 1/1        783               578     205     1007

FREEZE DATES
EARLIEST                        MM
LATEST                          MM
.................................................................

WIND (MPH)
AVERAGE WIND SPEED              8.5
RESULTANT WIND SPEED/DIRECTION   3/225
HIGHEST WIND SPEED/DIRECTION    39/230    DATE  11/27
HIGHEST GUST SPEED/DIRECTION    52/230    DATE  11/27

SKY COVER
POSSIBLE SUNSHINE (PERCENT)   MM
AVERAGE SKY COVER           0.60
NUMBER OF DAYS FAIR           21
NUMBER OF DAYS PC             42
NUMBER OF DAYS CLOUDY         28

AVERAGE RH (PERCENT)     77

-  INDICATES NEGATIVE NUMBERS.
R  INDICATES RECORD WAS SET OR TIED.
MM INDICATES DATA IS MISSING.
T  INDICATES TRACE AMOUNT.

$$
