969
CXUS51 KCLE 081908
CLSCAK


CLIMATE REPORT
NATIONAL WEATHER SERVICE CLEVELAND OH
300 PM EDT SUN SEP 8 2019

...................................

...THE AKRON CANTON OH CLIMATE SUMMARY FOR THE SEASON, FROM
6/1/2019 TO 8/31/2019...

CLIMATE NORMAL PERIOD 1981 TO 2010
CLIMATE RECORD PERIOD 1887 TO 2019

WEATHER         OBSERVED          NORMAL  DEPART
                 VALUE   DATE(S)  VALUE   FROM
                                          NORMAL
................................................
TEMPERATURE (F)
RECORD
 HIGH             104   08/06/1918
 LOW               32   06/11/1972
HIGHEST            94   07/20
LOWEST             47   06/03
AVG. MAXIMUM     82.6              80.1     2.5
AVG. MINIMUM     63.2              60.1     3.1
MEAN             72.9              70.1     2.8
DAYS MAX >= 90     12               4.9
DAYS MAX <= 32      0               0.0
DAYS MIN <= 32      0               0.0
DAYS MIN <= 0       0               0.0

PRECIPITATION (INCHES)
RECORD
 MAXIMUM        19.89   1990
 MINIMUM         3.19   1991
TOTALS          16.91             11.47    5.44
DAYS >= .01        39              33.0
DAYS >= .10        32              20.7
DAYS >= .50        14               7.9
DAYS >= 1.00        3               2.6

SNOWFALL (INCHES)
RECORDS
 TOTAL             MM   MM
TOTALS            0.0               0.0
DAYS >= TRACE       0
DAYS >= 1.0         0               0.0

DEGREE_DAYS
HEATING TOTAL      25                70     -45
COOLING TOTAL     782               539     243
.................................................

WIND (MPH)
HIGHEST GUST SPEED/DIRECTION    55/230    DATE  08/18

SKY COVER
POSSIBLE SUNSHINE (PERCENT)   MM
NUMBER OF DAYS FAIR           25
NUMBER OF DAYS PC             44
NUMBER OF DAYS CLOUDY         23


WEATHER CONDITIONS. NUMBER OF DAYS WITH
THUNDERSTORM             28     MIXED PRECIP               0
HEAVY RAIN               12     RAIN                      16
LIGHT RAIN               41     FREEZING RAIN              0
LT FREEZING RAIN          0     HAIL                       0
HEAVY SNOW                0     SNOW                       0
LIGHT SNOW                0     SLEET                      0
FOG                      52     FOG W/VIS <= 1/4 MILE      8
HAZE                     33

-  INDICATES NEGATIVE NUMBERS.
R  INDICATES RECORD WAS SET OR TIED.
MM INDICATES DATA IS MISSING.
T  INDICATES TRACE AMOUNT.

$$
