000
CXUS51 KCLE 020302
CLSCAK


CLIMATE REPORT
NATIONAL WEATHER SERVICE CLEVELAND OH
957 PM EST SUN DEC 1 2019

...................................

...THE AKRON CANTON OH CLIMATE SUMMARY FOR THE SEASON, FROM
9/1/2019 TO 11/30/2019...

CLIMATE NORMAL PERIOD 1981 TO 2010
CLIMATE RECORD PERIOD 1887 TO 2019

WEATHER         OBSERVED          NORMAL  DEPART
                 VALUE   DATE(S)  VALUE   FROM
                                          NORMAL
................................................
TEMPERATURE (F)
RECORD
 HIGH              99   09/03/1953
                        09/02/1953
 LOW                    11/30/1958
HIGHEST            93   09/11
LOWEST             10   11/13
AVG. MAXIMUM     65.4              61.0     4.4
AVG. MINIMUM     45.6              43.2     2.4
MEAN             55.5              52.1     3.4
DAYS MAX >= 90      4               0.3
DAYS MAX <= 32      1               1.7
DAYS MIN <= 32     17              15.9
DAYS MIN <= 0       0               0.0

PRECIPITATION (INCHES)
RECORD
 MAXIMUM        19.79   1926
 MINIMUM         2.52   1953
TOTALS           7.05              9.58   -2.53
DAYS >= .01        32              34.9
DAYS >= .10        20              19.9
DAYS >= .50         2               5.9
DAYS >= 1.00        1               1.8

SNOWFALL (INCHES)
RECORDS
 TOTAL           22.3   1950
TOTALS            2.7               3.4
DAYS >= TRACE       9
DAYS >= 1.0         1               1.2

DEGREE_DAYS
HEATING TOTAL    1061              1239    -178
COOLING TOTAL     222                69     153
.................................................

WIND (MPH)
HIGHEST GUST SPEED/DIRECTION    62/260    DATE  11/27

SKY COVER
POSSIBLE SUNSHINE (PERCENT)   MM
NUMBER OF DAYS FAIR           14
NUMBER OF DAYS PC             47
NUMBER OF DAYS CLOUDY         30


WEATHER CONDITIONS. NUMBER OF DAYS WITH
THUNDERSTORM              7     MIXED PRECIP               0
HEAVY RAIN                2     RAIN                      10
LIGHT RAIN               30     FREEZING RAIN              0
LT FREEZING RAIN          0     HAIL                       0
HEAVY SNOW                0     SNOW                       4
LIGHT SNOW                9     SLEET                      0
FOG                      44     FOG W/VIS <= 1/4 MILE      3
HAZE                     19

-  INDICATES NEGATIVE NUMBERS.
R  INDICATES RECORD WAS SET OR TIED.
MM INDICATES DATA IS MISSING.
T  INDICATES TRACE AMOUNT.

$$
