000
CXUS53 KPAH 012010
CLSCGI

CLIMATE REPORT
NATIONAL WEATHER SERVICE PADUCAH
310 PM CDT TUE SEP 01 2020

...................................

...THE CAPE GIRARDEAU MO CLIMATE SUMMARY FOR THE SUMMER SEASON, FROM
6/1/2020 TO 8/31/2020...

CLIMATE NORMAL PERIOD 1981 TO 2010
CLIMATE RECORD PERIOD 1960 TO 2020

WEATHER         OBSERVED          NORMAL  DEPART   LAST YEAR`S
                VALUE   DATE(S)   VALUE   FROM     VALUE
                                          NORMAL
..............................................................
TEMPERATURE (F)
RECORD
 HIGH            107   06/29/2012
 LOW              43   06/01/1972
HIGHEST           95   07/11         MM      MM
LOWEST            55   08/06         MM      MM
AVG. MAXIMUM    88.1               88.2    -0.1
AVG. MINIMUM    66.9               65.8     1.1
MEAN            77.5               77.0     0.5
DAYS MAX >= 90    40               36.7     3.3
DAYS MAX <= 32     0                0.0     0.0
DAYS MIN <= 32     0                0.0     0.0
DAYS MIN <= 0      0                0.0     0.0

PRECIPITATION (INCHES)
RECORD
 MAXIMUM       18.62   1989
 MINIMUM        4.25   2007
TOTALS          9.03               9.95   -0.92
DAILY AVG.      0.11               0.11    0.00
DAYS >= .01       27               26.3     0.7
DAYS >= .10       17               16.9     0.1
DAYS >= .50        7                6.4     0.6
DAYS >= 1.00       2                2.1    -0.1
GREATEST
 24 HR. TOTAL   1.78   07/31 TO 08/01
 STORM TOTAL    1.29
 (MM/DD(HH))


DEGREE DAYS
HEATING TOTAL      0                  5      -5
 SINCE 7/1         0                  0       0
COOLING TOTAL   1174               1108      66
 SINCE 1/1      1307               1260      47

FREEZE DATES
RECORD
 EARLIEST     MM
 LATEST       MM
EARLIEST                        MM
LATEST                          04/18
..............................................................

WIND (MPH)
AVERAGE WIND SPEED              5.2
HIGHEST WIND SPEED/DIRECTION    36/220    DATE  06/20
HIGHEST GUST SPEED/DIRECTION    50/350    DATE  06/30

SKY COVER
POSSIBLE SUNSHINE (PERCENT)   MM
AVERAGE SKY COVER           0.25
NUMBER OF DAYS FAIR           66
NUMBER OF DAYS PC             24
NUMBER OF DAYS CLOUDY          2

AVERAGE RH (PERCENT)     73

WEATHER CONDITIONS. NUMBER OF DAYS WITH
THUNDERSTORM             26     MIXED PRECIP               0
HEAVY RAIN               15     RAIN                      22
LIGHT RAIN               31     FREEZING RAIN              0
LT FREEZING RAIN          0     HAIL                       0
HEAVY SNOW                0     SNOW                       0
LIGHT SNOW                0     SLEET                      0
FOG                      59     FOG W/VIS <= 1/4 MILE     16
HAZE                     13

-  INDICATES NEGATIVE NUMBERS.
R  INDICATES RECORD WAS SET OR TIED.
MM INDICATES DATA IS MISSING.
T  INDICATES TRACE AMOUNT.

$$
