000
CXUS53 KPAH 291549
CLSCGI


CLIMATE REPORT
NATIONAL WEATHER SERVICE PADUCAH
949 AM CST WED JAN 29 2020

...................................

...THE CAPE GIRARDEAU MO CLIMATE SUMMARY FOR THE SEASON, FROM
9/1/2019 TO 11/30/2019...

CLIMATE NORMAL PERIOD 1981 TO 2010
CLIMATE RECORD PERIOD 1960 TO 2020

WEATHER         OBSERVED          NORMAL  DEPART   LAST YEAR`S
                VALUE   DATE(S)   VALUE   FROM     VALUE
                                          NORMAL
..............................................................
TEMPERATURE (F)
RECORD
 HIGH            100   09/06/1960
 LOW               8   11/18/2014
                       11/29/1976
HIGHEST           99   09/16         MM      MM
LOWEST            14   11/13         MM      MM
AVG. MAXIMUM    70.4               69.7     0.7
AVG. MINIMUM    47.3               45.9     1.4
MEAN            58.8               57.8     1.0
DAYS MAX >= 90    18                3.7    14.3
DAYS MAX <= 32     1                0.1     0.9
DAYS MIN <= 32    17               14.5     2.5
DAYS MIN <= 0      0                0.0     0.0

PRECIPITATION (INCHES)
RECORD
 MAXIMUM       22.13   1984
 MINIMUM        3.54   1999
TOTALS         16.98              11.51    5.47
DAILY AVG.      0.19               0.13    0.06
DAYS >= .01       26               26.2    -0.2
DAYS >= .10       17               17.5    -0.5
DAYS >= .50       11                7.9     3.1
DAYS >= 1.00       5                3.6     1.4
GREATEST
 24 HR. TOTAL   3.87   10/26 TO 10/26


DEGREE DAYS
HEATING TOTAL    938                850      88
 SINCE 7/1       938                851      87
COOLING TOTAL    400                193     207
 SINCE 1/1      1775               1453     322

FREEZE DATES
RECORD
 EARLIEST     MM
 LATEST       MM
EARLIEST                        10/22
LATEST                          04/06
..............................................................

WIND (MPH)
AVERAGE WIND SPEED              6.3
HIGHEST WIND SPEED/DIRECTION    38/260    DATE  11/27
HIGHEST GUST SPEED/DIRECTION    55/270    DATE  11/27

SKY COVER
POSSIBLE SUNSHINE (PERCENT)   MM
AVERAGE SKY COVER           0.28
NUMBER OF DAYS FAIR           63
NUMBER OF DAYS PC             16
NUMBER OF DAYS CLOUDY         12

AVERAGE RH (PERCENT)     71

WEATHER CONDITIONS. NUMBER OF DAYS WITH
THUNDERSTORM              9     MIXED PRECIP               0
HEAVY RAIN               12     RAIN                      17
LIGHT RAIN               30     FREEZING RAIN              1
LT FREEZING RAIN          0     HAIL                       0
HEAVY SNOW                0     SNOW                       0
LIGHT SNOW                1     SLEET                      0
FOG                      60     FOG W/VIS <= 1/4 MILE     11
HAZE                     24

-  INDICATES NEGATIVE NUMBERS.
R  INDICATES RECORD WAS SET OR TIED.
MM INDICATES DATA IS MISSING.
T  INDICATES TRACE AMOUNT.

$$
