862
CXUS53 KPAH 011533
CLSCGI

CLIMATE REPORT
NATIONAL WEATHER SERVICE PADUCAH KY
1021 AM CDT SUN SEP 1 2019

...................................

...THE CAPE GIRARDEAU MO CLIMATE SUMMARY FOR THE SUMMER SEASON, FROM
6/1/2019 TO 8/31/2019...

CLIMATE NORMAL PERIOD 1981 TO 2010
CLIMATE RECORD PERIOD 1960 TO 2019

WEATHER         OBSERVED          NORMAL  DEPART
                 VALUE   DATE(S)  VALUE   FROM
                                          NORMAL
................................................
TEMPERATURE (F)
RECORD
 HIGH             107   06/29/2012
 LOW               43   06/01/1972
HIGHEST            96   07/10        MM      MM
LOWEST             51   06/14        MM      MM
AVG. MAXIMUM     87.1              88.2    -1.1
AVG. MINIMUM     67.8              65.8     2.0
MEAN             77.4              77.0     0.4
DAYS MAX >= 90     36              36.7    -0.7
DAYS MAX <= 32      0               0.0     0.0
DAYS MIN <= 32      0               0.0     0.0
DAYS MIN <= 0       0               0.0     0.0

PRECIPITATION (INCHES)
RECORD
 MAXIMUM        18.62   1989
 MINIMUM         4.25   2007
TOTALS          15.04              9.95    5.09
DAILY AVG.       0.16              0.11    0.05
DAYS >= .01        30              26.3     3.7
DAYS >= .10        23              16.9     6.1
DAYS >= .50        13               6.4     6.6
DAYS >= 1.00        6               2.1     3.9
GREATEST
 24 HR. TOTAL    1.68   MM
 STORM TOTAL       MM
 (MM/DD(HH))            MM

SNOWFALL (INCHES)
RECORDS
 TOTAL             MM   MM
 24 HR TOTAL       MM
TOTALS             MM               0.0      MM
 LIQUID EQUIV      MM              0.00      MM
SINCE 7/1          MM               0.0      MM
 LIQUID 7/1        MM
DAYS >= TRACE      MM               0.0      MM
DAYS >= 1.0        MM               0.0      MM
GREATEST
 SNOW DEPTH        MM
 24 HR TOTAL       MM
 STORM TOTAL       MM
 (MM/DD(HH))            MM

DEGREE_DAYS
HEATING TOTAL       0                 5      -5
 SINCE 7/1          0                 1      -1
COOLING TOTAL    1156              1108      48
 SINCE 1/1       1375              1260     115

FREEZE DATES
RECORD
 EARLIEST     MM
 LATEST       MM
EARLIEST                        MM
LATEST                          MM
.................................................

WIND (MPH)
AVERAGE WIND SPEED              5.7
HIGHEST WIND SPEED/DIRECTION    37/300    DATE  06/21
HIGHEST GUST SPEED/DIRECTION    72/310    DATE  06/21

SKY COVER
POSSIBLE SUNSHINE (PERCENT)   MM
AVERAGE SKY COVER           0.20
NUMBER OF DAYS FAIR           69
NUMBER OF DAYS PC             21
NUMBER OF DAYS CLOUDY          2

AVERAGE RH (PERCENT)     72

WEATHER CONDITIONS. NUMBER OF DAYS WITH
THUNDERSTORM             34     MIXED PRECIP               0
HEAVY RAIN               22     RAIN                      19
LIGHT RAIN               40     FREEZING RAIN              0
LT FREEZING RAIN          0     HAIL                       0
HEAVY SNOW                0     SNOW                       0
LIGHT SNOW                0     SLEET                      0
FOG                      58     FOG W/VIS <= 1/4 MILE      8
HAZE                     18

-  INDICATES NEGATIVE NUMBERS.
R  INDICATES RECORD WAS SET OR TIED.
MM INDICATES DATA IS MISSING.
T  INDICATES TRACE AMOUNT.

$$
