000
CXUS53 KDVN 011155
CLSCID


CLIMATE REPORT
NATIONAL WEATHER SERVICE QUAD CITIES IA IL
643 AM CDT SUN SEP 1 2019

...................................

...THE CEDAR RAPIDS IA CLIMATE SUMMARY FOR THE SEASON, FROM
6/1/2019 TO 8/31/2019...

CLIMATE NORMAL PERIOD 1981 TO 2010
CLIMATE RECORD PERIOD 1891 TO 2019

WEATHER         OBSERVED          NORMAL  DEPART
                 VALUE   DATE(S)  VALUE   FROM
                                          NORMAL
................................................
TEMPERATURE (F)
RECORD
 HIGH             110   07/05/1911
 LOW               36   06/04/1945
HIGHEST            92   07/20        84       8
                        07/19
                        06/30
LOWEST             49   06/13        55      -6
AVG. MAXIMUM     81.4              81.8    -0.4
AVG. MINIMUM     61.1              60.6     0.5
MEAN             71.3              71.2     0.1
DAYS MAX >= 90      7
DAYS MAX <= 32      0
DAYS MIN <= 32      0
DAYS MIN <= 0       0

PRECIPITATION (INCHES)
TOTALS          11.62             13.86   -2.24
DAILY AVG.       0.13              0.15   -0.02
DAYS >= .01        35
DAYS >= .10        25
DAYS >= .50         7
DAYS >= 1.00        2
GREATEST
 24 HR. TOTAL    1.77

DEGREE_DAYS
HEATING TOTAL      19                49     -30
 SINCE 7/1          8                19     -11
COOLING TOTAL     624               620       4
 SINCE 1/1        652               668     -16
.................................................

WIND (MPH)
AVERAGE WIND SPEED              7.7
HIGHEST WIND SPEED/DIRECTION    38/300    DATE  08/20
HIGHEST GUST SPEED/DIRECTION    54/350    DATE  08/05

SKY COVER
AVERAGE SKY COVER           0.30
NUMBER OF DAYS FAIR           66
NUMBER OF DAYS PC             21
NUMBER OF DAYS CLOUDY          5

AVERAGE RH (PERCENT)     76

WEATHER CONDITIONS. NUMBER OF DAYS WITH
THUNDERSTORM             19     HAIL                       0
SLEET                     0     FOG                       51
FOG W/VIS <= 1/4 MILE     6     HAZE                      13

-  INDICATES NEGATIVE NUMBERS.
R  INDICATES RECORD WAS SET OR TIED.
MM INDICATES DATA IS MISSING.
T  INDICATES TRACE AMOUNT.

$$
