000
CXUS53 KDVN 011246
CLSCID


CLIMATE REPORT
NATIONAL WEATHER SERVICE QUAD CITIES IA IL
645 AM CST SUN DEC 1 2019

...................................

...THE CEDAR RAPIDS IA CLIMATE SUMMARY FOR THE SEASON, FROM
9/1/2019 TO 11/30/2019...

CLIMATE NORMAL PERIOD 1981 TO 2010
CLIMATE RECORD PERIOD 1891 TO 2019

WEATHER         OBSERVED          NORMAL  DEPART
                 VALUE   DATE(S)  VALUE   FROM
                                          NORMAL
................................................
TEMPERATURE (F)
RECORD
 HIGH             105   09/04/1925
 LOW              -12   11/29/1891
HIGHEST            88   09/30        79       9
LOWEST             -6   11/12        20     -26
AVG. MAXIMUM     58.2              60.9    -2.7
AVG. MINIMUM     39.3              39.5    -0.2
MEAN             48.7              50.2    -1.5
DAYS MAX >= 90      0
DAYS MAX <= 32      7
DAYS MIN <= 32     40
DAYS MIN <= 0       1

PRECIPITATION (INCHES)
TOTALS          11.13              7.89    3.24
DAILY AVG.       0.12              0.09    0.03
DAYS >= .01        39
DAYS >= .10        23
DAYS >= .50         7
DAYS >= 1.00        2
GREATEST
 24 HR. TOTAL    1.43   10/01 TO 10/02

DEGREE_DAYS
HEATING TOTAL    1612              1427     185
 SINCE 7/1       1620              1446     174
COOLING TOTAL     151                80      71
 SINCE 1/1        803               748      55
.................................................

WIND (MPH)
AVERAGE WIND SPEED              9.6
HIGHEST WIND SPEED/DIRECTION    38/300    DATE  11/27
HIGHEST GUST SPEED/DIRECTION    54/290    DATE  11/27

SKY COVER
POSSIBLE SUNSHINE (PERCENT)   MM
AVERAGE SKY COVER           0.40
NUMBER OF DAYS FAIR           41
NUMBER OF DAYS PC             28
NUMBER OF DAYS CLOUDY         22

AVERAGE RH (PERCENT)     79

WEATHER CONDITIONS. NUMBER OF DAYS WITH
THUNDERSTORM             20     HAIL                     0
SLEET                     0     FOG                     65
FOG W/VIS <= 1/4 MILE    11     HAZE                    21


-  INDICATES NEGATIVE NUMBERS.
R  INDICATES RECORD WAS SET OR TIED.
MM INDICATES DATA IS MISSING.
T  INDICATES TRACE AMOUNT.

$$


NOTE: SUPPLEMENTAL CLIMATE DATA WAS USED FROM A NEARBY
CLIMATOLOGICALLY REPRESENTATIVE STATION.
