968
CXUS51 KCLE 081908
CLSCLE


CLIMATE REPORT
NATIONAL WEATHER SERVICE CLEVELAND OH
300 PM EDT SUN SEP 8 2019

...................................

...THE CLEVELAND OH CLIMATE SUMMARY FOR THE SEASON, FROM
6/1/2019 TO 8/31/2019...

CLIMATE NORMAL PERIOD 1981 TO 2010
CLIMATE RECORD PERIOD 1871 TO 2019

WEATHER         OBSERVED          NORMAL  DEPART
                 VALUE   DATE(S)  VALUE   FROM
                                          NORMAL
................................................
TEMPERATURE (F)
RECORD
 HIGH             104   06/25/1988
 LOW               31   06/11/1972
HIGHEST            95   07/20
LOWEST             50   06/14
                        06/04
                        06/11
AVG. MAXIMUM     81.9              80.7     1.2
AVG. MINIMUM     64.3              62.5     1.8
MEAN             73.1              71.6     1.5
DAYS MAX >= 90     13               8.2
DAYS MAX <= 32      0               0.0
DAYS MIN <= 32      0               0.0
DAYS MIN <= 0       0               0.0

PRECIPITATION (INCHES)
RECORD
 MAXIMUM        19.88   1972
 MINIMUM         3.63   1933
TOTALS          13.93             10.40    3.53
DAYS >= .01        38              31.2
DAYS >= .10        23              19.2
DAYS >= .50        11               6.6
DAYS >= 1.00        2               2.4

SNOWFALL (INCHES)
RECORDS
 TOTAL             MM   MM
TOTALS            0.0               0.0
DAYS >= TRACE       0
DAYS >= 1.0         0               0.0

DEGREE_DAYS
HEATING TOTAL      21                53     -32
COOLING TOTAL     786               656     130
.................................................

WIND (MPH)
HIGHEST GUST SPEED/DIRECTION    50/250    DATE  08/18

SKY COVER
POSSIBLE SUNSHINE (PERCENT)   MM
AVERAGE SKY COVER           0.60
NUMBER OF DAYS FAIR           18
NUMBER OF DAYS PC             52
NUMBER OF DAYS CLOUDY         22


WEATHER CONDITIONS. NUMBER OF DAYS WITH
THUNDERSTORM             25     MIXED PRECIP               0
HEAVY RAIN               12     RAIN                      14
LIGHT RAIN               47     FREEZING RAIN              0
LT FREEZING RAIN          0     HAIL                       0
HEAVY SNOW                0     SNOW                       0
LIGHT SNOW                0     SLEET                      0
FOG                      32     FOG W/VIS <= 1/4 MILE      5
HAZE                      5

-  INDICATES NEGATIVE NUMBERS.
R  INDICATES RECORD WAS SET OR TIED.
MM INDICATES DATA IS MISSING.
T  INDICATES TRACE AMOUNT.

$$
