000
CXUS51 KCLE 061501
CLSCLE


CLIMATE REPORT
NATIONAL WEATHER SERVICE CLEVELAND OH
951 AM EST FRI MAR 6 2020

...................................

...THE CLEVELAND OH CLIMATE SUMMARY FOR THE SEASON, FROM
12/1/2019 TO 2/29/2020...

CLIMATE NORMAL PERIOD 1981 TO 2010
CLIMATE RECORD PERIOD 1871 TO 2020

WEATHER         OBSERVED          NORMAL  DEPART
                 VALUE   DATE(S)  VALUE   FROM
                                          NORMAL
................................................
TEMPERATURE (F)
RECORD
 HIGH              77   12/03/1982
 LOW              -20   01/19/1994
HIGHEST            70   01/11
LOWEST              6   02/15
AVG. MAXIMUM     42.5              36.7     5.8
AVG. MINIMUM     29.0              23.9     5.1
MEAN             35.8              30.3     5.5
DAYS MAX >= 90      0               0.0
DAYS MAX <= 32     13              31.0
DAYS MIN <= 32     58              69.4
DAYS MIN <= 0       0               2.4

PRECIPITATION (INCHES)
RECORD
 MAXIMUM        14.95   1950
 MINIMUM         3.27   1901
TOTALS           8.19              8.16    0.03
DAYS >= .01        44              47.0
DAYS >= .10        27              22.0
DAYS >= .50         4               3.7
DAYS >= 1.00        0               0.7

SNOWFALL (INCHES)
RECORDS
 TOTAL           82.8   2003
TOTALS           26.6              47.7
DAYS >= TRACE      48
DAYS >= 1.0        10              14.4

DEGREE_DAYS
HEATING TOTAL    2630              3122    -492
COOLING TOTAL       0                 0       0
.................................................

WIND (MPH)
HIGHEST GUST SPEED/DIRECTION    67/230    DATE  12/30

SKY COVER
POSSIBLE SUNSHINE (PERCENT)   MM
AVERAGE SKY COVER           0.80
NUMBER OF DAYS FAIR            5
NUMBER OF DAYS PC             20
NUMBER OF DAYS CLOUDY         66


WEATHER CONDITIONS. NUMBER OF DAYS WITH
THUNDERSTORM              1     MIXED PRECIP               0
HEAVY RAIN                0     RAIN                       3
LIGHT RAIN               28     FREEZING RAIN              1
LT FREEZING RAIN          4     HAIL                       0
HEAVY SNOW                3     SNOW                       6
LIGHT SNOW               46     SLEET                      1
FOG                      47     FOG W/VIS <= 1/4 MILE      4
HAZE                     23

-  INDICATES NEGATIVE NUMBERS.
R  INDICATES RECORD WAS SET OR TIED.
MM INDICATES DATA IS MISSING.
T  INDICATES TRACE AMOUNT.

$$
