000
CXUS53 KILX 011743
CLSCMI

CLIMATE REPORT
NATIONAL WEATHER SERVICE LINCOLN IL
1143 AM CST TUE DEC 01 2020

...................................

...THE CHAMPAIGN IL AIRPORT CLIMATE SUMMARY FOR THE SEASON, FROM
9/1/2020 TO 11/30/2020...

CLIMATE NORMAL PERIOD 1981 TO 2010
CLIMATE RECORD PERIOD 9999 TO 9999

WEATHER         OBSERVED          NORMAL  DEPART   LAST YEAR`S
                VALUE   DATE(S)   VALUE   FROM     VALUE
                                          NORMAL
..............................................................
TEMPERATURE (F)
RECORD
 HIGH             MM   MM
 LOW              18   11/02/2020
HIGHEST           87   09/03         MM      MM       92
LOWEST            18R  11/02         MM      MM       -1
AVG. MAXIMUM    66.7               64.8     1.9     64.5
AVG. MINIMUM    42.7               42.4     0.3     42.7
MEAN            54.7               53.6     1.1     53.6
DAYS MAX >= 90     0                1.6    -1.6       MM
DAYS MAX <= 32     0                1.2    -1.2       MM
DAYS MIN <= 32    22               20.4     1.6       MM
DAYS MIN <= 0      0                0.0     0.0       MM

PRECIPITATION (INCHES)
RECORD
 MAXIMUM          MM   MM
 MINIMUM          MM   MM
TOTALS          6.96               9.92   -2.96     6.84
DAILY AVG.      0.08                                0.08
DAYS >= .01       31                 MM      MM       MM
DAYS >= .10       17                 MM      MM       MM
DAYS >= .50        4                 MM      MM       MM
DAYS >= 1.00       1                 MM      MM       MM
GREATEST
 24 HR. TOTAL   1.15   09/06 TO 09/06               1.09


DEGREE DAYS
HEATING TOTAL   1019               1155    -136     1242
 SINCE 7/1      1021               1165    -144     1242
COOLING TOTAL    115                117      -2      229
 SINCE 1/1      1060                945     115     1168

FREEZE DATES
RECORD
 EARLIEST     MM
 LATEST       MM
EARLIEST                        10/05
LATEST                          05/09
..............................................................

WIND (MPH)
AVERAGE WIND SPEED              9.9
HIGHEST WIND SPEED/DIRECTION    40/190    DATE  11/19
HIGHEST GUST SPEED/DIRECTION    59/350    DATE  09/08

SKY COVER
POSSIBLE SUNSHINE (PERCENT)   MM
AVERAGE SKY COVER           0.38
NUMBER OF DAYS FAIR           46
NUMBER OF DAYS PC             21
NUMBER OF DAYS CLOUDY         24

AVERAGE RH (PERCENT)     70

WEATHER CONDITIONS. NUMBER OF DAYS WITH
THUNDERSTORM              7     MIXED PRECIP               0
HEAVY RAIN                6     RAIN                      16
LIGHT RAIN               33     FREEZING RAIN              0
LT FREEZING RAIN          0     HAIL                       0
HEAVY SNOW                0     SNOW                       0
LIGHT SNOW                0     SLEET                      0
FOG                      44     FOG W/VIS <= 1/4 MILE      8
HAZE                      7

-  INDICATES NEGATIVE NUMBERS.
R  INDICATES RECORD WAS SET OR TIED.
MM INDICATES DATA IS MISSING.
T  INDICATES TRACE AMOUNT.

$$
