253
CXUS53 KDDC 031717
CLSDDC


CLIMATE REPORT
NATIONAL WEATHER SERVICE DODGE CITY KS
1210 PM CDT TUE SEP 3 2019

...................................

...THE DODGE CITY KS CLIMATE SUMMARY FOR THE SEASON, FROM
6/1/2019 TO 8/31/2019...

CLIMATE NORMAL PERIOD 1981 TO 2010
CLIMATE RECORD PERIOD 1875 TO 2019

WEATHER         OBSERVED          NORMAL  DEPART  LAST YEAR`S
                 VALUE   DATE(S)  VALUE   FROM    VALUE  DATE(S)
                                          NORMAL
................................................................
TEMPERATURE (F)
RECORD
 HIGH             111   06/27/2012
 LOW               36   06/02/1917
HIGHEST           105   07/31        MM      MM      104  06/10
                        07/20
LOWEST             45   06/10        MM      MM       53  06/03
AVG. MAXIMUM     90.8              90.2     0.6     91.9
AVG. MINIMUM     64.6              64.3     0.3     65.3
MEAN             77.7              77.2     0.5     78.6
DAYS MAX >= 90     52              50.8     1.2       64
DAYS MAX <= 32      0               0.0     0.0        0
DAYS MIN <= 32      0               0.0     0.0        0
DAYS MIN <= 0       0               0.0     0.0        0

PRECIPITATION (INCHES)
RECORD
 MAXIMUM        18.89   1884
 MINIMUM         1.58   2011
TOTALS           7.93              9.07   -1.14    13.46
DAILY AVG.       0.09              0.10   -0.01     0.15
DAYS >= .01        24              25.1    -1.1       31
DAYS >= .10        12              15.8    -3.8       19
DAYS >= .50         6               6.0     0.0       10
DAYS >= 1.00        3               2.2     0.8        3
GREATEST
 24 HR. TOTAL    1.72   06/17 TO 06/18           08/18 TO 08/19

SNOWFALL (INCHES)
RECORDS
 TOTAL             MM   MM
 24 HR TOTAL       MM
 SNOW DEPTH        MM   MM
TOTALS            0.0               0.0     0.0      0.0
 LIQUID EQUIV    0.00              0.00    0.00     0.00
SINCE 7/1         0.0               0.0     0.0      0.0
 LIQUID 7/1      0.00              0.00    0.00     0.00
SNOWDEPTH AVG.      0                MM      MM        0
DAYS >= TRACE       0               0.0     0.0        0
DAYS >= 1.0         0               0.0     0.0        0
GREATEST
 SNOW DEPTH         0   MM                             0  MM
 24 HR TOTAL      0.0   08/31 TO 08/31           08/31 TO 08/31

DEGREE_DAYS
HEATING TOTAL       8                16      -8        0
 SINCE 7/1          0                 4      -4        0
COOLING TOTAL    1211              1136      75     1278
 SINCE 1/1       1279              1246      33     1542
.................................................................

WIND (MPH)
AVERAGE WIND SPEED              11.4
RESULTANT WIND SPEED/DIRECTION   7/159
HIGHEST WIND SPEED/DIRECTION    44/350    DATE  08/13
HIGHEST GUST SPEED/DIRECTION    64/350    DATE  08/13

SKY COVER
POSSIBLE SUNSHINE (PERCENT)   MM
AVERAGE SKY COVER           0.10
NUMBER OF DAYS FAIR           78
NUMBER OF DAYS PC             14
NUMBER OF DAYS CLOUDY          0

AVERAGE RH (PERCENT)     63

WEATHER CONDITIONS. NUMBER OF DAYS WITH
THUNDERSTORM             32     MIXED PRECIP                0
HEAVY RAIN               13     RAIN                       17
LIGHT RAIN               39     FREEZING RAIN               0
LT FREEZING RAIN          0     HAIL                        0
HEAVY SNOW                0     SNOW                        0
LIGHT SNOW                0     SLEET                       0
FOG                      52     FOG W/VIS <= 1/4 MILE       3
HAZE                     60     BLOWING SNOW                0
TORNADO                   0

-  INDICATES NEGATIVE NUMBERS.
R  INDICATES RECORD WAS SET OR TIED.
MM INDICATES DATA IS MISSING.
T  INDICATES TRACE AMOUNT.

$$
