565
CXUS51 KALY 021402
CLSDDH

CLIMATE REPORT
NATIONAL WEATHER SERVICE ALBANY NY
953 AM EDT MON SEP 2 2019

...................................

...THE BENNINGTON VT CLIMATE SUMMARY FOR THE SEASON, FROM
6/1/2019 TO 8/31/2019...

CLIMATE NORMAL PERIOD 1981 TO 2010
CLIMATE RECORD PERIOD 9999 TO 9999

WEATHER         OBSERVED          NORMAL  DEPART  LAST YEAR`S
                 VALUE   DATE(S)  VALUE   FROM    VALUE  DATE(S)
                                          NORMAL
................................................................
TEMPERATURE (F)
HIGHEST            90   07/30                         MM  MM
LOWEST             36   06/04                         MM  MM
AVG. MAXIMUM     79.4              77.4     2.0       MM
AVG. MINIMUM     54.9              54.9     0.0       MM
MEAN             67.2              66.1     1.1       MM
DAYS MAX >= 90      1               1.1    -0.1       MM
DAYS MAX <= 32      0               0.0     0.0       MM
DAYS MIN <= 32      0               0.2    -0.2       MM
DAYS MIN <= 0       0               0.0     0.0       MM

PRECIPITATION (INCHES)
TOTALS          13.42             12.47    0.95       MM
DAILY AVG.       0.15              0.14    0.01       MM
DAYS >= .01        40                                 MM
DAYS >= .10        24                                 MM
DAYS >= .50        10                                 MM
DAYS >= 1.00        4                                 MM
GREATEST
 24 HR. TOTAL    1.60   08/22 TO 08/22

DEGREE_DAYS
HEATING TOTAL     120               169     -49
 SINCE 7/1         35                72     -37
COOLING TOTAL     345               274      71
 SINCE 1/1        351               288      63

FREEZE DATES
EARLIEST                        10/01
LATEST                          05/10
.................................................................

WIND (MPH)
AVERAGE WIND SPEED              3.4
HIGHEST WIND SPEED/DIRECTION    32/250    DATE  08/18
HIGHEST GUST SPEED/DIRECTION    50/090    DATE  08/12


WEATHER CONDITIONS. NUMBER OF DAYS WITH
THUNDERSTORM             16     MIXED PRECIP               0
HEAVY RAIN               15     RAIN                      19
LIGHT RAIN               47     FREEZING RAIN              0
LT FREEZING RAIN          0     HAIL                       0
HEAVY SNOW                0     SNOW                       0
LIGHT SNOW                0     SLEET                      0
FOG                      59     FOG W/VIS <= 1/4 MILE     17
HAZE                      3

-  INDICATES NEGATIVE NUMBERS.
R  INDICATES RECORD WAS SET OR TIED.
MM INDICATES DATA IS MISSING.
T  INDICATES TRACE AMOUNT.

$$
