000
CXUS51 KALY 010702
CLSDDH

CLIMATE REPORT
NATIONAL WEATHER SERVICE ALBANY NY
152 AM EST SUN MAR 1 2020

...................................

...THE BENNINGTON VT CLIMATE SUMMARY FOR THE SEASON, FROM
12/1/2019 TO 2/29/2020...

CLIMATE NORMAL PERIOD 1981 TO 2010
CLIMATE RECORD PERIOD 9999 TO 9999

WEATHER         OBSERVED          NORMAL  DEPART  LAST YEAR`S
                 VALUE   DATE(S)  VALUE   FROM    VALUE  DATE(S)
                                          NORMAL
................................................................
TEMPERATURE (F)
HIGHEST            66   01/12                         63  02/04
LOWEST             -9   02/15                        -12  01/22
AVG. MAXIMUM     37.3              33.7     3.6     34.7
AVG. MINIMUM     19.4              15.5     3.9     16.4
MEAN             28.3              24.6     3.7     25.6
DAYS MAX >= 90      0               0.0     0.0        0
DAYS MAX <= 32     26              40.1   -14.1       41
DAYS MIN <= 32     79              83.0    -4.0       80
DAYS MIN <= 0       8              10.2    -2.2        8

PRECIPITATION (INCHES)
TOTALS           7.45              7.78   -0.33     7.26
DAILY AVG.       0.08              0.09   -0.01     0.08
DAYS >= .01        36                                 35
DAYS >= .10        21                                 19
DAYS >= .50         4                                  5
DAYS >= 1.00        0                                  0
GREATEST
 24 HR. TOTAL    0.75   02/07 TO 02/07
                        12/01 TO 12/01

DEGREE_DAYS
HEATING TOTAL    3306              3638    -332     3286
 SINCE 7/1       4888              5288    -400     4791
COOLING TOTAL       0                 0       0        0
 SINCE 1/1          0                 0       0        0

FREEZE DATES
EARLIEST                        10/01
LATEST                          05/10
.................................................................

WIND (MPH)
AVERAGE WIND SPEED              5.2
HIGHEST WIND SPEED/DIRECTION    40/190    DATE  12/09
HIGHEST GUST SPEED/DIRECTION    62/190    DATE  12/09


WEATHER CONDITIONS. NUMBER OF DAYS WITH
THUNDERSTORM              1     MIXED PRECIP               0
HEAVY RAIN                2     RAIN                       8
LIGHT RAIN               24     FREEZING RAIN              1
LT FREEZING RAIN          1     HAIL                       0
HEAVY SNOW                5     SNOW                      12
LIGHT SNOW               46     SLEET                      1
FOG                      45     FOG W/VIS <= 1/4 MILE      9
HAZE                     23

-  INDICATES NEGATIVE NUMBERS.
R  INDICATES RECORD WAS SET OR TIED.
MM INDICATES DATA IS MISSING.
T  INDICATES TRACE AMOUNT.

$$
