000
CXUS53 KDVN 011155
CLSDVN


CLIMATE REPORT
NATIONAL WEATHER SERVICE QUAD CITIES IA IL
643 AM CDT SUN SEP 1 2019

...................................

...THE DAVENPORT IA CLIMATE SUMMARY FOR THE SEASON, FROM
6/1/2019 TO 8/31/2019...

CLIMATE NORMAL PERIOD 1981 TO 2010
CLIMATE RECORD PERIOD 9999 TO 9999

WEATHER         OBSERVED          NORMAL  DEPART
                 VALUE   DATE(S)  VALUE   FROM
                                          NORMAL
................................................
TEMPERATURE (F)
HIGHEST            94   07/20        84      10
                        07/19
LOWEST             51   06/13        55      -4
AVG. MAXIMUM     83.2              82.0     1.2
AVG. MINIMUM     63.2              61.1     2.1
MEAN             73.2              71.6     1.6
DAYS MAX >= 90     13
DAYS MAX <= 32      0
DAYS MIN <= 32      0
DAYS MIN <= 0       0

PRECIPITATION (INCHES)
TOTALS           9.49             13.01   -3.52
DAILY AVG.       0.10              0.14   -0.04
DAYS >= .01        32
DAYS >= .10        24
DAYS >= .50         8
DAYS >= 1.00        1
GREATEST
 24 HR. TOTAL    1.47   06/15 TO 06/15

SNOWFALL (INCHES)
TOTALS            0.0
SINCE 7/1         0.0
SNOWDEPTH AVG.      0
DAYS >= TRACE       0
DAYS >= 1.0         0
GREATEST
 SNOW DEPTH         0
 24 HR TOTAL      0.0

DEGREE_DAYS
HEATING TOTAL      10                39     -29
 SINCE 7/1          2                14     -12
COOLING TOTAL     792               643     149
 SINCE 1/1        840               704     136
.................................................

WIND (MPH)
AVERAGE WIND SPEED              7.7
HIGHEST WIND SPEED/DIRECTION    36/010    DATE  06/30
HIGHEST GUST SPEED/DIRECTION    52/020    DATE  06/30

SKY COVER
AVERAGE SKY COVER           0.20
NUMBER OF DAYS FAIR           64
NUMBER OF DAYS PC             22
NUMBER OF DAYS CLOUDY          6

AVERAGE RH (PERCENT)     69

WEATHER CONDITIONS. NUMBER OF DAYS WITH
THUNDERSTORM             23     HAIL                       0
SLEET                     0     FOG                       38
FOG W/VIS <= 1/4 MILE     4     HAZE                      10

-  INDICATES NEGATIVE NUMBERS.
R  INDICATES RECORD WAS SET OR TIED.
MM INDICATES DATA IS MISSING.
T  INDICATES TRACE AMOUNT.

$$
