000
CXUS51 KRLX 020020
CLSEKN

CLIMATE REPORT
NATIONAL WEATHER SERVICE CHARLESTON WV
820 PM EDT TUE SEP 01 2020

...................................

...THE ELKINS WV CLIMATE SUMMARY FOR THE SEASON, FROM
6/1/2020 TO 8/31/2020...

CLIMATE NORMAL PERIOD: 1981 TO 2010
CLIMATE RECORD PERIOD: 1899 TO 2020

WEATHER         OBSERVED          NORMAL  DEPART   LAST YEAR`S
                VALUE   DATE(S)   VALUE   FROM     VALUE
                                          NORMAL
..............................................................
TEMPERATURE (F)
RECORD
 HIGH             99   07/16/1988
                       08/06/1918
 LOW               0   06/30/2012
HIGHEST           92   07/07                          92
                       06/09
LOWEST            36   06/01                          41
AVG. MAXIMUM    82.5               79.7     2.8     82.0
AVG. MINIMUM    59.9               57.2     2.7     59.1
MEAN            71.2               68.5     2.7     70.6
DAYS MAX >= 90     9                2.2     6.8        4
DAYS MAX <= 32     0                0.0     0.0        0
DAYS MAX >= 80    69                                  MM
DAYS MIN <= 32     0                0.0     0.0        0
DAYS MIN <= 0      0                0.0     0.0        0
DAYS MIN <= 10     0                                  MM
DAYS MIN <= -5     0                                  MM

PRECIPITATION (INCHES)
RECORD
 MAXIMUM       23.63   1907
 MINIMUM        5.60   1999
TOTALS         21.68              13.60    8.08    17.04
DAILY AVG.      0.23               0.15    0.08     0.18
DAYS >= .01       48               42.0     6.0       44
DAYS >= .10       37               26.1    10.9       31
DAYS >= .50       15                9.4     5.6       11
DAYS >= 1.00       7                2.9     4.1        4
GREATEST
 24 HR. TOTAL   3.05   07/30 TO 07/31               1.98

SNOWFALL (INCHES)
RECORDS
 TOTAL            MM   MM
 24 HR TOTAL      MM
TOTALS           0.0                0.0     0.0      0.0
SINCE 7/1        0.0                0.0     0.0       MM
DAYS >= TRACE      0                0.0     0.0        0
DAYS >= 1.0        0                0.0     0.0        0
DAYS >= 3.0        0                                  MM
GREATEST
 SNOW DEPTH        0                                   0
 24 HR TOTAL     0.0                                 0.0

DEGREE DAYS
HEATING TOTAL     25                 84     -59       46
 SINCE 7/1         0                 28     -28        7
COOLING TOTAL    627                404     223      588
 SINCE 1/1       682                426     256      671
..............................................................

WIND (MPH)
AVERAGE WIND SPEED              2.9
HIGHEST WIND SPEED/DIRECTION    26/290    DATE  07/22
HIGHEST GUST SPEED/DIRECTION    38/280    DATE  07/22

SKY COVER
POSSIBLE SUNSHINE (PERCENT)   MM
AVERAGE SKY COVER           0.49
NUMBER OF DAYS FAIR           25
NUMBER OF DAYS PC             56
NUMBER OF DAYS CLOUDY         11

AVERAGE RH (PERCENT)     70

WEATHER CONDITIONS. NUMBER OF DAYS WITH
THUNDERSTORM             34     MIXED PRECIP               0
HEAVY RAIN               32     RAIN                      36
LIGHT RAIN               55     FREEZING RAIN              0
LT FREEZING RAIN          0     HAIL                       0
HEAVY SNOW                0     SNOW                       0
LIGHT SNOW                0     SLEET                      0
FOG                      80     FOG W/VIS <= 1/4 MILE     45
HAZE                     15

-  INDICATES NEGATIVE NUMBERS.
R  INDICATES RECORD WAS SET OR TIED.
MM INDICATES DATA IS MISSING.
T  INDICATES TRACE AMOUNT.

$$
