000
CXUS51 KRLX 011539
CLSEKN


CLIMATE REPORT
NATIONAL WEATHER SERVICE CHARLESTON WV
1137 AM EDT SUN SEP 1 2019

...................................

...THE ELKINS WV CLIMATE SUMMARY FOR THE SEASON, FROM
6/1/2019 TO 8/31/2019...

CLIMATE NORMAL PERIOD 1981 TO 2010
CLIMATE RECORD PERIOD 1899 TO 2019

WEATHER         OBSERVED          NORMAL  DEPART  LAST YEAR`S
                 VALUE   DATE(S)  VALUE   FROM    VALUE
                                          NORMAL
.............................................................
TEMPERATURE (F)
RECORD
 HIGH              99   07/16/1988
                        08/06/1918
 LOW                0   06/30/2012
HIGHEST            92   07/21                         91
                        07/20
LOWEST             41   06/04                         45
AVG. MAXIMUM     82.0              79.7     2.3     81.0
AVG. MINIMUM     59.1              57.2     1.9     59.1
MEAN             70.6              68.5     2.1     70.1
DAYS MAX >= 90      4               2.2     1.8        3
DAYS MAX <= 32      0               0.0     0.0        0
DAYS MIN <= 32      0               0.0     0.0        0
DAYS MIN <= 0       0               0.0     0.0        0

PRECIPITATION (INCHES)
RECORD
 MAXIMUM        23.63   1907
 MINIMUM         5.60   1999
TOTALS          17.04             13.60    3.44    19.39
DAILY AVG.       0.18              0.15    0.03     0.21
DAYS >= .01        44              42.0     2.0       48
DAYS >= .10        31              26.1     4.9       35
DAYS >= .50        11               9.4     1.6       13
DAYS >= 1.00        4               2.9     1.1        6
GREATEST
 24 HR. TOTAL    1.98   MM

SNOWFALL (INCHES)
RECORDS
 TOTAL             MM   5
 24 HR TOTAL       MM
TOTALS            0.0               0.0     0.0      0.0
SINCE 7/1         0.0               0.0     0.0      0.0
DAYS >= TRACE       0               0.0     0.0        0
DAYS >= 1.0         0               0.0     0.0        0
GREATEST
 24 HR TOTAL      0.0   MM

DEGREE_DAYS
HEATING TOTAL      46                84     -38       25
 SINCE 7/1          7                30     -23        4
COOLING TOTAL     588               404     184      507
 SINCE 1/1        671               426     245      625
..............................................................

WIND (MPH)
AVERAGE WIND SPEED              3.2
HIGHEST WIND SPEED/DIRECTION    31/260    DATE  06/13
HIGHEST GUST SPEED/DIRECTION    43/260    DATE  06/13

SKY COVER
POSSIBLE SUNSHINE (PERCENT)   MM
AVERAGE SKY COVER           0.40
NUMBER OF DAYS FAIR           36
NUMBER OF DAYS PC             50
NUMBER OF DAYS CLOUDY          6

AVERAGE RH (PERCENT)     71

-  INDICATES NEGATIVE NUMBERS.
R  INDICATES RECORD WAS SET OR TIED.
MM INDICATES DATA IS MISSING.
T  INDICATES TRACE AMOUNT.

$$
