713
CXUS55 KLKN 030954
CLSEKO


CLIMATE REPORT
NATIONAL WEATHER SERVICE ELKO NV
233 AM PDT TUE SEP 3 2019

...................................

...THE ELKO AIRPORT NV CLIMATE SUMMARY FOR THE SEASON, FROM
6/1/2019 TO 8/31/2019...

CLIMATE NORMAL PERIOD 1981 TO 2010
CLIMATE RECORD PERIOD 1888 TO 2019

WEATHER         OBSERVED          NORMAL  DEPART  LAST YEAR`S
                 VALUE   DATE(S)  VALUE   FROM    VALUE
                                          NORMAL
.............................................................
TEMPERATURE (F)
RECORD
 HIGH             107   07/04/1981
                        08/04/1978
                        07/24/1890
 LOW               12   06/06/1914
HIGHEST            99   08/04       100      -1      103
LOWEST             34   06/08        31       3       36
AVG. MAXIMUM     87.9              86.4     1.5     91.0
AVG. MINIMUM     49.2              47.5     1.7     51.0
MEAN             68.5              66.9     1.6     71.0
DAYS MAX >= 90     45              35.9     9.1       54
DAYS MAX <= 32      0               0.0     0.0        0
DAYS MIN <= 32      0               1.3    -1.3        0
DAYS MIN <= 0       0               0.0     0.0        0

PRECIPITATION (INCHES)
RECORD
 MAXIMUM         6.38   1970
 MINIMUM         0.00   1919
TOTALS           0.22              1.39   -1.17     0.34
DAILY AVG.       0.00              0.02   -0.02     0.00
DAYS >= .01         5              11.6    -6.6        4
DAYS >= .10         1               4.1    -3.1        1
DAYS >= .50         0               0.4    -0.4        0
DAYS >= 1.00        0               0.0     0.0        0

SNOWFALL (INCHES)
RECORDS
 TOTAL            1.7   1914
TOTALS            0.0               0.0     0.0      0.0
DAYS >= 1.0         0               0.0     0.0        0

DEGREE_DAYS
HEATING TOTAL     103               182     -79       75
COOLING TOTAL     456               358      98      653
..............................................................

WIND (MPH)
AVERAGE WIND SPEED              5.5
HIGHEST WIND SPEED/DIRECTION    37/250    DATE  06/06
HIGHEST GUST SPEED/DIRECTION    44/250    DATE  06/06

AVERAGE RH (PERCENT)     41

WEATHER CONDITIONS. NUMBER OF DAYS WITH
THUNDERSTORM             14     MIXED PRECIP               0
HEAVY RAIN                0     RAIN                       0
LIGHT RAIN               10     FREEZING RAIN              0
LT FREEZING RAIN          0     HAIL                       0
HEAVY SNOW                0     SNOW                       0
LIGHT SNOW                0     SLEET                      0
FOG                       3     FOG W/VIS <= 1/4 MILE      1
HAZE                      3

-  INDICATES NEGATIVE NUMBERS.
R  INDICATES RECORD WAS SET OR TIED.
MM INDICATES DATA IS MISSING.
T  INDICATES TRACE AMOUNT.

$$

=====================================================================

...4TH DRIEST METEOROLOGICAL SUMMER ON RECORD IN ELKO...

$$
DP
