000
CXUS55 KLKN 122219
CLSEKO


CLIMATE REPORT
NATIONAL WEATHER SERVICE ELKO NV
214 PM PST THU DEC 12 2019

...................................

...THE ELKO AIRPORT NV CLIMATE SUMMARY FOR THE SEASON, FROM
9/1/2019 TO 11/30/2019...

CLIMATE NORMAL PERIOD 1981 TO 2010
CLIMATE RECORD PERIOD 1888 TO 2019

WEATHER         OBSERVED          NORMAL  DEPART  LAST YEAR`S
                 VALUE   DATE(S)  VALUE   FROM    VALUE
                                          NORMAL
.............................................................
TEMPERATURE (F)
RECORD
 HIGH             100   09/04/2017
 LOW              -16   11/29/1896
HIGHEST            97   09/01        92       5       92
LOWEST              4   10/30         4       0        5
AVG. MAXIMUM     63.3              63.7    -0.4     65.5
AVG. MINIMUM     28.5              29.7    -1.2     29.1
MEAN             45.9              46.7    -0.8     47.3
DAYS MAX >= 90      6               2.0     4.0        3
DAYS MAX <= 32      1               2.2    -1.2        0
DAYS MIN <= 32     63              52.2    10.8       50
DAYS MIN <= 0       0               0.7    -0.7        0

PRECIPITATION (INCHES)
RECORD
 MAXIMUM         5.73   1900
 MINIMUM         0.45   1933
TOTALS           2.74              2.43    0.31     1.81
DAILY AVG.       0.03              0.03    0.00     0.02
DAYS >= .01        19              17.3     1.7       12
DAYS >= .10         6               7.8    -1.8        7
DAYS >= .50         2               1.0     1.0        0
DAYS >= 1.00        1               0.0     1.0        0

SNOWFALL (INCHES)
RECORDS
 TOTAL           20.0   1930
TOTALS            2.9               5.7    -2.8      2.2
DAYS >= 1.0         1               2.2    -1.2        1

DEGREE_DAYS
HEATING TOTAL    1768              1686      82     1614
COOLING TOTAL      47                21      26       24
..............................................................

WIND (MPH)
AVERAGE WIND SPEED              5.1
HIGHEST WIND SPEED/DIRECTION    38/170    DATE  11/26
HIGHEST GUST SPEED/DIRECTION    55/170    DATE  11/26

AVERAGE RH (PERCENT)     50

WEATHER CONDITIONS. NUMBER OF DAYS WITH
THUNDERSTORM              3     MIXED PRECIP               0
HEAVY RAIN                2     RAIN                       6
LIGHT RAIN               15     FREEZING RAIN              0
LT FREEZING RAIN          0     HAIL                       0
HEAVY SNOW                0     SNOW                       2
LIGHT SNOW               13     SLEET                      0
FOG                      14     FOG W/VIS <= 1/4 MILE      0
HAZE                     14

-  INDICATES NEGATIVE NUMBERS.
R  INDICATES RECORD WAS SET OR TIED.
MM INDICATES DATA IS MISSING.
T  INDICATES TRACE AMOUNT.

&&
==============================================================

...35TH COOLEST METEOROLOGICAL FALL ON RECORD IN ELKO...
...29TH WETTEST METEOROLOGICAL FALL ON RECORD IN ELKO...
...53RD LEAST SNOWY METEOROLOGICAL FALL ON RECORD IN ELKO...

THE AVERAGE TEMPERATURE IN ELKO DURING METEOROLOGICAL FALL
(SEP-NOV) 2019 WAS 45.9 DEGREES...WHICH IS 0.8 DEGREES BELOW
THE 1981-2010 CLIMATOLOGICAL NORMAL 46.7 DEGREES. THIS MAKES
METEOROLOGICAL FALL 2019 THE 35TH COOLEST ON RECORD.
THE TOTAL PRECIPITATION WAS 2.74 INCHES...WHICH IS 0.31 INCHES
ABOVE OR 113 PERCENT OF THE 1981-2010 CLIMATOLOGICAL NORMAL
OF 2.43 INCHES. THIS MAKES FALL 2019 THE 29TH WETTEST ON RECORD.
THE TOTAL SNOWFALL WAS 2.9 INCHES...WHICH IS 2.8 INCHES BELOW OR
51 PERCENT OF THE 1981-2010 CLIMATOLOGICAL NORMAL OF 5.7 INCHES.
THIS MAKES FALL 2019 THE 53RD LEAST SNOWY ON RECORD.

$$
DTK
