000
CXUS55 KLKN 122219
CLSELY


CLIMATE REPORT
NATIONAL WEATHER SERVICE ELKO NV
214 PM PST THU DEC 12 2019

...................................

...THE ELY AIRPORT NV CLIMATE SUMMARY FOR THE SEASON, FROM
9/1/2019 TO 11/30/2019...

CLIMATE NORMAL PERIOD 1981 TO 2010
CLIMATE RECORD PERIOD 1893 TO 2019

WEATHER         OBSERVED          NORMAL  DEPART  LAST YEAR`S
                 VALUE   DATE(S)  VALUE   FROM    VALUE
                                          NORMAL
.............................................................
TEMPERATURE (F)
RECORD
 HIGH              93   09/05/2017
                        09/12/1990
                        09/03/1950
 LOW              -20   11/25/2010
HIGHEST            92   09/04        88       4       88
                        09/01
LOWEST             -7   10/30                -6        3
AVG. MAXIMUM     63.0              62.3     0.7     64.0
AVG. MINIMUM     25.2              28.2    -3.0     28.1
MEAN             44.1              45.2    -1.1     46.0
DAYS MAX >= 90      2               0.2     1.8        0
DAYS MAX <= 32      5               2.4     2.6        0
DAYS MIN <= 32     69              56.8    12.2       57
DAYS MIN <= 0       1               1.4    -0.4        0

PRECIPITATION (INCHES)
RECORD
 MAXIMUM         7.30   1982
 MINIMUM         0.35   1893
TOTALS           1.89              2.53   -0.64     1.86
DAILY AVG.          T              0.03   -0.03     0.02
DAYS >= .01        11              16.0    -5.0       14
DAYS >= .10         5               7.1    -2.1        7
DAYS >= .50         1               1.0     0.0        1
DAYS >= 1.00        0               0.1    -0.1        0

SNOWFALL (INCHES)
RECORDS
 TOTAL           26.0   1985
TOTALS           10.7               9.5     1.2      4.4
DAYS >= 1.0         3               3.0     0.0        2
GREATEST
 SNOW DEPTH        11   11/29                          1

DEGREE_DAYS
HEATING TOTAL    1901              1805      96     1714
COOLING TOTAL      22                 6      16        9
..............................................................

WIND (MPH)
AVERAGE WIND SPEED              9.1
HIGHEST WIND SPEED/DIRECTION    41/170    DATE  11/27
HIGHEST GUST SPEED/DIRECTION    51/170    DATE  11/27

AVERAGE RH (PERCENT)     43

WEATHER CONDITIONS. NUMBER OF DAYS WITH
THUNDERSTORM              7     MIXED PRECIP               0
HEAVY RAIN                1     RAIN                       1
LIGHT RAIN                9     FREEZING RAIN              0
LT FREEZING RAIN          0     HAIL                       0
HEAVY SNOW                1     SNOW                       5
LIGHT SNOW               10     SLEET                      0
FOG                       8     FOG W/VIS <= 1/4 MILE      1
HAZE                      4

-  INDICATES NEGATIVE NUMBERS.
R  INDICATES RECORD WAS SET OR TIED.
MM INDICATES DATA IS MISSING.
T  INDICATES TRACE AMOUNT.

&&
==============================================================

...19TH COLDEST METEOROLOGICAL FALL ON RECORD IN ELY...
...42ND DRIEST METEOROLOGICAL FALL ON RECORD IN ELY...
...27TH SNOWIEST METEOROLOGICAL FALL ON RECORD IN ELY...

THE AVERAGE TEMPERATURE IN ELY DURING METEOROLOGICAL FALL
(SEP-NOV) 2019 WAS 44.1 DEGREES...WHICH IS 1.1 DEGREES BELOW THE
1981-2010 CLIMATOLOGICAL NORMAL 45.2 DEGREES. THIS MAKES
METEOROLOGICAL FALL 2019 THE 19TH COLDEST ON RECORD.
THE TOTAL PRECIPITATION WAS 1.89 INCHES...WHICH IS 0.64 INCHES
BELOW OR 75 PERCENT OF THE 1981-2010 CLIMATOLOGICAL NORMAL OF
2.53 INCHES. THIS MAKES FALL 2019 THE 42ND DRIEST ON RECORD.
THE TOTAL SNOWFALL WAS 10.7 INCHES...WHICH IS 1.2 INCHES ABOVE OR
113 PERCENT OF THE 1981-2010 CLIMATOLOGICAL NORMAL OF 9.5 INCHES.
THIS MAKES FALL 2019 THE 27TH SNOWIEST ON RECORD.

$$
DTK
