000
CXUS55 KLKN 030954
CLSELY


CLIMATE REPORT
NATIONAL WEATHER SERVICE ELKO NV
233 AM PDT TUE SEP 3 2019

...................................

...THE ELY AIRPORT NV CLIMATE SUMMARY FOR THE SEASON, FROM
6/1/2019 TO 8/31/2019...

CLIMATE NORMAL PERIOD 1981 TO 2010
CLIMATE RECORD PERIOD 1893 TO 2019

WEATHER         OBSERVED          NORMAL  DEPART  LAST YEAR`S
                 VALUE   DATE(S)  VALUE   FROM    VALUE
                                          NORMAL
.............................................................
TEMPERATURE (F)
RECORD
 HIGH             101   07/12/2002
                        07/18/1998
 LOW               18   06/14/1976
HIGHEST            95   07/22        96      -1       96
LOWEST             27   06/22        28      -1       32
AVG. MAXIMUM     84.8              84.0     0.8     88.2
AVG. MINIMUM     45.0              45.4    -0.4     47.3
MEAN             64.9              64.7     0.2     67.8
DAYS MAX >= 90     34              19.7    14.3       39
DAYS MAX <= 32      0               0.0     0.0        0
DAYS MIN <= 32      3               2.9     0.1        2
DAYS MIN <= 0       0               0.0     0.0        0

PRECIPITATION (INCHES)
RECORD
 MAXIMUM         4.88   1983
 MINIMUM         0.31   1974
TOTALS           0.72              2.21   -1.49     1.38
DAILY AVG.       0.01              0.02   -0.01     0.02
DAYS >= .01         8              16.0    -8.0       14
DAYS >= .10         3               6.3    -3.3        4
DAYS >= .50         0               1.0    -1.0        0
DAYS >= 1.00        0               0.2    -0.2        0

SNOWFALL (INCHES)
RECORDS
 TOTAL            1.7   1955
TOTALS            0.0               0.1    -0.1      0.0
DAYS >= 1.0         0               0.0     0.0        0
GREATEST
 SNOW DEPTH         0   MM                             0

DEGREE_DAYS
HEATING TOTAL     207               239     -32       95
COOLING TOTAL     227               211      16      372
..............................................................

WIND (MPH)
AVERAGE WIND SPEED              9.4
HIGHEST WIND SPEED/DIRECTION    48/210    DATE  06/06
HIGHEST GUST SPEED/DIRECTION    60/210    DATE  06/06

AVERAGE RH (PERCENT)     38

WEATHER CONDITIONS. NUMBER OF DAYS WITH
THUNDERSTORM             16     MIXED PRECIP               0
HEAVY RAIN                1     RAIN                       3
LIGHT RAIN               18     FREEZING RAIN              0
LT FREEZING RAIN          0     HAIL                       0
HEAVY SNOW                0     SNOW                       0
LIGHT SNOW                0     SLEET                      0
FOG                       2     FOG W/VIS <= 1/4 MILE      0
HAZE                      4

-  INDICATES NEGATIVE NUMBERS.
R  INDICATES RECORD WAS SET OR TIED.
MM INDICATES DATA IS MISSING.
T  INDICATES TRACE AMOUNT.

$$

=====================================================================

...A RECORD DAILY MAXIMUM TEMPERATURE OF 93 WAS TIED ON AUGUST 15TH...
...A RECORD DAILY MAXIMUM TEMPERATURE OF 92 WAS TIED ON AUGUST 31ST...

$$
DP
